{"id":18908,"date":"2025-07-16T11:10:21","date_gmt":"2025-07-16T09:10:21","guid":{"rendered":"https:\/\/uj.adatbank.ro\/lexikon\/termek\/rado-ferenc\/"},"modified":"2025-07-16T11:10:21","modified_gmt":"2025-07-16T09:10:21","slug":"rado-ferenc","status":"publish","type":"product","link":"https:\/\/uj.adatbank.ro\/lexikon\/termek\/rado-ferenc\/","title":{"rendered":"RAD\u00d3 Ferenc"},"content":{"rendered":"<p>? \u2020\u00a0?: tan\u00edt\u00f3. \u2013 Az I. vh.-ban (1915. m\u00e1j.\u201319. febr.) a 30. gy.ezredben szolg\u00e1lt, az orosz harct\u00e9ren volt szakaszparancsnok, hadnagy. \u2013 <strong>F. m.:<\/strong> Spitz: Egy hadikutya kalandjai a nagy h\u00e1bor\u00faban1. r\u00e9sz. (Tg.M., 1936); A r\u00f3zsateny\u00e9szt\u00e9s elemi szab\u00e1lyai (Z. Horv\u00e1th G\u00e1borra; Tg. M., 1939); A rovarvil\u00e1g \u00e9let-hal\u00e1l harca: P\u00f3k Miki meg az atyafis\u00e1ga. 4. k\u00f6t. (Mv., \u00e9.n.). Mindk\u00e9t munk\u00e1ja a MMK \u00e1llom\u00e1ny\u00e1ban tal\u00e1lhat\u00f3, A r\u00f3zsateny\u00e9szt\u00e9s dedik\u00e1ci\u00f3ja: Kohn Ilon\u00e1nak igaz nagyrabecs\u00fcl\u00e9se jel\u00e9\u00fcl&#8230; <br \/><strong>Irod.:<\/strong> F\u00fcl\u00f6p\u2013Ferencz; M. hadviselt zsid\u00f3k; Valentiny 1937<\/br><\/p>\n","protected":false},"excerpt":{"rendered":"<p>? \u2020\u00a0?: tan\u00edt\u00f3. \u2013 Az I. vh.-ban (1915. m\u00e1j.\u201319. febr.) a 30. gy.ezredben szolg\u00e1lt, az orosz harct\u00e9ren volt szakaszparancsnok, hadnagy. \u2013 F. m.: Spitz: Egy hadikutya kalandjai a nagy h\u00e1bor\u00faban1. r\u00e9sz. (Tg.M., 1936); A r\u00f3zsateny\u00e9szt\u00e9s elemi szab\u00e1lyai (Z. Horv\u00e1th G\u00e1borra; Tg. M., 1939); A rovarvil\u00e1g \u00e9let-hal\u00e1l harca: P\u00f3k Miki meg az atyafis\u00e1ga. 4. k\u00f6t. (Mv., [&hellip;]<\/p>\n","protected":false},"featured_media":0,"comment_status":"open","ping_status":"closed","template":"","meta":[],"product_brand":[],"product_cat":[137],"product_tag":[],"class_list":{"0":"post-18908","1":"product","2":"type-product","3":"status-publish","5":"product_cat-maros-megyei-eletrajzi-lexikon","7":"first","8":"instock","9":"shipping-taxable","10":"product-type-simple"},"_links":{"self":[{"href":"https:\/\/uj.adatbank.ro\/lexikon\/wp-json\/wp\/v2\/product\/18908","targetHints":{"allow":["GET"]}}],"collection":[{"href":"https:\/\/uj.adatbank.ro\/lexikon\/wp-json\/wp\/v2\/product"}],"about":[{"href":"https:\/\/uj.adatbank.ro\/lexikon\/wp-json\/wp\/v2\/types\/product"}],"replies":[{"embeddable":true,"href":"https:\/\/uj.adatbank.ro\/lexikon\/wp-json\/wp\/v2\/comments?post=18908"}],"wp:attachment":[{"href":"https:\/\/uj.adatbank.ro\/lexikon\/wp-json\/wp\/v2\/media?parent=18908"}],"wp:term":[{"taxonomy":"product_brand","embeddable":true,"href":"https:\/\/uj.adatbank.ro\/lexikon\/wp-json\/wp\/v2\/product_brand?post=18908"},{"taxonomy":"product_cat","embeddable":true,"href":"https:\/\/uj.adatbank.ro\/lexikon\/wp-json\/wp\/v2\/product_cat?post=18908"},{"taxonomy":"product_tag","embeddable":true,"href":"https:\/\/uj.adatbank.ro\/lexikon\/wp-json\/wp\/v2\/product_tag?post=18908"}],"curies":[{"name":"wp","href":"https:\/\/api.w.org\/{rel}","templated":true}]}}

RADÓ Ferenc

<p>? † ?: tanító. – Az I. vh.-ban (1915. máj.–19. febr.) a 30. gy.ezredben szolgált, az orosz harctéren volt szakaszparancsnok, hadnagy. – <strong>F. m.:</strong> Spitz: Egy hadikutya kalandjai a nagy háborúban1. rész. (Tg.M., 1936); A rózsatenyésztés elemi szabályai (Z. Horváth Gáborra; Tg. M., 1939); A rovarvilág élet-halál harca: Pók Miki meg az atyafisága. 4. köt. (Mv., é.n.). Mindkét munkája a MMK állományában található, A rózsatenyésztés dedikációja: Kohn Ilonának igaz nagyrabecsülése jeléül&#8230; <br /><strong>Irod.:</strong> Fülöp–Ferencz; M. hadviselt zsidók; Valentiny 1937</br></p>

<p>? † ?: tanító. – Az I. vh.-ban (1915. máj.–19. febr.) a 30. gy.ezredben szolgált, az orosz harctéren volt szakaszparancsnok, hadnagy. – F. m.: Spitz: Egy hadikutya kalandjai a nagy háborúban1. rész. (Tg.M., 1936); A rózsatenyésztés elemi szabályai (Z. Horváth Gáborra; Tg. M., 1939); A rovarvilág élet-halál harca: Pók Miki meg az atyafisága. 4. köt. (Mv., [&hellip;]</p>
