{"id":18909,"date":"2025-07-16T11:10:23","date_gmt":"2025-07-16T09:10:23","guid":{"rendered":"https:\/\/uj.adatbank.ro\/lexikon\/termek\/rado-imre\/"},"modified":"2025-07-16T11:10:23","modified_gmt":"2025-07-16T09:10:23","slug":"rado-imre","status":"publish","type":"product","link":"https:\/\/uj.adatbank.ro\/lexikon\/termek\/rado-imre\/","title":{"rendered":"RAD\u00d3 Imre"},"content":{"rendered":"<p>1885.,\u2020\u00a01944.: szerkeszt\u0151, pr\u00f3za \u00e9s dr\u00e1ma\u00edr\u00f3. \u2013 \u00dajraind\u00edtotta a kor\u00e1bban megsz\u00fcnt H\u00e9tf\u0151i H\u00edrek c. lapot (1931\u2013). Szerkesztette a D\u00e9li \u00dajs\u00e1got (1932); H\u00e9tf\u0151i Napl\u00f3t (1931\u201332), Erd\u00e9lyi D\u00e9li H\u00edrlapot (1933). Letart\u00f3ztatta \u00e9s megverte a Siguranta (1932). A M. \u00dajs\u00e1g\u00edr\u00f3k Sz\u00f6vets\u00e9ge tiltakozott. Tulajdonosa \u00e9s szerkeszt\u0151je a Szenz\u00e1ci\u00f3 c. lapnak (1935\u201337). &#8211;<strong>F. m.:<\/strong> Kat\u00f3 csillagot akar \u2026(Reg. Egy fejezetben; Tg.M., 1927) <br \/><strong>Irod.:<\/strong> Ferenczi 1929; Id\u0151t\u00e1r 3, Molter 3.; Poptamas-F\u00fcl\u00f6p<\/br><\/p>\n","protected":false},"excerpt":{"rendered":"<p>1885.,\u2020\u00a01944.: szerkeszt\u0151, pr\u00f3za \u00e9s dr\u00e1ma\u00edr\u00f3. \u2013 \u00dajraind\u00edtotta a kor\u00e1bban megsz\u00fcnt H\u00e9tf\u0151i H\u00edrek c. lapot (1931\u2013). Szerkesztette a D\u00e9li \u00dajs\u00e1got (1932); H\u00e9tf\u0151i Napl\u00f3t (1931\u201332), Erd\u00e9lyi D\u00e9li H\u00edrlapot (1933). Letart\u00f3ztatta \u00e9s megverte a Siguranta (1932). A M. \u00dajs\u00e1g\u00edr\u00f3k Sz\u00f6vets\u00e9ge tiltakozott. Tulajdonosa \u00e9s szerkeszt\u0151je a Szenz\u00e1ci\u00f3 c. lapnak (1935\u201337). &#8211;F. m.: Kat\u00f3 csillagot akar \u2026(Reg. Egy fejezetben; Tg.M., [&hellip;]<\/p>\n","protected":false},"featured_media":0,"comment_status":"open","ping_status":"closed","template":"","meta":[],"product_brand":[],"product_cat":[137],"product_tag":[],"class_list":{"0":"post-18909","1":"product","2":"type-product","3":"status-publish","5":"product_cat-maros-megyei-eletrajzi-lexikon","7":"first","8":"instock","9":"shipping-taxable","10":"product-type-simple"},"_links":{"self":[{"href":"https:\/\/uj.adatbank.ro\/lexikon\/wp-json\/wp\/v2\/product\/18909","targetHints":{"allow":["GET"]}}],"collection":[{"href":"https:\/\/uj.adatbank.ro\/lexikon\/wp-json\/wp\/v2\/product"}],"about":[{"href":"https:\/\/uj.adatbank.ro\/lexikon\/wp-json\/wp\/v2\/types\/product"}],"replies":[{"embeddable":true,"href":"https:\/\/uj.adatbank.ro\/lexikon\/wp-json\/wp\/v2\/comments?post=18909"}],"wp:attachment":[{"href":"https:\/\/uj.adatbank.ro\/lexikon\/wp-json\/wp\/v2\/media?parent=18909"}],"wp:term":[{"taxonomy":"product_brand","embeddable":true,"href":"https:\/\/uj.adatbank.ro\/lexikon\/wp-json\/wp\/v2\/product_brand?post=18909"},{"taxonomy":"product_cat","embeddable":true,"href":"https:\/\/uj.adatbank.ro\/lexikon\/wp-json\/wp\/v2\/product_cat?post=18909"},{"taxonomy":"product_tag","embeddable":true,"href":"https:\/\/uj.adatbank.ro\/lexikon\/wp-json\/wp\/v2\/product_tag?post=18909"}],"curies":[{"name":"wp","href":"https:\/\/api.w.org\/{rel}","templated":true}]}}

RADÓ Imre

<p>1885.,† 1944.: szerkesztő, próza és drámaíró. – Újraindította a korábban megszünt Hétfői Hírek c. lapot (1931–). Szerkesztette a Déli Újságot (1932); Hétfői Naplót (1931–32), Erdélyi Déli Hírlapot (1933). Letartóztatta és megverte a Siguranta (1932). A M. Újságírók Szövetsége tiltakozott. Tulajdonosa és szerkesztője a Szenzáció c. lapnak (1935–37). &#8211;<strong>F. m.:</strong> Kató csillagot akar …(Reg. Egy fejezetben; Tg.M., 1927) <br /><strong>Irod.:</strong> Ferenczi 1929; Időtár 3, Molter 3.; Poptamas-Fülöp</br></p>

<p>1885.,† 1944.: szerkesztő, próza és drámaíró. – Újraindította a korábban megszünt Hétfői Hírek c. lapot (1931–). Szerkesztette a Déli Újságot (1932); Hétfői Naplót (1931–32), Erdélyi Déli Hírlapot (1933). Letartóztatta és megverte a Siguranta (1932). A M. Újságírók Szövetsége tiltakozott. Tulajdonosa és szerkesztője a Szenzáció c. lapnak (1935–37). &#8211;F. m.: Kató csillagot akar …(Reg. Egy fejezetben; Tg.M., [&hellip;]</p>
