{"id":18912,"date":"2025-07-16T11:10:32","date_gmt":"2025-07-16T09:10:32","guid":{"rendered":"https:\/\/uj.adatbank.ro\/lexikon\/termek\/rado-katalin-%c2%a7-nagy-katalin-rado-kalmanne\/"},"modified":"2025-07-16T11:10:32","modified_gmt":"2025-07-16T09:10:32","slug":"rado-katalin-%c2%a7-nagy-katalin-rado-kalmanne","status":"publish","type":"product","link":"https:\/\/uj.adatbank.ro\/lexikon\/termek\/rado-katalin-%c2%a7-nagy-katalin-rado-kalmanne\/","title":{"rendered":"RAD\u00d3 Katalin, \u00a7 Nagy Katalin; Rad\u00f3 K\u00e1lm\u00e1nn\u00e9"},"content":{"rendered":"<p>1918., \u2020\u00a0Mv., 1999. dec. 21.\u00a0: \u00e9pit\u00e9szm\u00e9rn\u00f6k. \u2013 A mv.-i \u00c9pit\u00e9szeti L\u00edc. igazgat\u00f3ja (1961\u201373).. Mv.-i b\u00facs\u00faztat\u00f3 ut\u00e1n Kv.-on temett\u00e9k (1999. dec,27.). <br \/><strong>Irod.:<\/strong> Fodor S\u00e1ndor (S): Constantin Br\u00e2ncu\u015fi \u00c9p\u00edt\u00e9szeti Iskolak\u00f6zpont (K\u00f6zpont, 9. sz., 2010. m\u00e1rc. 3\u20139.); [Nekrol\u00f3g] (N\u00fa., 1999. dec. 24..)Szikszai<\/br><\/p>\n","protected":false},"excerpt":{"rendered":"<p>1918., \u2020\u00a0Mv., 1999. dec. 21.\u00a0: \u00e9pit\u00e9szm\u00e9rn\u00f6k. \u2013 A mv.-i \u00c9pit\u00e9szeti L\u00edc. igazgat\u00f3ja (1961\u201373).. Mv.-i b\u00facs\u00faztat\u00f3 ut\u00e1n Kv.-on temett\u00e9k (1999. dec,27.). Irod.: Fodor S\u00e1ndor (S): Constantin Br\u00e2ncu\u015fi \u00c9p\u00edt\u00e9szeti Iskolak\u00f6zpont (K\u00f6zpont, 9. sz., 2010. m\u00e1rc. 3\u20139.); [Nekrol\u00f3g] (N\u00fa., 1999. dec. 24..)Szikszai<\/p>\n","protected":false},"featured_media":0,"comment_status":"open","ping_status":"closed","template":"","meta":[],"product_brand":[],"product_cat":[137],"product_tag":[],"class_list":{"0":"post-18912","1":"product","2":"type-product","3":"status-publish","5":"product_cat-maros-megyei-eletrajzi-lexikon","7":"first","8":"instock","9":"shipping-taxable","10":"product-type-simple"},"_links":{"self":[{"href":"https:\/\/uj.adatbank.ro\/lexikon\/wp-json\/wp\/v2\/product\/18912","targetHints":{"allow":["GET"]}}],"collection":[{"href":"https:\/\/uj.adatbank.ro\/lexikon\/wp-json\/wp\/v2\/product"}],"about":[{"href":"https:\/\/uj.adatbank.ro\/lexikon\/wp-json\/wp\/v2\/types\/product"}],"replies":[{"embeddable":true,"href":"https:\/\/uj.adatbank.ro\/lexikon\/wp-json\/wp\/v2\/comments?post=18912"}],"wp:attachment":[{"href":"https:\/\/uj.adatbank.ro\/lexikon\/wp-json\/wp\/v2\/media?parent=18912"}],"wp:term":[{"taxonomy":"product_brand","embeddable":true,"href":"https:\/\/uj.adatbank.ro\/lexikon\/wp-json\/wp\/v2\/product_brand?post=18912"},{"taxonomy":"product_cat","embeddable":true,"href":"https:\/\/uj.adatbank.ro\/lexikon\/wp-json\/wp\/v2\/product_cat?post=18912"},{"taxonomy":"product_tag","embeddable":true,"href":"https:\/\/uj.adatbank.ro\/lexikon\/wp-json\/wp\/v2\/product_tag?post=18912"}],"curies":[{"name":"wp","href":"https:\/\/api.w.org\/{rel}","templated":true}]}}