{"id":18913,"date":"2025-07-16T11:10:36","date_gmt":"2025-07-16T09:10:36","guid":{"rendered":"https:\/\/uj.adatbank.ro\/lexikon\/termek\/rado-sandor-rado-alexandru\/"},"modified":"2025-07-16T11:10:36","modified_gmt":"2025-07-16T09:10:36","slug":"rado-sandor-rado-alexandru","status":"publish","type":"product","link":"https:\/\/uj.adatbank.ro\/lexikon\/termek\/rado-sandor-rado-alexandru\/","title":{"rendered":"RAD\u00d3 S\u00e1ndor; Rad\u00f3 Alexandru"},"content":{"rendered":"<p>Moh\u00e1cs, 1880. \u00e1pr. 2., \u2020 Mv., 1960.: m\u0171\u00e9p\u00edt\u00e9sz, okl. \u00e9p\u00edt\u00e9szm\u00e9rn\u00f6k, m\u0171szaki tan\u00e1csos, alpolg\u00e1rmester. \u2013 F\u00f6ldbirtokos csal\u00e1db\u00f3l sz\u00e1rmazott. A bp.-i J\u00f3zsef N\u00e1dor M\u0171egyetemen szerzett \u00e9p\u00edt\u00e9szm\u00e9rn\u00f6ki diplom\u00e1t (1903). Mv.-en v\u00e1rosi m\u00e9rn\u00f6k (1905\u2013), majd f\u0151m\u00e9rn\u00f6k Flesch Adolfot k\u00f6vette (1912\u2013), v\u00e1rosi m\u0171szaki tan\u00e1csos (1918), a v\u00e1rosi k\u00f6z\u00e9lelmez\u00e9si \u00fcgyoszt\u00e1ly vezet\u0151je (1919). Dr. Bern\u00e1dy Gy\u00f6rgy polg\u00e1rmesters\u00e9ge idej\u00e9n a v\u00e1ros nagyszab\u00e1s\u00fa rendez\u00e9s\u00e9nek r\u00e9szben tervez\u0151je, csatornah\u00e1l\u00f3zata \u00e9p\u00edt\u00e9s\u00e9nek ir\u00e1ny\u00edt\u00f3ja. A V\u00e1rosh\u00e1za (1906\u201308) \u00e9p\u00edt\u00e9s\u00e9nek ellen\u0151riz\u00e9se mellett, a v\u00e1ros csatornah\u00e1l\u00f3zata \u00e9p\u00fcleteinek f\u00f6ldszinti r\u00e9sz\u00e9t v\u00e1rosi f\u0151m\u00e9rn\u00f6kk\u00e9nt tervezte (1907\u201311). T\u00e1rsaival, Steibel Andorral \u00e9s Flesch Adolffal f\u0151\u00e9p\u00edt\u00e9szekkel, seg\u00edtette Bern\u00e1dy Gy\u00f6rgy\u00f6t munk\u00e1j\u00e1ban. T\u00f6bb k\u00f6z\u00e9p\u00fclet \u00e9s b\u00e9rh\u00e1z tervez\u0151je: ref. egyh\u00e1z f\u0151t\u00e9ri palot\u00e1ja, Nyugd\u00edjpalota (Enescu u. 2.sz, 1909), Fels\u0151tagozatos Le\u00e1nyiskola ma Al. Papiu Ilarian Nemzeti Koll. (1912\u201313; Bern\u00e1dy Gy. t\u00e9r, 12. sz.); Polg\u00e1ri Fi\u00faiskola (1906; Bern\u00e1dy Gy. t\u00e9r, 7. sz.), Sz\u00e9chenyi Istv\u00e1n Fels\u0151kereskedelmi Iskola (1908\u201312; Apafi Mih\u00e1ly (N. Iorga 1. sz.) ez a k\u00e9t \u00e9p\u00fclet ma Petru Maior Egyetem (1990\u2013); a Sz\u00e9kely \u2013 kioszk, s\u00f6r\u00f6z\u0151-vend\u00e9gl\u0151 (1910 , az egykori Cs. Kir. Katonai Re\u00e1liskol\u00e1val szemben, ma OGYE), K\u00f6zigazgat\u00e1si Tanfolyam \u00e9p\u00fclete, Albina Bank (1913), Kereskedelmi \u00e9s Iparkamara \u00faj sz\u00e9kh\u00e1za Thorockai Wiegand Ed\u00e9vel k\u00f6z\u00f6sen (1912), a K\u00f6z\u00fczemek t\u00f6bb \u00e9p\u00fclete (kapu\u00e9p\u00fclet\u00e9, hidroelektrofejleszt\u0151 \u00e9p\u00fclet, V\u00edzm\u0171vek \u00e9p\u00fclete a V\u00edztelepen, v\u00edzvezet\u00e9k ellen\u0151rz\u0151 \u00e9p\u00fclet a Maros-h\u00edd h\u00eddf\u0151j\u00e9n\u00e9l, a V\u00edzt\u00e1rol\u00f3 medence-ellen\u0151rz\u0151 \u00e9p\u00fclete), G\u00e1zgy\u00e1r \u00e9p\u00fclet\u00e9t, a S\u00e1ndor J\u00e1nos k\u00fat \u00e9p\u00fclet\u00e9t; a Bern\u00e1dy Gy\u00f6rgy polg\u00e1rmester (Forradalom u. 31.sz) szecesszi\u00f3s st\u00edus\u00fa emeletes, L alak\u00fa lak\u00f3h\u00e1z\u00e1t is, egy kis r\u00e9gi \u00e9p\u00fclet hely\u00e9re, amely Andr\u00e1si K\u00e1roly \u00e9s Megyesi J\u00f3zsef tulajdona volt; szint\u00e9n a saj\u00e1t tervei szerint \u00e9p\u00fclt, saj\u00e1t r\u00e9sz\u00e9re, a k\u00e9temeletes, manz\u00e1rdos lak\u00f3h\u00e1za (a mai M\u0171v\u00e9sz u. 7 sz alatt, 1912) \u201eB\u201d kateg\u00f3ri\u00e1s m\u0171eml\u00e9k; a Gy\u0151zelem t\u00e9r 34 sz.(volt De\u00e1k Ferenc u. 22.) alatti legsiker\u00fcltebb szecesszi\u00f3s st\u00edlus\u00fa, Jakab Rudolf tulajdon\u00e1t k\u00e9pez\u0151, Bustya Lajos \u00e1ltal fel\u00e9p\u00edtett lak\u00f3h\u00e1zat (1911). Az els\u0151 vh.-ban n\u00e9pfelkel\u0151 hadnagy, tulajdonosa a Signum Laudisnak \u00e9s a K\u00e1roly Csapatkeresztnek. Az imp\u00e9rium v\u00e1ltoz\u00e1s ut\u00e1n r\u00e9szt vett a m. kisebbs\u00e9g politikai mozgalm\u00e1ban, hivatal\u00e1b\u00f3l felmentett\u00e9k (1923) \u00e9s nyugd\u00edjazt\u00e1k. Miut\u00e1n a f\u0151m\u00e9rn\u00f6ki \u00e1ll\u00e1s\u00e1b\u00f3l t\u00e1voznia kellett \u00f6n\u00e1ll\u00f3 tervez\u0151irod\u00e1t tartott fenn Mv.-en (1923\u2013), majd Kv.-on \u00e9s Bp.-en (1944\u2013). Bev\u00e1lasztott\u00e1k az \u00fajj\u00e1alakult v\u00e1rosi tan\u00e1csba (1926) \u00e9s az \u00e1lland\u00f3 v\u00e1lasztm\u00e1nynak tagja volt, a v\u00e1ros helyettes polg\u00e1rmestere (1930\u201333) is volt. Tervei alapj\u00e1n, Bustya Lajos \u00e9p\u00edt\u00e9szmester vezet\u00e9s\u00e9vel (1929), \u00e9p\u00fclt a Czak\u00f3 klinika, mai sz\u00fcl\u00e9szet-n\u0151gy\u00f3gy\u00e1szat, oftalmol\u00f3gia klinika (K\u00f6teles S\u00e1muel u.29. sz), a g\u00e1zf\u0171t\u00e9st is bevezett\u00e9k (1930), ezt az \u00e9p\u00fclet egy\u00fcttest az I.vh. idej\u00e9n s\u00fcrg\u0151ss\u00e9gi k\u00f3rh\u00e1zk\u00e9nt haszn\u00e1lt\u00e1k, k\u00e9s\u0151bb a kv.-i Bolyai Egyetem m\u0171k\u0151d\u00f6tt benne (1946), az \u00e1llamos\u00edt\u00e1s ut\u00e1n sz\u00fcl\u00e9szetk\u00e9nt szolg\u00e1lt, napjainkban is az. \u0150 tervezte a Postapalota \u00e9p\u00fclet\u00e9t is. A Mv.-i Kaszin\u00f3 v\u00e1lasztm\u00e1nyi tagja (1932). T\u00f6bb p\u00e1ly\u00e1zaton vett r\u00e9szt, sz\u00e1mos d\u00edjat nyert. Szaklapokban jelentek meg \u00e9p\u00edt\u00e9szeti cikkei. <br \/><strong>Irod.:<\/strong> Almanah Tg.M.; Bern\u00e1dy; Bi\u00e1s Istv\u00e1n; Bodolai Gy\u00f6ngyi. A Nyugd\u00edjpalota \u00e9p\u00edt\u00e9se \u00e9s rendeltet\u00e9se (N\u00fa., 2023. jan. 6.); EM; Erd\u00e9lyi m\u00e1rtirok \u00e9s h\u0151s\u00f6k aranyk\u00f6nyve (Bp., 1941); Fodor\u2013Bal\u00e1s; Fodor S\u00e1ndor (S): Kereskedelmi iskol\u00e1k (K\u00f6zpont, 7. sz., 2010. febr. 17\u201313.); Fodor S\u00e1ndor: Esk\u00fct\u00e9tel \u00e9s szimbolikus t\u00e9rfoglal\u00e1s (V\u00e1s\u00e1rhelyi H\u00edrlap. 2018. \u00e1pr. 6\u20138); Fodor S\u00e1ndor: Esk\u00fct\u00e9tel \u00e9s szimbolikus t\u00e9rfoglal\u00e1s (V\u00e1s\u00e1rhelyi H\u00edrlap. 2018. \u00e1pr. 6\u20138); F\u00fcl\u00f6p\u2013Ferencz; Id\u0151t\u00e1r 2; Id\u0151t\u00e1r 3; Kelemen \u00c1rp\u00e1d: A csatorn\u00e1z\u00e1si munk\u00e1latok m\u00e1rv\u00e1nyt\u00e1bl\u00e1i (N\u00fa. \u00e9vk., 2009); Kelemen \u00c1rp\u00e1d: A Turbina (N\u00fa. \u00e9vk. 2009); Keresztes; Kereszetes Gyula: Szecesszi\u00f3 Mv.-en 4.: A V\u00e1rosh\u00e1za (N\u00fa., 1991. okt. 26.); Kereszetes Gyula: Szecesszi\u00f3 Mv.-en 6.: A st\u00edlus folytat\u00e1sa (N\u00fa., 1992. febr. 1.); Ki kicsoda?; Man: Tg.M. 2., 3.; Maros megye; Marosi Barna 1974; Moln\u00e1r; Mv.m\u0171v.v\u00e1r; Mv. V\u00e1rosh\u00e1za; Mv.-Bal\u00e1s; Mv.-i Almanah, 1912.; \u00d6kr\u00f6s; Tg.M.\u2013 Mv.; Todea 2013; Valori mure\u015fene de patrimoniu; Visnai<\/br><\/p>\n","protected":false},"excerpt":{"rendered":"<p>Moh\u00e1cs, 1880. \u00e1pr. 2., \u2020 Mv., 1960.: m\u0171\u00e9p\u00edt\u00e9sz, okl. \u00e9p\u00edt\u00e9szm\u00e9rn\u00f6k, m\u0171szaki tan\u00e1csos, alpolg\u00e1rmester. \u2013 F\u00f6ldbirtokos csal\u00e1db\u00f3l sz\u00e1rmazott. A bp.-i J\u00f3zsef N\u00e1dor M\u0171egyetemen szerzett \u00e9p\u00edt\u00e9szm\u00e9rn\u00f6ki diplom\u00e1t (1903). Mv.-en v\u00e1rosi m\u00e9rn\u00f6k (1905\u2013), majd f\u0151m\u00e9rn\u00f6k Flesch Adolfot k\u00f6vette (1912\u2013), v\u00e1rosi m\u0171szaki tan\u00e1csos (1918), a v\u00e1rosi k\u00f6z\u00e9lelmez\u00e9si \u00fcgyoszt\u00e1ly vezet\u0151je (1919). Dr. Bern\u00e1dy Gy\u00f6rgy polg\u00e1rmesters\u00e9ge idej\u00e9n a v\u00e1ros nagyszab\u00e1s\u00fa rendez\u00e9s\u00e9nek [&hellip;]<\/p>\n","protected":false},"featured_media":0,"comment_status":"open","ping_status":"closed","template":"","meta":[],"product_brand":[],"product_cat":[137],"product_tag":[],"class_list":{"0":"post-18913","1":"product","2":"type-product","3":"status-publish","5":"product_cat-maros-megyei-eletrajzi-lexikon","7":"first","8":"instock","9":"shipping-taxable","10":"product-type-simple"},"_links":{"self":[{"href":"https:\/\/uj.adatbank.ro\/lexikon\/wp-json\/wp\/v2\/product\/18913","targetHints":{"allow":["GET"]}}],"collection":[{"href":"https:\/\/uj.adatbank.ro\/lexikon\/wp-json\/wp\/v2\/product"}],"about":[{"href":"https:\/\/uj.adatbank.ro\/lexikon\/wp-json\/wp\/v2\/types\/product"}],"replies":[{"embeddable":true,"href":"https:\/\/uj.adatbank.ro\/lexikon\/wp-json\/wp\/v2\/comments?post=18913"}],"wp:attachment":[{"href":"https:\/\/uj.adatbank.ro\/lexikon\/wp-json\/wp\/v2\/media?parent=18913"}],"wp:term":[{"taxonomy":"product_brand","embeddable":true,"href":"https:\/\/uj.adatbank.ro\/lexikon\/wp-json\/wp\/v2\/product_brand?post=18913"},{"taxonomy":"product_cat","embeddable":true,"href":"https:\/\/uj.adatbank.ro\/lexikon\/wp-json\/wp\/v2\/product_cat?post=18913"},{"taxonomy":"product_tag","embeddable":true,"href":"https:\/\/uj.adatbank.ro\/lexikon\/wp-json\/wp\/v2\/product_tag?post=18913"}],"curies":[{"name":"wp","href":"https:\/\/api.w.org\/{rel}","templated":true}]}}

RADÓ Sándor; Radó Alexandru

<p>Mohács, 1880. ápr. 2., † Mv., 1960.: műépítész, okl. építészmérnök, műszaki tanácsos, alpolgármester. – Földbirtokos családból származott. A bp.-i József Nádor Műegyetemen szerzett építészmérnöki diplomát (1903). Mv.-en városi mérnök (1905–), majd főmérnök Flesch Adolfot követte (1912–), városi műszaki tanácsos (1918), a városi közélelmezési ügyosztály vezetője (1919). Dr. Bernády György polgármestersége idején a város nagyszabású rendezésének részben tervezője, csatornahálózata építésének irányítója. A Városháza (1906–08) építésének ellenőrizése mellett, a város csatornahálózata épületeinek földszinti részét városi főmérnökként tervezte (1907–11). Társaival, Steibel Andorral és Flesch Adolffal főépítészekkel, segítette Bernády Györgyöt munkájában. Több középület és bérház tervezője: ref. egyház főtéri palotája, Nyugdíjpalota (Enescu u. 2.sz, 1909), Felsőtagozatos Leányiskola ma Al. Papiu Ilarian Nemzeti Koll. (1912–13; Bernády Gy. tér, 12. sz.); Polgári Fiúiskola (1906; Bernády Gy. tér, 7. sz.), Széchenyi István Felsőkereskedelmi Iskola (1908–12; Apafi Mihály (N. Iorga 1. sz.) ez a két épület ma Petru Maior Egyetem (1990–); a Székely – kioszk, söröző-vendéglő (1910 , az egykori Cs. Kir. Katonai Reáliskolával szemben, ma OGYE), Közigazgatási Tanfolyam épülete, Albina Bank (1913), Kereskedelmi és Iparkamara új székháza Thorockai Wiegand Edével közösen (1912), a Közüzemek több épülete (kapuépületé, hidroelektrofejlesztő épület, Vízművek épülete a Víztelepen, vízvezeték ellenőrző épület a Maros-híd hídfőjénél, a Víztároló medence-ellenőrző épülete), Gázgyár épületét, a Sándor János kút épületét; a Bernády György polgármester (Forradalom u. 31.sz) szecessziós stíusú emeletes, L alakú lakóházát is, egy kis régi épület helyére, amely Andrási Károly és Megyesi József tulajdona volt; szintén a saját tervei szerint épült, saját részére, a kétemeletes, manzárdos lakóháza (a mai Művész u. 7 sz alatt, 1912) „B” kategóriás műemlék; a Győzelem tér 34 sz.(volt Deák Ferenc u. 22.) alatti legsikerültebb szecessziós stílusú, Jakab Rudolf tulajdonát képező, Bustya Lajos által felépített lakóházat (1911). Az első vh.-ban népfelkelő hadnagy, tulajdonosa a Signum Laudisnak és a Károly Csapatkeresztnek. Az impérium változás után részt vett a m. kisebbség politikai mozgalmában, hivatalából felmentették (1923) és nyugdíjazták. Miután a főmérnöki állásából távoznia kellett önálló tervezőirodát tartott fenn Mv.-en (1923–), majd Kv.-on és Bp.-en (1944–). Beválasztották az újjáalakult városi tanácsba (1926) és az állandó választmánynak tagja volt, a város helyettes polgármestere (1930–33) is volt. Tervei alapján, Bustya Lajos építészmester vezetésével (1929), épült a Czakó klinika, mai szülészet-nőgyógyászat, oftalmológia klinika (Köteles Sámuel u.29. sz), a gázfűtést is bevezették (1930), ezt az épület együttest az I.vh. idején sürgősségi kórházként használták, később a kv.-i Bolyai Egyetem műkődött benne (1946), az államosítás után szülészetként szolgált, napjainkban is az. Ő tervezte a Postapalota épületét is. A Mv.-i Kaszinó választmányi tagja (1932). Több pályázaton vett részt, számos díjat nyert. Szaklapokban jelentek meg építészeti cikkei. <br /><strong>Irod.:</strong> Almanah Tg.M.; Bernády; Biás István; Bodolai Gyöngyi. A Nyugdíjpalota építése és rendeltetése (Nú., 2023. jan. 6.); EM; Erdélyi mártirok és hősök aranykönyve (Bp., 1941); Fodor–Balás; Fodor Sándor (S): Kereskedelmi iskolák (Központ, 7. sz., 2010. febr. 17–13.); Fodor Sándor: Eskütétel és szimbolikus térfoglalás (Vásárhelyi Hírlap. 2018. ápr. 6–8); Fodor Sándor: Eskütétel és szimbolikus térfoglalás (Vásárhelyi Hírlap. 2018. ápr. 6–8); Fülöp–Ferencz; Időtár 2; Időtár 3; Kelemen Árpád: A csatornázási munkálatok márványtáblái (Nú. évk., 2009); Kelemen Árpád: A Turbina (Nú. évk. 2009); Keresztes; Kereszetes Gyula: Szecesszió Mv.-en 4.: A Városháza (Nú., 1991. okt. 26.); Kereszetes Gyula: Szecesszió Mv.-en 6.: A stílus folytatása (Nú., 1992. febr. 1.); Ki kicsoda?; Man: Tg.M. 2., 3.; Maros megye; Marosi Barna 1974; Molnár; Mv.műv.vár; Mv. Városháza; Mv.-Balás; Mv.-i Almanah, 1912.; Ökrös; Tg.M.– Mv.; Todea 2013; Valori mureşene de patrimoniu; Visnai</br></p>

<p>Mohács, 1880. ápr. 2., † Mv., 1960.: műépítész, okl. építészmérnök, műszaki tanácsos, alpolgármester. – Földbirtokos családból származott. A bp.-i József Nádor Műegyetemen szerzett építészmérnöki diplomát (1903). Mv.-en városi mérnök (1905–), majd főmérnök Flesch Adolfot követte (1912–), városi műszaki tanácsos (1918), a városi közélelmezési ügyosztály vezetője (1919). Dr. Bernády György polgármestersége idején a város nagyszabású rendezésének [&hellip;]</p>
