{"id":18914,"date":"2025-07-16T11:10:38","date_gmt":"2025-07-16T09:10:38","guid":{"rendered":"https:\/\/uj.adatbank.ro\/lexikon\/termek\/rado-sandorne\/"},"modified":"2025-07-16T11:10:38","modified_gmt":"2025-07-16T09:10:38","slug":"rado-sandorne","status":"publish","type":"product","link":"https:\/\/uj.adatbank.ro\/lexikon\/termek\/rado-sandorne\/","title":{"rendered":"RAD\u00d3 S\u00e1ndorn\u00e9"},"content":{"rendered":"<p>? \u2020\u00a0?: sport ir\u00e1ny\u00edt\u00f3.-A mv.-i n\u0151i tornamozgalom ir\u00e1ny\u00edt\u00f3ja a MSE keret\u00e9ben (1928). Bp,.-en \u00e9s B\u00e9csben n\u0151i testk\u00e9pz\u0151 tanfolyamot v\u00e9gzett \u00e9s egykori mestere Madzsarn\u00e9 J\u00e1szi Alice m\u00f3dszer\u00e9vel vezette a tanfolyamot. \u2013 Irod. : Id\u0151t\u00e1r 3<\/br><\/p>\n","protected":false},"excerpt":{"rendered":"<p>? \u2020\u00a0?: sport ir\u00e1ny\u00edt\u00f3.-A mv.-i n\u0151i tornamozgalom ir\u00e1ny\u00edt\u00f3ja a MSE keret\u00e9ben (1928). Bp,.-en \u00e9s B\u00e9csben n\u0151i testk\u00e9pz\u0151 tanfolyamot v\u00e9gzett \u00e9s egykori mestere Madzsarn\u00e9 J\u00e1szi Alice m\u00f3dszer\u00e9vel vezette a tanfolyamot. \u2013 Irod. : Id\u0151t\u00e1r 3<\/p>\n","protected":false},"featured_media":0,"comment_status":"open","ping_status":"closed","template":"","meta":[],"product_brand":[],"product_cat":[137],"product_tag":[],"class_list":{"0":"post-18914","1":"product","2":"type-product","3":"status-publish","5":"product_cat-maros-megyei-eletrajzi-lexikon","7":"first","8":"instock","9":"shipping-taxable","10":"product-type-simple"},"_links":{"self":[{"href":"https:\/\/uj.adatbank.ro\/lexikon\/wp-json\/wp\/v2\/product\/18914","targetHints":{"allow":["GET"]}}],"collection":[{"href":"https:\/\/uj.adatbank.ro\/lexikon\/wp-json\/wp\/v2\/product"}],"about":[{"href":"https:\/\/uj.adatbank.ro\/lexikon\/wp-json\/wp\/v2\/types\/product"}],"replies":[{"embeddable":true,"href":"https:\/\/uj.adatbank.ro\/lexikon\/wp-json\/wp\/v2\/comments?post=18914"}],"wp:attachment":[{"href":"https:\/\/uj.adatbank.ro\/lexikon\/wp-json\/wp\/v2\/media?parent=18914"}],"wp:term":[{"taxonomy":"product_brand","embeddable":true,"href":"https:\/\/uj.adatbank.ro\/lexikon\/wp-json\/wp\/v2\/product_brand?post=18914"},{"taxonomy":"product_cat","embeddable":true,"href":"https:\/\/uj.adatbank.ro\/lexikon\/wp-json\/wp\/v2\/product_cat?post=18914"},{"taxonomy":"product_tag","embeddable":true,"href":"https:\/\/uj.adatbank.ro\/lexikon\/wp-json\/wp\/v2\/product_tag?post=18914"}],"curies":[{"name":"wp","href":"https:\/\/api.w.org\/{rel}","templated":true}]}}