{"id":18919,"date":"2025-07-16T11:10:50","date_gmt":"2025-07-16T09:10:50","guid":{"rendered":"https:\/\/uj.adatbank.ro\/lexikon\/termek\/radu-gheorghe-i-%c2%a7\/"},"modified":"2025-07-16T11:10:50","modified_gmt":"2025-07-16T09:10:50","slug":"radu-gheorghe-i-%c2%a7","status":"publish","type":"product","link":"https:\/\/uj.adatbank.ro\/lexikon\/termek\/radu-gheorghe-i-%c2%a7\/","title":{"rendered":"RADU, Gheorghe I., \u00a7"},"content":{"rendered":"<p>Radn\u00f3tf\u00e1ja, 1906. j\u00fal. 4., \u2020 Radn\u00f3tf\u00e1ja, 2000.?: tan\u00edt\u00f3. \u2013 Elemi iskol\u00e1ban a sz\u00fcl\u0151helyen, gimn.-ban Sz\u00e1sz\u00e9genben, tan\u00edt\u00f3k\u00e9pz\u0151ben Kv.-on tanult (1922\u201325). Az els\u0151 munkahelye Nagyernye (1925\u201328), katonas\u00e1g ut\u00e1n Radn\u00f3tf\u00e1j\u00e1n tan\u00edtott (1928\u2013), ahol l\u00e9trehozta az els\u0151 rom\u00e1n nyelv\u0171 iskol\u00e1t \u00e9s tan\u00edt\u00f3i lak\u00e1st. Kit\u00fcntet\u00e9st kapott (\u201eR\u0103splata muncii pentru construc\u0163ii \u015fcolare\u201d) (1935). A B\u00e9csi d\u00f6nt\u00e9s ut\u00e1n Vidr\u00e1tszegre menek\u00fclt, \u00e9s Leppendben (Maros) kapott tan\u00edt\u00f3i \u00e1ll\u00e1st (1940. okt. 10.). A h\u00e1bor\u00fa alatt Piatra Nea\u0163ba mozg\u00f3s\u00edtott\u00e1k (1941\u201342), majd a h\u00e1bor\u00fa v\u00e9g\u00e9n \u00fajb\u00f3l Leppenden lett iskolaigazgat\u00f3 (1945\u2013), ahol \u00faj, modernebb \u00e9s nagyobb iskol\u00e1t \u00e9p\u00edttettett \u00e9s szerelt fel. Megkapta a Munka\u00e9rdemrend III. fokozat\u00e1t (1951). Betegs\u00e9g miatt nyugd\u00edjazt\u00e1k (1965\u201366), majd tan\u00edtott m\u00e9g egy \u00e9vig. <br \/><strong>Irod.:<\/strong> Costea 1999; Dasc\u0103li mure\u015feni, 3., Todea 2013<\/br><\/p>\n","protected":false},"excerpt":{"rendered":"<p>Radn\u00f3tf\u00e1ja, 1906. j\u00fal. 4., \u2020 Radn\u00f3tf\u00e1ja, 2000.?: tan\u00edt\u00f3. \u2013 Elemi iskol\u00e1ban a sz\u00fcl\u0151helyen, gimn.-ban Sz\u00e1sz\u00e9genben, tan\u00edt\u00f3k\u00e9pz\u0151ben Kv.-on tanult (1922\u201325). Az els\u0151 munkahelye Nagyernye (1925\u201328), katonas\u00e1g ut\u00e1n Radn\u00f3tf\u00e1j\u00e1n tan\u00edtott (1928\u2013), ahol l\u00e9trehozta az els\u0151 rom\u00e1n nyelv\u0171 iskol\u00e1t \u00e9s tan\u00edt\u00f3i lak\u00e1st. Kit\u00fcntet\u00e9st kapott (\u201eR\u0103splata muncii pentru construc\u0163ii \u015fcolare\u201d) (1935). A B\u00e9csi d\u00f6nt\u00e9s ut\u00e1n Vidr\u00e1tszegre menek\u00fclt, \u00e9s Leppendben [&hellip;]<\/p>\n","protected":false},"featured_media":0,"comment_status":"open","ping_status":"closed","template":"","meta":[],"product_brand":[],"product_cat":[137],"product_tag":[],"class_list":{"0":"post-18919","1":"product","2":"type-product","3":"status-publish","5":"product_cat-maros-megyei-eletrajzi-lexikon","7":"first","8":"instock","9":"shipping-taxable","10":"product-type-simple"},"_links":{"self":[{"href":"https:\/\/uj.adatbank.ro\/lexikon\/wp-json\/wp\/v2\/product\/18919","targetHints":{"allow":["GET"]}}],"collection":[{"href":"https:\/\/uj.adatbank.ro\/lexikon\/wp-json\/wp\/v2\/product"}],"about":[{"href":"https:\/\/uj.adatbank.ro\/lexikon\/wp-json\/wp\/v2\/types\/product"}],"replies":[{"embeddable":true,"href":"https:\/\/uj.adatbank.ro\/lexikon\/wp-json\/wp\/v2\/comments?post=18919"}],"wp:attachment":[{"href":"https:\/\/uj.adatbank.ro\/lexikon\/wp-json\/wp\/v2\/media?parent=18919"}],"wp:term":[{"taxonomy":"product_brand","embeddable":true,"href":"https:\/\/uj.adatbank.ro\/lexikon\/wp-json\/wp\/v2\/product_brand?post=18919"},{"taxonomy":"product_cat","embeddable":true,"href":"https:\/\/uj.adatbank.ro\/lexikon\/wp-json\/wp\/v2\/product_cat?post=18919"},{"taxonomy":"product_tag","embeddable":true,"href":"https:\/\/uj.adatbank.ro\/lexikon\/wp-json\/wp\/v2\/product_tag?post=18919"}],"curies":[{"name":"wp","href":"https:\/\/api.w.org\/{rel}","templated":true}]}}

<p>Radnótfája, 1906. júl. 4., † Radnótfája, 2000.?: tanító. – Elemi iskolában a szülőhelyen, gimn.-ban Szászégenben, tanítóképzőben Kv.-on tanult (1922–25). Az első munkahelye Nagyernye (1925–28), katonaság után Radnótfáján tanított (1928–), ahol létrehozta az első román nyelvű iskolát és tanítói lakást. Kitüntetést kapott („Răsplata muncii pentru construcţii şcolare”) (1935). A Bécsi döntés után Vidrátszegre menekült, és Leppendben (Maros) kapott tanítói állást (1940. okt. 10.). A háború alatt Piatra Neaţba mozgósították (1941–42), majd a háború végén újból Leppenden lett iskolaigazgató (1945–), ahol új, modernebb és nagyobb iskolát építtettett és szerelt fel. Megkapta a Munkaérdemrend III. fokozatát (1951). Betegség miatt nyugdíjazták (1965–66), majd tanított még egy évig. <br /><strong>Irod.:</strong> Costea 1999; Dascăli mureşeni, 3., Todea 2013</br></p>

<p>Radnótfája, 1906. júl. 4., † Radnótfája, 2000.?: tanító. – Elemi iskolában a szülőhelyen, gimn.-ban Szászégenben, tanítóképzőben Kv.-on tanult (1922–25). Az első munkahelye Nagyernye (1925–28), katonaság után Radnótfáján tanított (1928–), ahol létrehozta az első román nyelvű iskolát és tanítói lakást. Kitüntetést kapott („Răsplata muncii pentru construcţii şcolare”) (1935). A Bécsi döntés után Vidrátszegre menekült, és Leppendben [&hellip;]</p>
