{"id":18920,"date":"2025-07-16T11:10:52","date_gmt":"2025-07-16T09:10:52","guid":{"rendered":"https:\/\/uj.adatbank.ro\/lexikon\/termek\/radu-ioan\/"},"modified":"2025-07-16T11:10:52","modified_gmt":"2025-07-16T09:10:52","slug":"radu-ioan","status":"publish","type":"product","link":"https:\/\/uj.adatbank.ro\/lexikon\/termek\/radu-ioan\/","title":{"rendered":"RADU, Ioan"},"content":{"rendered":"<p>Nagyernye, 1773., \u2020 H\u00e1tszeg, 1819.: g. kat. pap. \u2013 Mv.-en tanult, teol\u00f3gi\u00e1t Bal\u00e1zsfalv\u00e1n v\u00e9gzett (1799). Tan\u00edtott Bal\u00e1zsfalv\u00e1n (1800\u2013), a papp\u00e1 szentel\u00e9se ut\u00e1n (1801) Mv.- en pl\u00e9b\u00e1nos, a marosi k\u00f6r adminisztr\u00e1tora (1801\u20131808), majd Sz\u00e1szr\u00e9genben pl\u00e9b\u00e1nos, a g\u00f6rg\u00e9nyi k\u00f6r \u00fcgyint\u00e9z\u0151je (1808\u201312), H\u00e1tszeg vik\u00e1riusa hal\u00e1l\u00e1ig (1812\u201319). <br \/><strong>Irod.:<\/strong> Com\u015fa\u2013Seiceanu; Razba, M.: Personalit\u0103\u0163i Hunedorene (Deva, 2000); \u015eerban 2006; \u015eincan 20060<\/br><\/p>\n","protected":false},"excerpt":{"rendered":"<p>Nagyernye, 1773., \u2020 H\u00e1tszeg, 1819.: g. kat. pap. \u2013 Mv.-en tanult, teol\u00f3gi\u00e1t Bal\u00e1zsfalv\u00e1n v\u00e9gzett (1799). Tan\u00edtott Bal\u00e1zsfalv\u00e1n (1800\u2013), a papp\u00e1 szentel\u00e9se ut\u00e1n (1801) Mv.- en pl\u00e9b\u00e1nos, a marosi k\u00f6r adminisztr\u00e1tora (1801\u20131808), majd Sz\u00e1szr\u00e9genben pl\u00e9b\u00e1nos, a g\u00f6rg\u00e9nyi k\u00f6r \u00fcgyint\u00e9z\u0151je (1808\u201312), H\u00e1tszeg vik\u00e1riusa hal\u00e1l\u00e1ig (1812\u201319). Irod.: Com\u015fa\u2013Seiceanu; Razba, M.: Personalit\u0103\u0163i Hunedorene (Deva, 2000); \u015eerban 2006; \u015eincan 20060<\/p>\n","protected":false},"featured_media":0,"comment_status":"open","ping_status":"closed","template":"","meta":[],"product_brand":[],"product_cat":[137],"product_tag":[],"class_list":{"0":"post-18920","1":"product","2":"type-product","3":"status-publish","5":"product_cat-maros-megyei-eletrajzi-lexikon","7":"first","8":"instock","9":"shipping-taxable","10":"product-type-simple"},"_links":{"self":[{"href":"https:\/\/uj.adatbank.ro\/lexikon\/wp-json\/wp\/v2\/product\/18920","targetHints":{"allow":["GET"]}}],"collection":[{"href":"https:\/\/uj.adatbank.ro\/lexikon\/wp-json\/wp\/v2\/product"}],"about":[{"href":"https:\/\/uj.adatbank.ro\/lexikon\/wp-json\/wp\/v2\/types\/product"}],"replies":[{"embeddable":true,"href":"https:\/\/uj.adatbank.ro\/lexikon\/wp-json\/wp\/v2\/comments?post=18920"}],"wp:attachment":[{"href":"https:\/\/uj.adatbank.ro\/lexikon\/wp-json\/wp\/v2\/media?parent=18920"}],"wp:term":[{"taxonomy":"product_brand","embeddable":true,"href":"https:\/\/uj.adatbank.ro\/lexikon\/wp-json\/wp\/v2\/product_brand?post=18920"},{"taxonomy":"product_cat","embeddable":true,"href":"https:\/\/uj.adatbank.ro\/lexikon\/wp-json\/wp\/v2\/product_cat?post=18920"},{"taxonomy":"product_tag","embeddable":true,"href":"https:\/\/uj.adatbank.ro\/lexikon\/wp-json\/wp\/v2\/product_tag?post=18920"}],"curies":[{"name":"wp","href":"https:\/\/api.w.org\/{rel}","templated":true}]}}