{"id":18925,"date":"2025-07-16T11:11:05","date_gmt":"2025-07-16T09:11:05","guid":{"rendered":"https:\/\/uj.adatbank.ro\/lexikon\/termek\/radu-t-ioan\/"},"modified":"2025-07-16T11:11:05","modified_gmt":"2025-07-16T09:11:05","slug":"radu-t-ioan","status":"publish","type":"product","link":"https:\/\/uj.adatbank.ro\/lexikon\/termek\/radu-t-ioan\/","title":{"rendered":"RADU, T. Ioan"},"content":{"rendered":"<p>Uzdiszentp\u00e9ter,1926. aug.18., \u2020 ?: t\u0171z\u00e9r ezredes. \u2013 Tiszti iskol\u00e1t a \u201eMihai Bravu\u201d katonai iskol\u00e1ban Giurgun v\u00e9gzett, t\u00f6bb alkalomma Buk.-ben vett r\u00e9szt tov\u00e1bbk\u00e9pz\u00e9sen. Tisztk\u00e9nt Slatin\u00e1n,Caracalban, Buk.-ben, Florestien, Kv.-on, stb. tev\u00e9kenykedett. Jelent\u0151s szerepe volt az R.7 A.G. katonai m\u00fazeum l\u00e9trehoz\u00e1s\u00e1ban. Meg\u00edrta sz\u00fcl\u0151faluja monogr\u00e1fi\u00e1j\u00e1t. \u2013 F.m. : S\u00e2npetru de C\u00e2mpie, str\u0103veche vatr\u0103 de civiliza\u0163ie din C\u00e2mpia Transilvaniei, Studiu monografic ( Tg. M., 2003); <strong>t\u00e1rssz.:<\/strong> Hronicul lui 7 Artilerie. File de istorie:1923\u20131998 (1998). <br \/><strong>Irod.:<\/strong> S\u00e2npetru de C\u00e2mpie, Todea 2013<\/br><\/p>\n","protected":false},"excerpt":{"rendered":"<p>Uzdiszentp\u00e9ter,1926. aug.18., \u2020 ?: t\u0171z\u00e9r ezredes. \u2013 Tiszti iskol\u00e1t a \u201eMihai Bravu\u201d katonai iskol\u00e1ban Giurgun v\u00e9gzett, t\u00f6bb alkalomma Buk.-ben vett r\u00e9szt tov\u00e1bbk\u00e9pz\u00e9sen. Tisztk\u00e9nt Slatin\u00e1n,Caracalban, Buk.-ben, Florestien, Kv.-on, stb. tev\u00e9kenykedett. Jelent\u0151s szerepe volt az R.7 A.G. katonai m\u00fazeum l\u00e9trehoz\u00e1s\u00e1ban. Meg\u00edrta sz\u00fcl\u0151faluja monogr\u00e1fi\u00e1j\u00e1t. \u2013 F.m. : S\u00e2npetru de C\u00e2mpie, str\u0103veche vatr\u0103 de civiliza\u0163ie din C\u00e2mpia Transilvaniei, Studiu [&hellip;]<\/p>\n","protected":false},"featured_media":0,"comment_status":"open","ping_status":"closed","template":"","meta":[],"product_brand":[],"product_cat":[137],"product_tag":[],"class_list":{"0":"post-18925","1":"product","2":"type-product","3":"status-publish","5":"product_cat-maros-megyei-eletrajzi-lexikon","7":"first","8":"instock","9":"shipping-taxable","10":"product-type-simple"},"_links":{"self":[{"href":"https:\/\/uj.adatbank.ro\/lexikon\/wp-json\/wp\/v2\/product\/18925","targetHints":{"allow":["GET"]}}],"collection":[{"href":"https:\/\/uj.adatbank.ro\/lexikon\/wp-json\/wp\/v2\/product"}],"about":[{"href":"https:\/\/uj.adatbank.ro\/lexikon\/wp-json\/wp\/v2\/types\/product"}],"replies":[{"embeddable":true,"href":"https:\/\/uj.adatbank.ro\/lexikon\/wp-json\/wp\/v2\/comments?post=18925"}],"wp:attachment":[{"href":"https:\/\/uj.adatbank.ro\/lexikon\/wp-json\/wp\/v2\/media?parent=18925"}],"wp:term":[{"taxonomy":"product_brand","embeddable":true,"href":"https:\/\/uj.adatbank.ro\/lexikon\/wp-json\/wp\/v2\/product_brand?post=18925"},{"taxonomy":"product_cat","embeddable":true,"href":"https:\/\/uj.adatbank.ro\/lexikon\/wp-json\/wp\/v2\/product_cat?post=18925"},{"taxonomy":"product_tag","embeddable":true,"href":"https:\/\/uj.adatbank.ro\/lexikon\/wp-json\/wp\/v2\/product_tag?post=18925"}],"curies":[{"name":"wp","href":"https:\/\/api.w.org\/{rel}","templated":true}]}}

<p>Uzdiszentpéter,1926. aug.18., † ?: tűzér ezredes. – Tiszti iskolát a „Mihai Bravu” katonai iskolában Giurgun végzett, több alkalomma Buk.-ben vett részt továbbképzésen. Tisztként Slatinán,Caracalban, Buk.-ben, Florestien, Kv.-on, stb. tevékenykedett. Jelentős szerepe volt az R.7 A.G. katonai múzeum létrehozásában. Megírta szülőfaluja monográfiáját. – F.m. : Sânpetru de Câmpie, străveche vatră de civilizaţie din Câmpia Transilvaniei, Studiu monografic ( Tg. M., 2003); <strong>társsz.:</strong> Hronicul lui 7 Artilerie. File de istorie:1923–1998 (1998). <br /><strong>Irod.:</strong> Sânpetru de Câmpie, Todea 2013</br></p>

<p>Uzdiszentpéter,1926. aug.18., † ?: tűzér ezredes. – Tiszti iskolát a „Mihai Bravu” katonai iskolában Giurgun végzett, több alkalomma Buk.-ben vett részt továbbképzésen. Tisztként Slatinán,Caracalban, Buk.-ben, Florestien, Kv.-on, stb. tevékenykedett. Jelentős szerepe volt az R.7 A.G. katonai múzeum létrehozásában. Megírta szülőfaluja monográfiáját. – F.m. : Sânpetru de Câmpie, străveche vatră de civilizaţie din Câmpia Transilvaniei, Studiu [&hellip;]</p>
