{"id":18926,"date":"2025-07-16T11:11:07","date_gmt":"2025-07-16T09:11:07","guid":{"rendered":"https:\/\/uj.adatbank.ro\/lexikon\/termek\/radu-victor\/"},"modified":"2025-07-16T11:11:07","modified_gmt":"2025-07-16T09:11:07","slug":"radu-victor","status":"publish","type":"product","link":"https:\/\/uj.adatbank.ro\/lexikon\/termek\/radu-victor\/","title":{"rendered":"RADU, Victor"},"content":{"rendered":"<p>Monor, 1900. szept. 28., \u2020 Magyar\u00f3, 1986. j\u00fal. 1.: zen\u00e9sz, v\u00e1ndordalnok, reg\u0151s, heged\u0171s, szakaszvezet\u0151. \u2013 Elemi iskol\u00e1j\u00e1t Monoron, majd Marosmonosfalun v\u00e9gezte. Gyermekkor\u00e1t\u00f3l tanult heged\u00fclni, n\u00e9pzen\u00e9t j\u00e1tszott. R\u00e9genben egy hattag\u00fa zenekarnak a vezet\u0151je volt, amellyel r\u00e9szt vett a gyulafeh\u00e9rv\u00e1ri egyes\u00fcl\u00e9si n\u00e9pgy\u0171l\u00e9sen (1918. dec.1.). II. vh. idej\u00e9n a Rom\u00e1n R\u00e1di\u00f3 Ora Armatei c. m\u0171sor\u00e1nak keret\u00e9ben hazafias \u00e9s n\u00e9pdalokkal sz\u00f3rakoztatta a frontkaton\u00e1it (1941. j\u00fan. \u2013 1945. m\u00e1j. 12.). Egy gyermekkori bar\u00e1tja Ilie T. Echim a buk.-i r\u00e1di\u00f3 technikai igazgat\u00f3ja r\u00e9v\u00e9n hangfelv\u00e9telk k\u00e9sz\u00fcltek : Some\u015fana, monori , monosfalvi, oroszhegyi forgat\u00f3sok-c..T\u00f6bb mint ezer lakodalmon j\u00e1tszott, fell\u00e9pett Berlinben (1951), Buk.-ben (1953) Bemutatta a rom\u00e1n paraszt lakodalmat az erd\u0151szak\u00e1li n\u00e9pi t\u00e1ncegy\u00fcttessel. K\u00f6nny\u0171zen\u00e9t \u00e9s klaszsikus m\u0171veket ia el\u0151adott. Gh. Enescu nagyra \u00e9rt\u00e9kelte zenei tev\u00e9kenys\u00e9g\u00e9t. \u00c9lete v\u00e9ge fel\u00e9 Sz\u00e1szr\u00e9genben \u00e9lt, tan\u00edtott a zeneiskol\u00e1ban, vezette a v\u00e1rosi kult\u00farotthon n\u00e9pizenekar\u00e1t, saj\u00e1t zenekara is volt. <br \/><strong>Irod.:<\/strong> S. r. (1985. febr. 3.); Suciu; \u015eandru Ilie: Oameni din C\u0103liman (Tg.M., 2000); Tanco; Todea 2013<\/br><\/p>\n","protected":false},"excerpt":{"rendered":"<p>Monor, 1900. szept. 28., \u2020 Magyar\u00f3, 1986. j\u00fal. 1.: zen\u00e9sz, v\u00e1ndordalnok, reg\u0151s, heged\u0171s, szakaszvezet\u0151. \u2013 Elemi iskol\u00e1j\u00e1t Monoron, majd Marosmonosfalun v\u00e9gezte. Gyermekkor\u00e1t\u00f3l tanult heged\u00fclni, n\u00e9pzen\u00e9t j\u00e1tszott. R\u00e9genben egy hattag\u00fa zenekarnak a vezet\u0151je volt, amellyel r\u00e9szt vett a gyulafeh\u00e9rv\u00e1ri egyes\u00fcl\u00e9si n\u00e9pgy\u0171l\u00e9sen (1918. dec.1.). II. vh. idej\u00e9n a Rom\u00e1n R\u00e1di\u00f3 Ora Armatei c. m\u0171sor\u00e1nak keret\u00e9ben hazafias \u00e9s [&hellip;]<\/p>\n","protected":false},"featured_media":0,"comment_status":"open","ping_status":"closed","template":"","meta":[],"product_brand":[],"product_cat":[137],"product_tag":[],"class_list":{"0":"post-18926","1":"product","2":"type-product","3":"status-publish","5":"product_cat-maros-megyei-eletrajzi-lexikon","7":"first","8":"instock","9":"shipping-taxable","10":"product-type-simple"},"_links":{"self":[{"href":"https:\/\/uj.adatbank.ro\/lexikon\/wp-json\/wp\/v2\/product\/18926","targetHints":{"allow":["GET"]}}],"collection":[{"href":"https:\/\/uj.adatbank.ro\/lexikon\/wp-json\/wp\/v2\/product"}],"about":[{"href":"https:\/\/uj.adatbank.ro\/lexikon\/wp-json\/wp\/v2\/types\/product"}],"replies":[{"embeddable":true,"href":"https:\/\/uj.adatbank.ro\/lexikon\/wp-json\/wp\/v2\/comments?post=18926"}],"wp:attachment":[{"href":"https:\/\/uj.adatbank.ro\/lexikon\/wp-json\/wp\/v2\/media?parent=18926"}],"wp:term":[{"taxonomy":"product_brand","embeddable":true,"href":"https:\/\/uj.adatbank.ro\/lexikon\/wp-json\/wp\/v2\/product_brand?post=18926"},{"taxonomy":"product_cat","embeddable":true,"href":"https:\/\/uj.adatbank.ro\/lexikon\/wp-json\/wp\/v2\/product_cat?post=18926"},{"taxonomy":"product_tag","embeddable":true,"href":"https:\/\/uj.adatbank.ro\/lexikon\/wp-json\/wp\/v2\/product_tag?post=18926"}],"curies":[{"name":"wp","href":"https:\/\/api.w.org\/{rel}","templated":true}]}}

<p>Monor, 1900. szept. 28., † Magyaró, 1986. júl. 1.: zenész, vándordalnok, regős, hegedűs, szakaszvezető. – Elemi iskoláját Monoron, majd Marosmonosfalun végezte. Gyermekkorától tanult hegedülni, népzenét játszott. Régenben egy hattagú zenekarnak a vezetője volt, amellyel részt vett a gyulafehérvári egyesülési népgyűlésen (1918. dec.1.). II. vh. idején a Román Rádió Ora Armatei c. műsorának keretében hazafias és népdalokkal szórakoztatta a frontkatonáit (1941. jún. – 1945. máj. 12.). Egy gyermekkori barátja Ilie T. Echim a buk.-i rádió technikai igazgatója révén hangfelvételk készültek : Someşana, monori , monosfalvi, oroszhegyi forgatósok-c..Több mint ezer lakodalmon játszott, fellépett Berlinben (1951), Buk.-ben (1953) Bemutatta a román paraszt lakodalmat az erdőszakáli népi táncegyüttessel. Könnyűzenét és klaszsikus műveket ia előadott. Gh. Enescu nagyra értékelte zenei tevékenységét. Élete vége felé Szászrégenben élt, tanított a zeneiskolában, vezette a városi kultúrotthon népizenekarát, saját zenekara is volt. <br /><strong>Irod.:</strong> S. r. (1985. febr. 3.); Suciu; Şandru Ilie: Oameni din Căliman (Tg.M., 2000); Tanco; Todea 2013</br></p>

<p>Monor, 1900. szept. 28., † Magyaró, 1986. júl. 1.: zenész, vándordalnok, regős, hegedűs, szakaszvezető. – Elemi iskoláját Monoron, majd Marosmonosfalun végezte. Gyermekkorától tanult hegedülni, népzenét játszott. Régenben egy hattagú zenekarnak a vezetője volt, amellyel részt vett a gyulafehérvári egyesülési népgyűlésen (1918. dec.1.). II. vh. idején a Román Rádió Ora Armatei c. műsorának keretében hazafias és [&hellip;]</p>
