{"id":18927,"date":"2025-07-16T11:11:09","date_gmt":"2025-07-16T09:11:09","guid":{"rendered":"https:\/\/uj.adatbank.ro\/lexikon\/termek\/radu-chicinatu-ioan\/"},"modified":"2025-07-16T11:11:09","modified_gmt":"2025-07-16T09:11:09","slug":"radu-chicinatu-ioan","status":"publish","type":"product","link":"https:\/\/uj.adatbank.ro\/lexikon\/termek\/radu-chicinatu-ioan\/","title":{"rendered":"RADU\u2013CHICINATU, Ioan"},"content":{"rendered":"<p>Mez\u0151pagocsa, 1882., \u2020 Uzdiszentp\u00e9ter, 1956.: f\u00f6ldm\u0171ves. \u2013 R\u00e9szt vett az I. vh.-ban, Galici\u00e1ban s\u00falyosan megsebes\u00fclt. Hazat\u00e9r\u00e9se ut\u00e1n uzdiszentp\u00e9teri k\u00f6zs\u00e9gi tan\u00e1csosk\u00e9nt r\u00e9szt vett a gyulafeh\u00e9rv\u00e1ri egyes\u00fcl\u00e9si n\u00e9pgy\u0171l\u00e9sen (1918. dec. 1.). T\u00f6bb \u00e9ven \u00e1t volt k\u00f6zs\u00e9gi tan\u00e1csos \u00e9s a g. kat. egyh\u00e1z kur\u00e1tora, az \u00faj templom egyik szorgalmaz\u00f3ja, anyagi t\u00e1mogat\u00f3ja, az \u00e9p\u00edt\u00e9si munk\u00e1k egyik vezet\u0151je (1936 \u2013 1943). <br \/><strong>Irod.:<\/strong> S\u00e2npetru de C\u00e2mpie<\/br><\/p>\n","protected":false},"excerpt":{"rendered":"<p>Mez\u0151pagocsa, 1882., \u2020 Uzdiszentp\u00e9ter, 1956.: f\u00f6ldm\u0171ves. \u2013 R\u00e9szt vett az I. vh.-ban, Galici\u00e1ban s\u00falyosan megsebes\u00fclt. Hazat\u00e9r\u00e9se ut\u00e1n uzdiszentp\u00e9teri k\u00f6zs\u00e9gi tan\u00e1csosk\u00e9nt r\u00e9szt vett a gyulafeh\u00e9rv\u00e1ri egyes\u00fcl\u00e9si n\u00e9pgy\u0171l\u00e9sen (1918. dec. 1.). T\u00f6bb \u00e9ven \u00e1t volt k\u00f6zs\u00e9gi tan\u00e1csos \u00e9s a g. kat. egyh\u00e1z kur\u00e1tora, az \u00faj templom egyik szorgalmaz\u00f3ja, anyagi t\u00e1mogat\u00f3ja, az \u00e9p\u00edt\u00e9si munk\u00e1k egyik vezet\u0151je (1936 \u2013 [&hellip;]<\/p>\n","protected":false},"featured_media":0,"comment_status":"open","ping_status":"closed","template":"","meta":[],"product_brand":[],"product_cat":[137],"product_tag":[],"class_list":{"0":"post-18927","1":"product","2":"type-product","3":"status-publish","5":"product_cat-maros-megyei-eletrajzi-lexikon","7":"first","8":"instock","9":"shipping-taxable","10":"product-type-simple"},"_links":{"self":[{"href":"https:\/\/uj.adatbank.ro\/lexikon\/wp-json\/wp\/v2\/product\/18927","targetHints":{"allow":["GET"]}}],"collection":[{"href":"https:\/\/uj.adatbank.ro\/lexikon\/wp-json\/wp\/v2\/product"}],"about":[{"href":"https:\/\/uj.adatbank.ro\/lexikon\/wp-json\/wp\/v2\/types\/product"}],"replies":[{"embeddable":true,"href":"https:\/\/uj.adatbank.ro\/lexikon\/wp-json\/wp\/v2\/comments?post=18927"}],"wp:attachment":[{"href":"https:\/\/uj.adatbank.ro\/lexikon\/wp-json\/wp\/v2\/media?parent=18927"}],"wp:term":[{"taxonomy":"product_brand","embeddable":true,"href":"https:\/\/uj.adatbank.ro\/lexikon\/wp-json\/wp\/v2\/product_brand?post=18927"},{"taxonomy":"product_cat","embeddable":true,"href":"https:\/\/uj.adatbank.ro\/lexikon\/wp-json\/wp\/v2\/product_cat?post=18927"},{"taxonomy":"product_tag","embeddable":true,"href":"https:\/\/uj.adatbank.ro\/lexikon\/wp-json\/wp\/v2\/product_tag?post=18927"}],"curies":[{"name":"wp","href":"https:\/\/api.w.org\/{rel}","templated":true}]}}

<p>Mezőpagocsa, 1882., † Uzdiszentpéter, 1956.: földműves. – Részt vett az I. vh.-ban, Galiciában súlyosan megsebesült. Hazatérése után uzdiszentpéteri községi tanácsosként részt vett a gyulafehérvári egyesülési népgyűlésen (1918. dec. 1.). Több éven át volt községi tanácsos és a g. kat. egyház kurátora, az új templom egyik szorgalmazója, anyagi támogatója, az építési munkák egyik vezetője (1936 – 1943). <br /><strong>Irod.:</strong> Sânpetru de Câmpie</br></p>

<p>Mezőpagocsa, 1882., † Uzdiszentpéter, 1956.: földműves. – Részt vett az I. vh.-ban, Galiciában súlyosan megsebesült. Hazatérése után uzdiszentpéteri községi tanácsosként részt vett a gyulafehérvári egyesülési népgyűlésen (1918. dec. 1.). Több éven át volt községi tanácsos és a g. kat. egyház kurátora, az új templom egyik szorgalmazója, anyagi támogatója, az építési munkák egyik vezetője (1936 – [&hellip;]</p>
