{"id":1893,"date":"2025-06-28T11:56:51","date_gmt":"2025-06-28T09:56:51","guid":{"rendered":"https:\/\/uj.adatbank.ro\/lexikon\/termek\/bako-matyas-jobbagytelki\/"},"modified":"2025-06-28T11:56:51","modified_gmt":"2025-06-28T09:56:51","slug":"bako-matyas-jobbagytelki","status":"publish","type":"product","link":"https:\/\/uj.adatbank.ro\/lexikon\/termek\/bako-matyas-jobbagytelki\/","title":{"rendered":"BAK\u00d3 M\u00e1ty\u00e1s, jobb\u00e1gytelki"},"content":{"rendered":"<p>? \u2020 ? : primipilus. \u2013 A cs. \u00e9s kir. h\u0171s\u00e9g\u00e9re felesk\u00fcd\u00f6tt (1602. aug. 16.). Jobb\u00e1gytelk\u00e9n \u00e9s Hodoson l\u00e9v\u0151 birtokaira B\u00e1thori G\u00e1bort\u00f3l fejedelmi adom\u00e1nyt nyert (1610. jan. 5.), szerepelt a Bethlen G\u00e1bor f\u00e9le lustr\u00e1n is mint primipilus (1614). <br \/><strong>Irod.:<\/strong> P\u00e1lmay<\/br><\/p>\n","protected":false},"excerpt":{"rendered":"<p>? \u2020 ? : primipilus. \u2013 A cs. \u00e9s kir. h\u0171s\u00e9g\u00e9re felesk\u00fcd\u00f6tt (1602. aug. 16.). Jobb\u00e1gytelk\u00e9n \u00e9s Hodoson l\u00e9v\u0151 birtokaira B\u00e1thori G\u00e1bort\u00f3l fejedelmi adom\u00e1nyt nyert (1610. jan. 5.), szerepelt a Bethlen G\u00e1bor f\u00e9le lustr\u00e1n is mint primipilus (1614). Irod.: P\u00e1lmay<\/p>\n","protected":false},"featured_media":0,"comment_status":"open","ping_status":"closed","template":"","meta":[],"product_brand":[],"product_cat":[137],"product_tag":[],"class_list":{"0":"post-1893","1":"product","2":"type-product","3":"status-publish","5":"product_cat-maros-megyei-eletrajzi-lexikon","7":"first","8":"instock","9":"shipping-taxable","10":"product-type-simple"},"_links":{"self":[{"href":"https:\/\/uj.adatbank.ro\/lexikon\/wp-json\/wp\/v2\/product\/1893","targetHints":{"allow":["GET"]}}],"collection":[{"href":"https:\/\/uj.adatbank.ro\/lexikon\/wp-json\/wp\/v2\/product"}],"about":[{"href":"https:\/\/uj.adatbank.ro\/lexikon\/wp-json\/wp\/v2\/types\/product"}],"replies":[{"embeddable":true,"href":"https:\/\/uj.adatbank.ro\/lexikon\/wp-json\/wp\/v2\/comments?post=1893"}],"wp:attachment":[{"href":"https:\/\/uj.adatbank.ro\/lexikon\/wp-json\/wp\/v2\/media?parent=1893"}],"wp:term":[{"taxonomy":"product_brand","embeddable":true,"href":"https:\/\/uj.adatbank.ro\/lexikon\/wp-json\/wp\/v2\/product_brand?post=1893"},{"taxonomy":"product_cat","embeddable":true,"href":"https:\/\/uj.adatbank.ro\/lexikon\/wp-json\/wp\/v2\/product_cat?post=1893"},{"taxonomy":"product_tag","embeddable":true,"href":"https:\/\/uj.adatbank.ro\/lexikon\/wp-json\/wp\/v2\/product_tag?post=1893"}],"curies":[{"name":"wp","href":"https:\/\/api.w.org\/{rel}","templated":true}]}}