{"id":18932,"date":"2025-07-16T11:11:18","date_gmt":"2025-07-16T09:11:18","guid":{"rendered":"https:\/\/uj.adatbank.ro\/lexikon\/termek\/raduly-endre\/"},"modified":"2025-07-16T11:11:18","modified_gmt":"2025-07-16T09:11:18","slug":"raduly-endre","status":"publish","type":"product","link":"https:\/\/uj.adatbank.ro\/lexikon\/termek\/raduly-endre\/","title":{"rendered":"R\u00c1DULY Endre"},"content":{"rendered":"<p>K\u00e9zdiszentl\u00e9lek, 1927. m\u00e1j. 3., \u2020\u00a0Mv., 2006. aug. 30.: tan\u00e1r, k\u00f6nyvszerkeszt\u0151. \u2013 A k\u00e9zdiv\u00e1s\u00e1rhelyi Nagy M\u00f3zes Gimn\u00e1ziumban \u00e9retts\u00e9gizett (1947), oklevel\u00e9t a BTE magyar nyelv \u00e9s irodalom kar\u00e1n szerezte (1951). Tan\u00e1r volt K\u00e9zdiv\u00e1s\u00e1rhelyen (1951\u201352); a MAT tartom\u00e1nyi szaktanfel\u00fcgyel\u0151je Mv.-en (1952\u201360) azut\u00e1n Mv.-en gyakorl\u00f3 tan\u00e1r a Pedag\u00f3giai F\u0151iskol\u00e1n, ugyanott a N\u00e9pi Egyetem tanulm\u00e1nyi igazgat\u00f3ja (1981\u201383).a 4. sz. \u00c1lt. Iskol\u00e1ban tan\u00edtott nyugalomba vonul\u00e1s\u00e1ig (\u20131987). A nyelvtan\u00edt\u00e1s m\u00f3dszertana foglalkoztatja. Az olvas\u00e1s gyakorlat\u00e1t szolg\u00e1lt\u00e1k f\u00fczetei, amelyekben Miksz\u00e1th, Caragiale, M\u00f3ricz, Sadoveanu m\u0171veinek helyes olvasat\u00e1ra buzd\u00edt (1956). A M\u0171vel\u0151d\u00e9s k\u00f6zli Besz\u00e9lj\u00fcnk helyesen! c. tanulm\u00e1ny\u00e1t (1959\/4\u20136). A gondolkod\u00e1s fejleszt\u00e9s\u00e9re k\u00fcl\u00f6n &#8222;feladatlapokat&#8221; aj\u00e1nl a Tan\u00fcgyi \u00dajs\u00e1gban (1973), ezt javasolja a nyelvtani ismeretek ellen\u0151rz\u00e9s\u00e9re egy rom\u00e1n m\u00f3dszertani kiadv\u00e1ny magyar nyev\u0171 bet\u00e9t\u00e9ben is (Mv., 1975). Besz\u00e9lj\u00fcnk sz\u00e9pen \u00e9s helyesen magyarul c. munk\u00e1ja k\u00e9ziratban. \u2013 <strong>F. m.:<\/strong> Irodalmi sz\u00f6veggy\u0171jtem\u00e9ny a VIII. o. sz\u00e1m\u00e1ra (Buk., 1953); Besz\u00e9d- \u00e9s \u00edr\u00e1sk\u00e9szs\u00e9g fejleszt\u00e9se az V-X. oszt\u00e1lyban (Buk., 1956); Az olvas\u00e1stan\u00edt\u00e1s m\u00f3dszertana I-IV oszt\u00e1lyban (Buk. 1956). <br \/><strong>Irod.:<\/strong> RMIL\u00a0; RMKK<\/br><\/p>\n","protected":false},"excerpt":{"rendered":"<p>K\u00e9zdiszentl\u00e9lek, 1927. m\u00e1j. 3., \u2020\u00a0Mv., 2006. aug. 30.: tan\u00e1r, k\u00f6nyvszerkeszt\u0151. \u2013 A k\u00e9zdiv\u00e1s\u00e1rhelyi Nagy M\u00f3zes Gimn\u00e1ziumban \u00e9retts\u00e9gizett (1947), oklevel\u00e9t a BTE magyar nyelv \u00e9s irodalom kar\u00e1n szerezte (1951). Tan\u00e1r volt K\u00e9zdiv\u00e1s\u00e1rhelyen (1951\u201352); a MAT tartom\u00e1nyi szaktanfel\u00fcgyel\u0151je Mv.-en (1952\u201360) azut\u00e1n Mv.-en gyakorl\u00f3 tan\u00e1r a Pedag\u00f3giai F\u0151iskol\u00e1n, ugyanott a N\u00e9pi Egyetem tanulm\u00e1nyi igazgat\u00f3ja (1981\u201383).a 4. sz. \u00c1lt. [&hellip;]<\/p>\n","protected":false},"featured_media":0,"comment_status":"open","ping_status":"closed","template":"","meta":[],"product_brand":[],"product_cat":[137],"product_tag":[],"class_list":{"0":"post-18932","1":"product","2":"type-product","3":"status-publish","5":"product_cat-maros-megyei-eletrajzi-lexikon","7":"first","8":"instock","9":"shipping-taxable","10":"product-type-simple"},"_links":{"self":[{"href":"https:\/\/uj.adatbank.ro\/lexikon\/wp-json\/wp\/v2\/product\/18932","targetHints":{"allow":["GET"]}}],"collection":[{"href":"https:\/\/uj.adatbank.ro\/lexikon\/wp-json\/wp\/v2\/product"}],"about":[{"href":"https:\/\/uj.adatbank.ro\/lexikon\/wp-json\/wp\/v2\/types\/product"}],"replies":[{"embeddable":true,"href":"https:\/\/uj.adatbank.ro\/lexikon\/wp-json\/wp\/v2\/comments?post=18932"}],"wp:attachment":[{"href":"https:\/\/uj.adatbank.ro\/lexikon\/wp-json\/wp\/v2\/media?parent=18932"}],"wp:term":[{"taxonomy":"product_brand","embeddable":true,"href":"https:\/\/uj.adatbank.ro\/lexikon\/wp-json\/wp\/v2\/product_brand?post=18932"},{"taxonomy":"product_cat","embeddable":true,"href":"https:\/\/uj.adatbank.ro\/lexikon\/wp-json\/wp\/v2\/product_cat?post=18932"},{"taxonomy":"product_tag","embeddable":true,"href":"https:\/\/uj.adatbank.ro\/lexikon\/wp-json\/wp\/v2\/product_tag?post=18932"}],"curies":[{"name":"wp","href":"https:\/\/api.w.org\/{rel}","templated":true}]}}

RÁDULY Endre

<p>Kézdiszentlélek, 1927. máj. 3., † Mv., 2006. aug. 30.: tanár, könyvszerkesztő. – A kézdivásárhelyi Nagy Mózes Gimnáziumban érettségizett (1947), oklevelét a BTE magyar nyelv és irodalom karán szerezte (1951). Tanár volt Kézdivásárhelyen (1951–52); a MAT tartományi szaktanfelügyelője Mv.-en (1952–60) azután Mv.-en gyakorló tanár a Pedagógiai Főiskolán, ugyanott a Népi Egyetem tanulmányi igazgatója (1981–83).a 4. sz. Ált. Iskolában tanított nyugalomba vonulásáig (–1987). A nyelvtanítás módszertana foglalkoztatja. Az olvasás gyakorlatát szolgálták füzetei, amelyekben Mikszáth, Caragiale, Móricz, Sadoveanu műveinek helyes olvasatára buzdít (1956). A Művelődés közli Beszéljünk helyesen! c. tanulmányát (1959/4–6). A gondolkodás fejlesztésére külön &#8222;feladatlapokat&#8221; ajánl a Tanügyi Újságban (1973), ezt javasolja a nyelvtani ismeretek ellenőrzésére egy román módszertani kiadvány magyar nyevű betétében is (Mv., 1975). Beszéljünk szépen és helyesen magyarul c. munkája kéziratban. – <strong>F. m.:</strong> Irodalmi szöveggyűjtemény a VIII. o. számára (Buk., 1953); Beszéd- és íráskészség fejlesztése az V-X. osztályban (Buk., 1956); Az olvasástanítás módszertana I-IV osztályban (Buk. 1956). <br /><strong>Irod.:</strong> RMIL ; RMKK</br></p>

<p>Kézdiszentlélek, 1927. máj. 3., † Mv., 2006. aug. 30.: tanár, könyvszerkesztő. – A kézdivásárhelyi Nagy Mózes Gimnáziumban érettségizett (1947), oklevelét a BTE magyar nyelv és irodalom karán szerezte (1951). Tanár volt Kézdivásárhelyen (1951–52); a MAT tartományi szaktanfelügyelője Mv.-en (1952–60) azután Mv.-en gyakorló tanár a Pedagógiai Főiskolán, ugyanott a Népi Egyetem tanulmányi igazgatója (1981–83).a 4. sz. Ált. [&hellip;]</p>
