{"id":18933,"date":"2025-07-16T11:11:21","date_gmt":"2025-07-16T09:11:21","guid":{"rendered":"https:\/\/uj.adatbank.ro\/lexikon\/termek\/raduly-istvan-laszlo\/"},"modified":"2025-07-16T11:11:21","modified_gmt":"2025-07-16T09:11:21","slug":"raduly-istvan-laszlo","status":"publish","type":"product","link":"https:\/\/uj.adatbank.ro\/lexikon\/termek\/raduly-istvan-laszlo\/","title":{"rendered":"R\u00c1DULY Istv\u00e1n-L\u00e1szl\u00f3"},"content":{"rendered":"<p>Bar\u00f3t,1910, j\u00fal. 29., \u2020\u00a0Mv., 1989. \u00e1pr. 19.: r. k. pap. \u2013 Bar\u00f3ton, Brass\u00f3ban, Sz\u00e9kelyudvarhelyen \u00e9s Gyulafeh\u00e9rv\u00e1ron, ahol papp\u00e1 szentelt\u00e9k (1938. j\u00fal. 10.). K\u00e1pl\u00e1n Ditr\u00f3ban, Gelenc\u00e9n, Zetelak\u00e1n. Pl\u00e9b\u00e1nos Magyarzs\u00e1kodon (1940), G\u00f6rg\u00e9ny\u00fcvegcs\u0171r\u00f6n (1942), h. pl\u00e9b\u00e1nos B\u00f6z\u00f6d\u00fajfaluban (1942). A mv.-i gy\u0171jt\u0151t\u00e1borb\u00f3l a t\u00e9glagy\u00e1ri gett\u00f3b\u00f3l mentette a szombatosokat (1944): \u201dHa j\u00f3l eml\u00e9kszem, hetvenet hoztam ki, nemcsak \u00fajfalusiakat, hanem b\u00f6z\u00f6dieket, kereszt\u00fariakat is.\u201d Pl\u00e9b\u00e1nos B\u00e1toson (1946), Brasso-Bolony\u00e1n (1951\u201354). Mivel Szoboszlay Alad\u00e1r, a Szoboszlayper f\u0151v\u00e1dlottja egy alkalommal meggy\u00f3nt n\u00e1la, letart\u00f3ztatt\u00e1k (1956 v\u00e9g\u00e9n, v. 1957 elej\u00e9n), vallat\u00e1skor \u00e1llcsontj\u00e1t elt\u00f6rt\u00e9k, mely rosszul forrt \u00f6ssze. Kolozsv\u00e1rt \u201ef\u00f6ljelent\u00e9s elmulaszt\u00e1sa\u201d v\u00e1dj\u00e1val 22 \u00e9vi b\u00f6rt\u00f6nre \u00edt\u00e9lt\u00e9k (1958). Szamos\u00fajv\u00e1rt, 5 \u00e9vet Jilav\u00e1n vizes cell\u00e1ban, neh\u00e9z vasban tartott\u00e1k, egy ideig a Salcia-szigeten dolgoztatt\u00e1k, ahol S\u00e1nta Antal lelk\u00e9sz is raboskodott. K\u00f6zkegyelemmel szabadult (1964), Kov\u00e1sznai (1964), alvinci (1975), ut\u00f3bb gelencei pl\u00e9b\u00e1nos. Nyugd\u00edjba vonult Mv.-re (1976\u2013). <br \/><strong>Irod.:<\/strong> Ferenczi S\u00e1ndor 2009; Ferenczi S\u00e1ndor 2012; Maros-k\u00fck\u00fcll\u0151i f\u0151esp.; MKL; [Nekrol\u00f3g] (V. Z., 1989. \u00e1pr. 21.)<\/br><\/p>\n","protected":false},"excerpt":{"rendered":"<p>Bar\u00f3t,1910, j\u00fal. 29., \u2020\u00a0Mv., 1989. \u00e1pr. 19.: r. k. pap. \u2013 Bar\u00f3ton, Brass\u00f3ban, Sz\u00e9kelyudvarhelyen \u00e9s Gyulafeh\u00e9rv\u00e1ron, ahol papp\u00e1 szentelt\u00e9k (1938. j\u00fal. 10.). K\u00e1pl\u00e1n Ditr\u00f3ban, Gelenc\u00e9n, Zetelak\u00e1n. Pl\u00e9b\u00e1nos Magyarzs\u00e1kodon (1940), G\u00f6rg\u00e9ny\u00fcvegcs\u0171r\u00f6n (1942), h. pl\u00e9b\u00e1nos B\u00f6z\u00f6d\u00fajfaluban (1942). A mv.-i gy\u0171jt\u0151t\u00e1borb\u00f3l a t\u00e9glagy\u00e1ri gett\u00f3b\u00f3l mentette a szombatosokat (1944): \u201dHa j\u00f3l eml\u00e9kszem, hetvenet hoztam ki, nemcsak \u00fajfalusiakat, hanem b\u00f6z\u00f6dieket, [&hellip;]<\/p>\n","protected":false},"featured_media":0,"comment_status":"open","ping_status":"closed","template":"","meta":[],"product_brand":[],"product_cat":[137],"product_tag":[],"class_list":{"0":"post-18933","1":"product","2":"type-product","3":"status-publish","5":"product_cat-maros-megyei-eletrajzi-lexikon","7":"first","8":"instock","9":"shipping-taxable","10":"product-type-simple"},"_links":{"self":[{"href":"https:\/\/uj.adatbank.ro\/lexikon\/wp-json\/wp\/v2\/product\/18933","targetHints":{"allow":["GET"]}}],"collection":[{"href":"https:\/\/uj.adatbank.ro\/lexikon\/wp-json\/wp\/v2\/product"}],"about":[{"href":"https:\/\/uj.adatbank.ro\/lexikon\/wp-json\/wp\/v2\/types\/product"}],"replies":[{"embeddable":true,"href":"https:\/\/uj.adatbank.ro\/lexikon\/wp-json\/wp\/v2\/comments?post=18933"}],"wp:attachment":[{"href":"https:\/\/uj.adatbank.ro\/lexikon\/wp-json\/wp\/v2\/media?parent=18933"}],"wp:term":[{"taxonomy":"product_brand","embeddable":true,"href":"https:\/\/uj.adatbank.ro\/lexikon\/wp-json\/wp\/v2\/product_brand?post=18933"},{"taxonomy":"product_cat","embeddable":true,"href":"https:\/\/uj.adatbank.ro\/lexikon\/wp-json\/wp\/v2\/product_cat?post=18933"},{"taxonomy":"product_tag","embeddable":true,"href":"https:\/\/uj.adatbank.ro\/lexikon\/wp-json\/wp\/v2\/product_tag?post=18933"}],"curies":[{"name":"wp","href":"https:\/\/api.w.org\/{rel}","templated":true}]}}

RÁDULY István-László

<p>Barót,1910, júl. 29., † Mv., 1989. ápr. 19.: r. k. pap. – Baróton, Brassóban, Székelyudvarhelyen és Gyulafehérváron, ahol pappá szentelték (1938. júl. 10.). Káplán Ditróban, Gelencén, Zetelakán. Plébános Magyarzsákodon (1940), Görgényüvegcsűrön (1942), h. plébános Bözödújfaluban (1942). A mv.-i gyűjtőtáborból a téglagyári gettóból mentette a szombatosokat (1944): ”Ha jól emlékszem, hetvenet hoztam ki, nemcsak újfalusiakat, hanem bözödieket, keresztúriakat is.” Plébános Bátoson (1946), Brasso-Bolonyán (1951–54). Mivel Szoboszlay Aladár, a Szoboszlayper fővádlottja egy alkalommal meggyónt nála, letartóztatták (1956 végén, v. 1957 elején), vallatáskor állcsontját eltörték, mely rosszul forrt össze. Kolozsvárt „följelentés elmulasztása” vádjával 22 évi börtönre ítélték (1958). Szamosújvárt, 5 évet Jilaván vizes cellában, nehéz vasban tartották, egy ideig a Salcia-szigeten dolgoztatták, ahol Sánta Antal lelkész is raboskodott. Közkegyelemmel szabadult (1964), Kovásznai (1964), alvinci (1975), utóbb gelencei plébános. Nyugdíjba vonult Mv.-re (1976–). <br /><strong>Irod.:</strong> Ferenczi Sándor 2009; Ferenczi Sándor 2012; Maros-küküllői főesp.; MKL; [Nekrológ] (V. Z., 1989. ápr. 21.)</br></p>

<p>Barót,1910, júl. 29., † Mv., 1989. ápr. 19.: r. k. pap. – Baróton, Brassóban, Székelyudvarhelyen és Gyulafehérváron, ahol pappá szentelték (1938. júl. 10.). Káplán Ditróban, Gelencén, Zetelakán. Plébános Magyarzsákodon (1940), Görgényüvegcsűrön (1942), h. plébános Bözödújfaluban (1942). A mv.-i gyűjtőtáborból a téglagyári gettóból mentette a szombatosokat (1944): ”Ha jól emlékszem, hetvenet hoztam ki, nemcsak újfalusiakat, hanem bözödieket, [&hellip;]</p>
