{"id":18935,"date":"2025-07-16T11:11:25","date_gmt":"2025-07-16T09:11:25","guid":{"rendered":"https:\/\/uj.adatbank.ro\/lexikon\/termek\/raduly-janos-2\/"},"modified":"2025-07-16T11:11:25","modified_gmt":"2025-07-16T09:11:25","slug":"raduly-janos-2","status":"publish","type":"product","link":"https:\/\/uj.adatbank.ro\/lexikon\/termek\/raduly-janos-2\/","title":{"rendered":"R\u00c1DULY J\u00e1nos"},"content":{"rendered":"<p>? \u2020\u00a0?: gazd\u00e1lkod\u00f3, k\u00f6zs\u00e9gi b\u00edr\u00f3. \u2013 Feles\u00e9ge: K\u00e1lai Julianna (1784.\u00a0? \u2013 Mv., 1890. okt. 29.). Gyermekeik: R. Katalin P\u00e9terfi Istv\u00e1nn\u00e9; R. Ferenc, feles\u00e9ge M\u00e9sz\u00e1ros Lujza. \u2013 Udvarfalv\u00e1n gazd\u00e1lkodott, tekint\u00e9lyes polg\u00e1ra volt a k\u00f6zs\u00e9gnek, k\u00f6zs\u00e9gi tan\u00e1csos, egyh\u00e1zi presbiter, 24 \u00e9vig k\u00f6zs\u00e9gi b\u00edr\u00f3 volt. V\u00e9gig k\u00fczd\u00f6tte az els\u0151 vh.-t a szerb, orosz \u00e9s olasz fronton, a K\u00e1roly Csapatkereszt \u00e9s a bajor h\u00e1bor\u00fas eml\u00e9k\u00e9rem kit\u00fcntet\u00e9s tulajdonosa volt. <br \/><strong>Irod.:<\/strong> Gy\u00e1szjelent\u0151; Sz\u00e9kelyf\u00f6ld \u00ed.k<\/br><\/p>\n","protected":false},"excerpt":{"rendered":"<p>? \u2020\u00a0?: gazd\u00e1lkod\u00f3, k\u00f6zs\u00e9gi b\u00edr\u00f3. \u2013 Feles\u00e9ge: K\u00e1lai Julianna (1784.\u00a0? \u2013 Mv., 1890. okt. 29.). Gyermekeik: R. Katalin P\u00e9terfi Istv\u00e1nn\u00e9; R. Ferenc, feles\u00e9ge M\u00e9sz\u00e1ros Lujza. \u2013 Udvarfalv\u00e1n gazd\u00e1lkodott, tekint\u00e9lyes polg\u00e1ra volt a k\u00f6zs\u00e9gnek, k\u00f6zs\u00e9gi tan\u00e1csos, egyh\u00e1zi presbiter, 24 \u00e9vig k\u00f6zs\u00e9gi b\u00edr\u00f3 volt. V\u00e9gig k\u00fczd\u00f6tte az els\u0151 vh.-t a szerb, orosz \u00e9s olasz fronton, a K\u00e1roly [&hellip;]<\/p>\n","protected":false},"featured_media":0,"comment_status":"open","ping_status":"closed","template":"","meta":[],"product_brand":[],"product_cat":[137],"product_tag":[],"class_list":{"0":"post-18935","1":"product","2":"type-product","3":"status-publish","5":"product_cat-maros-megyei-eletrajzi-lexikon","7":"first","8":"instock","9":"shipping-taxable","10":"product-type-simple"},"_links":{"self":[{"href":"https:\/\/uj.adatbank.ro\/lexikon\/wp-json\/wp\/v2\/product\/18935","targetHints":{"allow":["GET"]}}],"collection":[{"href":"https:\/\/uj.adatbank.ro\/lexikon\/wp-json\/wp\/v2\/product"}],"about":[{"href":"https:\/\/uj.adatbank.ro\/lexikon\/wp-json\/wp\/v2\/types\/product"}],"replies":[{"embeddable":true,"href":"https:\/\/uj.adatbank.ro\/lexikon\/wp-json\/wp\/v2\/comments?post=18935"}],"wp:attachment":[{"href":"https:\/\/uj.adatbank.ro\/lexikon\/wp-json\/wp\/v2\/media?parent=18935"}],"wp:term":[{"taxonomy":"product_brand","embeddable":true,"href":"https:\/\/uj.adatbank.ro\/lexikon\/wp-json\/wp\/v2\/product_brand?post=18935"},{"taxonomy":"product_cat","embeddable":true,"href":"https:\/\/uj.adatbank.ro\/lexikon\/wp-json\/wp\/v2\/product_cat?post=18935"},{"taxonomy":"product_tag","embeddable":true,"href":"https:\/\/uj.adatbank.ro\/lexikon\/wp-json\/wp\/v2\/product_tag?post=18935"}],"curies":[{"name":"wp","href":"https:\/\/api.w.org\/{rel}","templated":true}]}}

RÁDULY János

<p>? † ?: gazdálkodó, községi bíró. – Felesége: Kálai Julianna (1784. ? – Mv., 1890. okt. 29.). Gyermekeik: R. Katalin Péterfi Istvánné; R. Ferenc, felesége Mészáros Lujza. – Udvarfalván gazdálkodott, tekintélyes polgára volt a községnek, községi tanácsos, egyházi presbiter, 24 évig községi bíró volt. Végig küzdötte az első vh.-t a szerb, orosz és olasz fronton, a Károly Csapatkereszt és a bajor háborús emlékérem kitüntetés tulajdonosa volt. <br /><strong>Irod.:</strong> Gyászjelentő; Székelyföld í.k</br></p>

<p>? † ?: gazdálkodó, községi bíró. – Felesége: Kálai Julianna (1784. ? – Mv., 1890. okt. 29.). Gyermekeik: R. Katalin Péterfi Istvánné; R. Ferenc, felesége Mészáros Lujza. – Udvarfalván gazdálkodott, tekintélyes polgára volt a községnek, községi tanácsos, egyházi presbiter, 24 évig községi bíró volt. Végig küzdötte az első vh.-t a szerb, orosz és olasz fronton, a Károly [&hellip;]</p>
