{"id":18936,"date":"2025-07-16T11:11:27","date_gmt":"2025-07-16T09:11:27","guid":{"rendered":"https:\/\/uj.adatbank.ro\/lexikon\/termek\/raduly-jozsef\/"},"modified":"2026-02-18T07:39:58","modified_gmt":"2026-02-18T06:39:58","slug":"raduly-jozsef","status":"publish","type":"product","link":"https:\/\/uj.adatbank.ro\/lexikon\/termek\/raduly-jozsef\/","title":{"rendered":"R\u00c1DULY J\u00f3zsef"},"content":{"rendered":"<p>Udvarfalva, 1899., \u2020\u00a0?: \u00d6n\u00e1ll\u00f3 gazda V\u00e1rhegyen (1912\u2013), 45 hold birtok\u00e1n folytatott korszer\u0171 gazd\u00e1lkod\u00e1st. A ref. egyh\u00e1z presbitere, k\u00f6zs\u00e9gi k\u00e9pvisel\u0151 volt. Az els\u0151 vh.-ban a 22. gyalogezredben az olasz fronton harcolt, a bronz v. \u00e9. \u00e9s a K\u00e1roly Csapatkereszt kit\u00fcntetettje volt. \u00c9p\u00edtett\u0151je volt egy nagyernyei malomnak, egy\u00fctt B\u00e1lintitt Gy\u00f6rgy b\u00e1r\u00f3val, Szab\u00f3 Gy\u00f6rgy pl\u00e9b\u00e1nossal, Szenner Antal j\u00f3m\u00f3d\u00fa gazd\u00e1val (1910).<br \/>\n<strong>Irod.:<\/strong> Nagy Lajos: Nagyernye&#8230; = Eml\u00e9kk. Szab\u00f3 Mikl\u00f3s; Nemes Gyula: Rekviem egy malom\u00e9rt (K\u00f6zpont, 27. sz., 2012. j\u00fal. 4\u201310); Sz\u00e9kelyf\u00f6ld \u00ed.k.<\/p>\n","protected":false},"excerpt":{"rendered":"<p>Udvarfalva, 1899., \u2020\u00a0?: \u00d6n\u00e1ll\u00f3 gazda V\u00e1rhegyen (1912\u2013), 45 hold birtok\u00e1n folytatott korszer\u0171 gazd\u00e1lkod\u00e1st. A ref. egyh\u00e1z presbitere, k\u00f6zs\u00e9gi k\u00e9pvisel\u0151 volt. Az els\u0151 vh.-ban a 22. gyalogezredben az olasz fronton harcolt, a bronz v. \u00e9. \u00e9s a K\u00e1roly Csapatkereszt kit\u00fcntetettje volt. \u00c9p\u00edtett\u0151je volt egy nagyernyei malomnak, egy\u00fctt B\u00e1lintitt Gy\u00f6rgy b\u00e1r\u00f3val, Szab\u00f3 Gy\u00f6rgy pl\u00e9b\u00e1nossal, Szenner Antal j\u00f3m\u00f3d\u00fa [&hellip;]<\/p>\n","protected":false},"featured_media":0,"comment_status":"open","ping_status":"closed","template":"","meta":[],"product_brand":[],"product_cat":[137],"product_tag":[],"class_list":{"0":"post-18936","1":"product","2":"type-product","3":"status-publish","5":"product_cat-maros-megyei-eletrajzi-lexikon","7":"first","8":"instock","9":"shipping-taxable","10":"product-type-simple"},"_links":{"self":[{"href":"https:\/\/uj.adatbank.ro\/lexikon\/wp-json\/wp\/v2\/product\/18936","targetHints":{"allow":["GET"]}}],"collection":[{"href":"https:\/\/uj.adatbank.ro\/lexikon\/wp-json\/wp\/v2\/product"}],"about":[{"href":"https:\/\/uj.adatbank.ro\/lexikon\/wp-json\/wp\/v2\/types\/product"}],"replies":[{"embeddable":true,"href":"https:\/\/uj.adatbank.ro\/lexikon\/wp-json\/wp\/v2\/comments?post=18936"}],"wp:attachment":[{"href":"https:\/\/uj.adatbank.ro\/lexikon\/wp-json\/wp\/v2\/media?parent=18936"}],"wp:term":[{"taxonomy":"product_brand","embeddable":true,"href":"https:\/\/uj.adatbank.ro\/lexikon\/wp-json\/wp\/v2\/product_brand?post=18936"},{"taxonomy":"product_cat","embeddable":true,"href":"https:\/\/uj.adatbank.ro\/lexikon\/wp-json\/wp\/v2\/product_cat?post=18936"},{"taxonomy":"product_tag","embeddable":true,"href":"https:\/\/uj.adatbank.ro\/lexikon\/wp-json\/wp\/v2\/product_tag?post=18936"}],"curies":[{"name":"wp","href":"https:\/\/api.w.org\/{rel}","templated":true}]}}

RÁDULY József

<p>Udvarfalva, 1899., † ?: Önálló gazda Várhegyen (1912–), 45 hold birtokán folytatott korszerű gazdálkodást. A ref. egyház presbitere, községi képviselő volt. Az első vh.-ban a 22. gyalogezredben az olasz fronton harcolt, a bronz v. é. és a Károly Csapatkereszt kitüntetettje volt. Építettője volt egy nagyernyei malomnak, együtt Bálintitt György báróval, Szabó György plébánossal, Szenner Antal jómódú gazdával (1910).<br />
<strong>Irod.:</strong> Nagy Lajos: Nagyernye&#8230; = Emlékk. Szabó Miklós; Nemes Gyula: Rekviem egy malomért (Központ, 27. sz., 2012. júl. 4–10); Székelyföld í.k.</p>

<p>Udvarfalva, 1899., † ?: Önálló gazda Várhegyen (1912–), 45 hold birtokán folytatott korszerű gazdálkodást. A ref. egyház presbitere, községi képviselő volt. Az első vh.-ban a 22. gyalogezredben az olasz fronton harcolt, a bronz v. é. és a Károly Csapatkereszt kitüntetettje volt. Építettője volt egy nagyernyei malomnak, együtt Bálintitt György báróval, Szabó György plébánossal, Szenner Antal jómódú [&hellip;]</p>
