{"id":18937,"date":"2025-07-16T11:11:28","date_gmt":"2025-07-16T09:11:28","guid":{"rendered":"https:\/\/uj.adatbank.ro\/lexikon\/termek\/raduly-levente\/"},"modified":"2025-07-16T11:11:28","modified_gmt":"2025-07-16T09:11:28","slug":"raduly-levente","status":"publish","type":"product","link":"https:\/\/uj.adatbank.ro\/lexikon\/termek\/raduly-levente\/","title":{"rendered":"R\u00c1DULY Levente"},"content":{"rendered":"<p>1974 \u2020\u00a02008. nov. 11.: orvos. \u2013 Balesetben, B\u00e1nffyhunyad k\u00f6zel\u00e9ben, vesztette \u00e9let\u00e9t feles\u00e9g\u00e9vel, dr. Szalma Ildik\u00f3 (Mv.,1974\u20132008) ideggy\u00f3gy\u00e1sszal egy\u00fctt. \u2013 Orvos, pszichi\u00e1ter Mv.-en. A H\u00edrlap szerkeszt\u0151je, a M. Polg\u00e1ri P\u00e1rt Maros megyei eln\u00f6ke, a Mv.-i R\u00e1k\u00f3czi Sz\u00f6vets\u00e9g eln\u00f6ke, mv.-i tan\u00e1csos volt (2004-ig).Feles\u00e9g\u00e1vel aut\u00f3balesetben haltak meg. <br \/><strong>Irod.:<\/strong> M\u00e1th\u00e9 \u00c9va: Elhunyt R. L. (Kr\u00f3nika, 2008. nov. 13.); Horv\u00e1th G\u00e9za: In memoriam R.L. \u00e9s Ildik\u00f3 (V\u00e1s\u00e1rhelyi H\u00edrlap, 2008. nov. 19.); Kiss\u2013P\u00e9terffy\u2013P\u00e9terffy<\/br><\/p>\n","protected":false},"excerpt":{"rendered":"<p>1974 \u2020\u00a02008. nov. 11.: orvos. \u2013 Balesetben, B\u00e1nffyhunyad k\u00f6zel\u00e9ben, vesztette \u00e9let\u00e9t feles\u00e9g\u00e9vel, dr. Szalma Ildik\u00f3 (Mv.,1974\u20132008) ideggy\u00f3gy\u00e1sszal egy\u00fctt. \u2013 Orvos, pszichi\u00e1ter Mv.-en. A H\u00edrlap szerkeszt\u0151je, a M. Polg\u00e1ri P\u00e1rt Maros megyei eln\u00f6ke, a Mv.-i R\u00e1k\u00f3czi Sz\u00f6vets\u00e9g eln\u00f6ke, mv.-i tan\u00e1csos volt (2004-ig).Feles\u00e9g\u00e1vel aut\u00f3balesetben haltak meg. Irod.: M\u00e1th\u00e9 \u00c9va: Elhunyt R. L. (Kr\u00f3nika, 2008. nov. 13.); Horv\u00e1th [&hellip;]<\/p>\n","protected":false},"featured_media":0,"comment_status":"open","ping_status":"closed","template":"","meta":[],"product_brand":[],"product_cat":[137],"product_tag":[],"class_list":{"0":"post-18937","1":"product","2":"type-product","3":"status-publish","5":"product_cat-maros-megyei-eletrajzi-lexikon","7":"first","8":"instock","9":"shipping-taxable","10":"product-type-simple"},"_links":{"self":[{"href":"https:\/\/uj.adatbank.ro\/lexikon\/wp-json\/wp\/v2\/product\/18937","targetHints":{"allow":["GET"]}}],"collection":[{"href":"https:\/\/uj.adatbank.ro\/lexikon\/wp-json\/wp\/v2\/product"}],"about":[{"href":"https:\/\/uj.adatbank.ro\/lexikon\/wp-json\/wp\/v2\/types\/product"}],"replies":[{"embeddable":true,"href":"https:\/\/uj.adatbank.ro\/lexikon\/wp-json\/wp\/v2\/comments?post=18937"}],"wp:attachment":[{"href":"https:\/\/uj.adatbank.ro\/lexikon\/wp-json\/wp\/v2\/media?parent=18937"}],"wp:term":[{"taxonomy":"product_brand","embeddable":true,"href":"https:\/\/uj.adatbank.ro\/lexikon\/wp-json\/wp\/v2\/product_brand?post=18937"},{"taxonomy":"product_cat","embeddable":true,"href":"https:\/\/uj.adatbank.ro\/lexikon\/wp-json\/wp\/v2\/product_cat?post=18937"},{"taxonomy":"product_tag","embeddable":true,"href":"https:\/\/uj.adatbank.ro\/lexikon\/wp-json\/wp\/v2\/product_tag?post=18937"}],"curies":[{"name":"wp","href":"https:\/\/api.w.org\/{rel}","templated":true}]}}

RÁDULY Levente

<p>1974 † 2008. nov. 11.: orvos. – Balesetben, Bánffyhunyad közelében, vesztette életét feleségével, dr. Szalma Ildikó (Mv.,1974–2008) ideggyógyásszal együtt. – Orvos, pszichiáter Mv.-en. A Hírlap szerkesztője, a M. Polgári Párt Maros megyei elnöke, a Mv.-i Rákóczi Szövetség elnöke, mv.-i tanácsos volt (2004-ig).Feleségável autóbalesetben haltak meg. <br /><strong>Irod.:</strong> Máthé Éva: Elhunyt R. L. (Krónika, 2008. nov. 13.); Horváth Géza: In memoriam R.L. és Ildikó (Vásárhelyi Hírlap, 2008. nov. 19.); Kiss–Péterffy–Péterffy</br></p>

<p>1974 † 2008. nov. 11.: orvos. – Balesetben, Bánffyhunyad közelében, vesztette életét feleségével, dr. Szalma Ildikó (Mv.,1974–2008) ideggyógyásszal együtt. – Orvos, pszichiáter Mv.-en. A Hírlap szerkesztője, a M. Polgári Párt Maros megyei elnöke, a Mv.-i Rákóczi Szövetség elnöke, mv.-i tanácsos volt (2004-ig).Feleségável autóbalesetben haltak meg. Irod.: Máthé Éva: Elhunyt R. L. (Krónika, 2008. nov. 13.); Horváth [&hellip;]</p>
