{"id":18938,"date":"2025-07-16T11:11:30","date_gmt":"2025-07-16T09:11:30","guid":{"rendered":"https:\/\/uj.adatbank.ro\/lexikon\/termek\/raduly-mihaly\/"},"modified":"2025-07-16T11:11:30","modified_gmt":"2025-07-16T09:11:30","slug":"raduly-mihaly","status":"publish","type":"product","link":"https:\/\/uj.adatbank.ro\/lexikon\/termek\/raduly-mihaly\/","title":{"rendered":"R\u00c1DULY Mih\u00e1ly"},"content":{"rendered":"<p>? \u2020\u00a01808. okt. 10.: r. k. pap. \u2013 Gyulafeh\u00e9rv\u00e1ron tanult \u00e9s papp\u00e1 szentelt\u00e9k (1783. j\u0151n. 14.). Tan\u00e1r Sz\u00e9kelyudvarhelyen, k\u00e1pl\u00e1n Cs\u00edkszentgy\u00f6rgy\u00f6n. Pl\u00e9b\u00e1nos Mez\u0151zsomboron, majd Eheden (1805\u2013). <br \/><strong>Irod.:<\/strong> Ferenczi S\u00e1ndor 2009<\/br><\/p>\n","protected":false},"excerpt":{"rendered":"<p>? \u2020\u00a01808. okt. 10.: r. k. pap. \u2013 Gyulafeh\u00e9rv\u00e1ron tanult \u00e9s papp\u00e1 szentelt\u00e9k (1783. j\u0151n. 14.). Tan\u00e1r Sz\u00e9kelyudvarhelyen, k\u00e1pl\u00e1n Cs\u00edkszentgy\u00f6rgy\u00f6n. Pl\u00e9b\u00e1nos Mez\u0151zsomboron, majd Eheden (1805\u2013). Irod.: Ferenczi S\u00e1ndor 2009<\/p>\n","protected":false},"featured_media":0,"comment_status":"open","ping_status":"closed","template":"","meta":[],"product_brand":[],"product_cat":[137],"product_tag":[],"class_list":{"0":"post-18938","1":"product","2":"type-product","3":"status-publish","5":"product_cat-maros-megyei-eletrajzi-lexikon","7":"first","8":"instock","9":"shipping-taxable","10":"product-type-simple"},"_links":{"self":[{"href":"https:\/\/uj.adatbank.ro\/lexikon\/wp-json\/wp\/v2\/product\/18938","targetHints":{"allow":["GET"]}}],"collection":[{"href":"https:\/\/uj.adatbank.ro\/lexikon\/wp-json\/wp\/v2\/product"}],"about":[{"href":"https:\/\/uj.adatbank.ro\/lexikon\/wp-json\/wp\/v2\/types\/product"}],"replies":[{"embeddable":true,"href":"https:\/\/uj.adatbank.ro\/lexikon\/wp-json\/wp\/v2\/comments?post=18938"}],"wp:attachment":[{"href":"https:\/\/uj.adatbank.ro\/lexikon\/wp-json\/wp\/v2\/media?parent=18938"}],"wp:term":[{"taxonomy":"product_brand","embeddable":true,"href":"https:\/\/uj.adatbank.ro\/lexikon\/wp-json\/wp\/v2\/product_brand?post=18938"},{"taxonomy":"product_cat","embeddable":true,"href":"https:\/\/uj.adatbank.ro\/lexikon\/wp-json\/wp\/v2\/product_cat?post=18938"},{"taxonomy":"product_tag","embeddable":true,"href":"https:\/\/uj.adatbank.ro\/lexikon\/wp-json\/wp\/v2\/product_tag?post=18938"}],"curies":[{"name":"wp","href":"https:\/\/api.w.org\/{rel}","templated":true}]}}