{"id":18946,"date":"2025-07-16T11:11:51","date_gmt":"2025-07-16T09:11:51","guid":{"rendered":"https:\/\/uj.adatbank.ro\/lexikon\/termek\/raff-karoly-szilagysomlyoi\/"},"modified":"2025-07-16T11:11:51","modified_gmt":"2025-07-16T09:11:51","slug":"raff-karoly-szilagysomlyoi","status":"publish","type":"product","link":"https:\/\/uj.adatbank.ro\/lexikon\/termek\/raff-karoly-szilagysomlyoi\/","title":{"rendered":"RAFF K\u00e1roly, szil\u00e1gysomly\u00f3i"},"content":{"rendered":"<p>1834.?, \u2020 Mv., 1899. okt. 10.: b\u00edr\u00f3. \u2013 A mv.-i kir. t\u00f6rv\u00e9nysz\u00e9ken it\u00e9l\u0151t\u00e1blai b\u00edr\u00f3. <br \/><strong>Irod.:<\/strong> Gy\u00e1szjelent\u0151; P\u00e1lmay J\u00f3zsef<\/br><\/p>\n","protected":false},"excerpt":{"rendered":"<p>1834.?, \u2020 Mv., 1899. okt. 10.: b\u00edr\u00f3. \u2013 A mv.-i kir. t\u00f6rv\u00e9nysz\u00e9ken it\u00e9l\u0151t\u00e1blai b\u00edr\u00f3. Irod.: Gy\u00e1szjelent\u0151; P\u00e1lmay J\u00f3zsef<\/p>\n","protected":false},"featured_media":0,"comment_status":"open","ping_status":"closed","template":"","meta":[],"product_brand":[],"product_cat":[137],"product_tag":[],"class_list":{"0":"post-18946","1":"product","2":"type-product","3":"status-publish","5":"product_cat-maros-megyei-eletrajzi-lexikon","7":"first","8":"instock","9":"shipping-taxable","10":"product-type-simple"},"_links":{"self":[{"href":"https:\/\/uj.adatbank.ro\/lexikon\/wp-json\/wp\/v2\/product\/18946","targetHints":{"allow":["GET"]}}],"collection":[{"href":"https:\/\/uj.adatbank.ro\/lexikon\/wp-json\/wp\/v2\/product"}],"about":[{"href":"https:\/\/uj.adatbank.ro\/lexikon\/wp-json\/wp\/v2\/types\/product"}],"replies":[{"embeddable":true,"href":"https:\/\/uj.adatbank.ro\/lexikon\/wp-json\/wp\/v2\/comments?post=18946"}],"wp:attachment":[{"href":"https:\/\/uj.adatbank.ro\/lexikon\/wp-json\/wp\/v2\/media?parent=18946"}],"wp:term":[{"taxonomy":"product_brand","embeddable":true,"href":"https:\/\/uj.adatbank.ro\/lexikon\/wp-json\/wp\/v2\/product_brand?post=18946"},{"taxonomy":"product_cat","embeddable":true,"href":"https:\/\/uj.adatbank.ro\/lexikon\/wp-json\/wp\/v2\/product_cat?post=18946"},{"taxonomy":"product_tag","embeddable":true,"href":"https:\/\/uj.adatbank.ro\/lexikon\/wp-json\/wp\/v2\/product_tag?post=18946"}],"curies":[{"name":"wp","href":"https:\/\/api.w.org\/{rel}","templated":true}]}}