{"id":18947,"date":"2025-07-16T11:11:54","date_gmt":"2025-07-16T09:11:54","guid":{"rendered":"https:\/\/uj.adatbank.ro\/lexikon\/termek\/raffai-daniel\/"},"modified":"2025-07-16T11:11:54","modified_gmt":"2025-07-16T09:11:54","slug":"raffai-daniel","status":"publish","type":"product","link":"https:\/\/uj.adatbank.ro\/lexikon\/termek\/raffai-daniel\/","title":{"rendered":"RAFFAI D\u00e1niel"},"content":{"rendered":"<p>Csokfalva, 1923. jan. 11., \u2020\u00a0H\u00e1rmasfalu,\u00a0?: gazd\u00e1lkod\u00f3. \u2013 Letart\u00f3ztatt\u00e1k (1959. okt. 14.) \u00e9s a MAT Katonai \u00dcgy\u00e9szs\u00e9ge a kollekt\u00edviz\u00e1l\u00e1s elleni t\u00f6bbsz\u00f6ri ellens\u00e9ges megnyilv\u00e1nul\u00e1s v\u00e1dj\u00e1val \u00e1ll\u00edtotta b\u00edr\u00f3s\u00e1g el\u00e9. 5 \u00e9vre \u00edt\u00e9lt\u00e9k (szabadult:1960. m\u00e1rc. 22.). <br \/><strong>Irod.:<\/strong> 1956 Erd\u00e9lyben<\/br><\/p>\n","protected":false},"excerpt":{"rendered":"<p>Csokfalva, 1923. jan. 11., \u2020\u00a0H\u00e1rmasfalu,\u00a0?: gazd\u00e1lkod\u00f3. \u2013 Letart\u00f3ztatt\u00e1k (1959. okt. 14.) \u00e9s a MAT Katonai \u00dcgy\u00e9szs\u00e9ge a kollekt\u00edviz\u00e1l\u00e1s elleni t\u00f6bbsz\u00f6ri ellens\u00e9ges megnyilv\u00e1nul\u00e1s v\u00e1dj\u00e1val \u00e1ll\u00edtotta b\u00edr\u00f3s\u00e1g el\u00e9. 5 \u00e9vre \u00edt\u00e9lt\u00e9k (szabadult:1960. m\u00e1rc. 22.). Irod.: 1956 Erd\u00e9lyben<\/p>\n","protected":false},"featured_media":0,"comment_status":"open","ping_status":"closed","template":"","meta":[],"product_brand":[],"product_cat":[137],"product_tag":[],"class_list":{"0":"post-18947","1":"product","2":"type-product","3":"status-publish","5":"product_cat-maros-megyei-eletrajzi-lexikon","7":"first","8":"instock","9":"shipping-taxable","10":"product-type-simple"},"_links":{"self":[{"href":"https:\/\/uj.adatbank.ro\/lexikon\/wp-json\/wp\/v2\/product\/18947","targetHints":{"allow":["GET"]}}],"collection":[{"href":"https:\/\/uj.adatbank.ro\/lexikon\/wp-json\/wp\/v2\/product"}],"about":[{"href":"https:\/\/uj.adatbank.ro\/lexikon\/wp-json\/wp\/v2\/types\/product"}],"replies":[{"embeddable":true,"href":"https:\/\/uj.adatbank.ro\/lexikon\/wp-json\/wp\/v2\/comments?post=18947"}],"wp:attachment":[{"href":"https:\/\/uj.adatbank.ro\/lexikon\/wp-json\/wp\/v2\/media?parent=18947"}],"wp:term":[{"taxonomy":"product_brand","embeddable":true,"href":"https:\/\/uj.adatbank.ro\/lexikon\/wp-json\/wp\/v2\/product_brand?post=18947"},{"taxonomy":"product_cat","embeddable":true,"href":"https:\/\/uj.adatbank.ro\/lexikon\/wp-json\/wp\/v2\/product_cat?post=18947"},{"taxonomy":"product_tag","embeddable":true,"href":"https:\/\/uj.adatbank.ro\/lexikon\/wp-json\/wp\/v2\/product_tag?post=18947"}],"curies":[{"name":"wp","href":"https:\/\/api.w.org\/{rel}","templated":true}]}}