{"id":18951,"date":"2025-07-16T11:12:07","date_gmt":"2025-07-16T09:12:07","guid":{"rendered":"https:\/\/uj.adatbank.ro\/lexikon\/termek\/rafi-lajos\/"},"modified":"2025-07-16T11:12:07","modified_gmt":"2025-07-16T09:12:07","slug":"rafi-lajos","status":"publish","type":"product","link":"https:\/\/uj.adatbank.ro\/lexikon\/termek\/rafi-lajos\/","title":{"rendered":"RAFI Lajos"},"content":{"rendered":"<p>Mv.,1970.,\u2020\u00a0Gyergy\u00f3sz\u00e1rhegy, 2013. j\u00fan. 24. k\u00f6lt\u0151. \u2013 Erd\u00e9lyi cig\u00e1ny k\u00f6lt\u0151. \u2013 <strong>F. m.:<\/strong> F\u00f6ldh\u00f6z vert csoda (Bp., 2007); Ett under, slaget till marken \/F\u00f6ldh\u00f6z vert csoda\/ ford. Ove Berglund, nyers ford. Gergely Tam\u00e1s; Az \u00e9let sz\u00e1ml\u00e1ja (Mark House, 2012); Halottk\u00e9nt \u00e9l az Isten. \u00d6sszegy\u0171jt\u00f6tt versek. Szerk.Ferenczi Attila (Kv., 2017). <br \/><strong>Irod.:<\/strong> Czilli Aranka \u00c1gota: \u00bbMi\u00e9rt van a leveleknek zokog\u00e1sa ? \u00bb \u2013 gondolatok Rafi Lajos k\u00f6lt\u00e9szete kapcs\u00e1n. (Kr\u00f3nika, el\u0151retolt hely\u00f6rs\u00e9g., 2021. j\u00fal., IV. \u00e9vf., 8.(38) sz.)<\/br><\/p>\n","protected":false},"excerpt":{"rendered":"<p>Mv.,1970.,\u2020\u00a0Gyergy\u00f3sz\u00e1rhegy, 2013. j\u00fan. 24. k\u00f6lt\u0151. \u2013 Erd\u00e9lyi cig\u00e1ny k\u00f6lt\u0151. \u2013 F. m.: F\u00f6ldh\u00f6z vert csoda (Bp., 2007); Ett under, slaget till marken \/F\u00f6ldh\u00f6z vert csoda\/ ford. Ove Berglund, nyers ford. Gergely Tam\u00e1s; Az \u00e9let sz\u00e1ml\u00e1ja (Mark House, 2012); Halottk\u00e9nt \u00e9l az Isten. \u00d6sszegy\u0171jt\u00f6tt versek. Szerk.Ferenczi Attila (Kv., 2017). Irod.: Czilli Aranka \u00c1gota: \u00bbMi\u00e9rt van a [&hellip;]<\/p>\n","protected":false},"featured_media":0,"comment_status":"open","ping_status":"closed","template":"","meta":[],"product_brand":[],"product_cat":[137],"product_tag":[],"class_list":{"0":"post-18951","1":"product","2":"type-product","3":"status-publish","5":"product_cat-maros-megyei-eletrajzi-lexikon","7":"first","8":"instock","9":"shipping-taxable","10":"product-type-simple"},"_links":{"self":[{"href":"https:\/\/uj.adatbank.ro\/lexikon\/wp-json\/wp\/v2\/product\/18951","targetHints":{"allow":["GET"]}}],"collection":[{"href":"https:\/\/uj.adatbank.ro\/lexikon\/wp-json\/wp\/v2\/product"}],"about":[{"href":"https:\/\/uj.adatbank.ro\/lexikon\/wp-json\/wp\/v2\/types\/product"}],"replies":[{"embeddable":true,"href":"https:\/\/uj.adatbank.ro\/lexikon\/wp-json\/wp\/v2\/comments?post=18951"}],"wp:attachment":[{"href":"https:\/\/uj.adatbank.ro\/lexikon\/wp-json\/wp\/v2\/media?parent=18951"}],"wp:term":[{"taxonomy":"product_brand","embeddable":true,"href":"https:\/\/uj.adatbank.ro\/lexikon\/wp-json\/wp\/v2\/product_brand?post=18951"},{"taxonomy":"product_cat","embeddable":true,"href":"https:\/\/uj.adatbank.ro\/lexikon\/wp-json\/wp\/v2\/product_cat?post=18951"},{"taxonomy":"product_tag","embeddable":true,"href":"https:\/\/uj.adatbank.ro\/lexikon\/wp-json\/wp\/v2\/product_tag?post=18951"}],"curies":[{"name":"wp","href":"https:\/\/api.w.org\/{rel}","templated":true}]}}