{"id":18958,"date":"2025-07-16T11:12:22","date_gmt":"2025-07-16T09:12:22","guid":{"rendered":"https:\/\/uj.adatbank.ro\/lexikon\/termek\/rajcsani-gyorgy-raicsanyi-gyorgy\/"},"modified":"2025-07-16T11:12:22","modified_gmt":"2025-07-16T09:12:22","slug":"rajcsani-gyorgy-raicsanyi-gyorgy","status":"publish","type":"product","link":"https:\/\/uj.adatbank.ro\/lexikon\/termek\/rajcsani-gyorgy-raicsanyi-gyorgy\/","title":{"rendered":"RAJCS\u00c1NI Gy\u00f6rgy; Raics\u00e1nyi Gy\u00f6rgy"},"content":{"rendered":"<p>Nemeskosztol\u00e1ny, 1670. szept. 8., \u2020 Mv., 1734. j\u00fal. 5.\u00a0: b\u00f6lcseleti \u00e9s teologiai doktor, J\u00e9zus-t\u00e1rsas\u00e1gi \u00e1ldoz\u00f3pap \u00e9s tan\u00e1r. \u2013 A trencs\u00e9nyi jezsuita gimn.-ban volt nov\u00edcius (1687\u2013). Tan\u00edtotta a grammatik\u00e1t, \u00e9kessz\u00f3l\u00e1stant \u00e9s b\u00f6lcseletet Nagyszombatban; ugyanott a teologia tan\u00e1ra volt (\u20131723); azut\u00e1n n\u00e9gy \u00e9vig R\u00f3m\u00e1ban magyar gy\u00f3ntat\u00f3; a magyar nyelven k\u00edv\u0171l megtanulta az olaszt, franci\u00e1t \u00e9s spanyolt. Visszat\u00e9rve haz\u00e1j\u00e1ba rektor (1726\u201328) \u00e9s kancell\u00e1r (1728\u201329) volt a nagyszombati egyetemen \u00e9s a boz\u00f3ki telepeseket a r\u00f3m. kat. hitre t\u00e9r\u00edtette. Fels\u0151-Magyarorsz\u00e1gon \u00e9s Erd\u00e9lyben egyh\u00e1zl\u00e1togat\u00e1si tisztet viselt Kv.-t rektor volt. Feladatul kapta az erd\u00e9lyi jezsuita h\u00e1zak fel\u00fclvizsg\u00e1lat\u00e1t (1734), s\u00falyos betegen \u00e9rkezett Mv.-re \u00e9s itt fejezte be \u00e9let\u00e9t. \u2013 F.m. : Harmonia Philosophica Cantus laetiores tristioribus, &#038; tristiores laetioribus attemperans, Sive Principia Quaedam verae ac genuinae Philosophiae, animum humanum regulantia; ne, vel prosperis evanescat, vel adversis fragnatur; ex libris duobus Francisci Petrarchae, De remedjis utriusque fortunae, desumpta&#8230; Anno MDCCVI. die Maij. (Tyrnaviae, 1706); Ars recte philosophandi seu Vitam ex praescripto rationis moderandi desumpta potissimum Ex Dialogis Francisci Petrarchae De Remedijs utriusque fortunae, &#038; A Praenobili, ac Erudito Domino Stephano Hunyadi&#8230; Philosophiae Baccalaureo, ejusdemque pro suprema laurea Candidato publicae utilitati proposita: Dum In Alma Archi-Episcopali Universitate Tyrnaviense Anno 1707&#8230;. Universam Philosophiam propugnaret. Praeside&#8230; (Tyrnaviae, 1707); Laurus Tuta a Flumine Seu Consignatio sui in Providentia Dei, Ex principijs Philosophiae sanctioris, potissimum desumpta, &#038; Philosophiae Profanae Emeritis&#8230; et Philosophiae Profanae Emeritis&#8230; et Philosophiae Baccalaureis. Nomine Condiscipulorum oblata&#8230; (Tyrnaviae, 1707); Somnium Philosophi Repraesentant Tabulam Cebetis Philosophi Platonici, &#038; Enchiridion Epicteti Philosophi Stoici. Honori&#8230; Domini Laurentij G\u00f6rgei&#8230; Vice-Comitis &#038;c. Oblatum A Rev. &#038; Philos. Baccal. ac pro suprema ejusdem laurea Candidi&#8230; Dum&#8230; In&#8230; Universitate Tyrnaviensi, Anno 1707, Mense Augusto, Die&#8230; Universam Philosophiam propugnaret, Praeside&#8230; U. ott. 5. Dictamina seu Scita variae Doctrinae, Politicae, Moralis, Stoicae &#038; Spiritualis. Ex Operibus R. P. Joannis Eusebij Niederbergij Collecta&#8230; Anno 1708. (Tyrnaiae, 1708)\u00a0; Colloquium Sphyngis Cum Oedipo Seu AenigmataVersibus Proposita Ac Soluta: Cum Appendice Quorundam Oedipum desiderantium. Honoribus&#8230; Philosophiae Baccalaureorum. Dum Promotore&#8230; Suprema Philosophiae laurea condecorarentur. Dicata&#8230; M.DCC.IX. (Tyrnavuae, 1709); Conclusiones scientiae practicae&#8230; (Tyrnaviae, 1718); Bellum contra hostes capitales Animae&#8230; (Tyrnaviae, 1717. \u00e9s 1720). K\u00e9t r\u00e9sz. (T\u00f6bbsz\u00f6ri ut\u00e1nnyomat); Joannis Scheffleri&#8230; Concilium Tridentinum ante Tridentinum&#8230; (Tyrnaviae, 1718); Instructio Confessarii, et Poenitentis, Authore R. P. Paulo Segneri&#8230; SS. Theologiae auditoribus oblata&#8230; (Tyrnaviae, 1719). <br \/><strong>Irod.:<\/strong> Hor\u00e1nyi; Monay: R. m. gy.; Jezsuita \u00e9vk.; Szinnyei.<\/br><\/p>\n","protected":false},"excerpt":{"rendered":"<p>Nemeskosztol\u00e1ny, 1670. szept. 8., \u2020 Mv., 1734. j\u00fal. 5.\u00a0: b\u00f6lcseleti \u00e9s teologiai doktor, J\u00e9zus-t\u00e1rsas\u00e1gi \u00e1ldoz\u00f3pap \u00e9s tan\u00e1r. \u2013 A trencs\u00e9nyi jezsuita gimn.-ban volt nov\u00edcius (1687\u2013). Tan\u00edtotta a grammatik\u00e1t, \u00e9kessz\u00f3l\u00e1stant \u00e9s b\u00f6lcseletet Nagyszombatban; ugyanott a teologia tan\u00e1ra volt (\u20131723); azut\u00e1n n\u00e9gy \u00e9vig R\u00f3m\u00e1ban magyar gy\u00f3ntat\u00f3; a magyar nyelven k\u00edv\u0171l megtanulta az olaszt, franci\u00e1t \u00e9s spanyolt. Visszat\u00e9rve [&hellip;]<\/p>\n","protected":false},"featured_media":0,"comment_status":"open","ping_status":"closed","template":"","meta":[],"product_brand":[],"product_cat":[137],"product_tag":[],"class_list":{"0":"post-18958","1":"product","2":"type-product","3":"status-publish","5":"product_cat-maros-megyei-eletrajzi-lexikon","7":"first","8":"instock","9":"shipping-taxable","10":"product-type-simple"},"_links":{"self":[{"href":"https:\/\/uj.adatbank.ro\/lexikon\/wp-json\/wp\/v2\/product\/18958","targetHints":{"allow":["GET"]}}],"collection":[{"href":"https:\/\/uj.adatbank.ro\/lexikon\/wp-json\/wp\/v2\/product"}],"about":[{"href":"https:\/\/uj.adatbank.ro\/lexikon\/wp-json\/wp\/v2\/types\/product"}],"replies":[{"embeddable":true,"href":"https:\/\/uj.adatbank.ro\/lexikon\/wp-json\/wp\/v2\/comments?post=18958"}],"wp:attachment":[{"href":"https:\/\/uj.adatbank.ro\/lexikon\/wp-json\/wp\/v2\/media?parent=18958"}],"wp:term":[{"taxonomy":"product_brand","embeddable":true,"href":"https:\/\/uj.adatbank.ro\/lexikon\/wp-json\/wp\/v2\/product_brand?post=18958"},{"taxonomy":"product_cat","embeddable":true,"href":"https:\/\/uj.adatbank.ro\/lexikon\/wp-json\/wp\/v2\/product_cat?post=18958"},{"taxonomy":"product_tag","embeddable":true,"href":"https:\/\/uj.adatbank.ro\/lexikon\/wp-json\/wp\/v2\/product_tag?post=18958"}],"curies":[{"name":"wp","href":"https:\/\/api.w.org\/{rel}","templated":true}]}}

RAJCSÁNI György; Raicsányi György

<p>Nemeskosztolány, 1670. szept. 8., † Mv., 1734. júl. 5. : bölcseleti és teologiai doktor, Jézus-társasági áldozópap és tanár. – A trencsényi jezsuita gimn.-ban volt novícius (1687–). Tanította a grammatikát, ékesszólástant és bölcseletet Nagyszombatban; ugyanott a teologia tanára volt (–1723); azután négy évig Rómában magyar gyóntató; a magyar nyelven kívűl megtanulta az olaszt, franciát és spanyolt. Visszatérve hazájába rektor (1726–28) és kancellár (1728–29) volt a nagyszombati egyetemen és a bozóki telepeseket a róm. kat. hitre térítette. Felső-Magyarországon és Erdélyben egyházlátogatási tisztet viselt Kv.-t rektor volt. Feladatul kapta az erdélyi jezsuita házak felülvizsgálatát (1734), súlyos betegen érkezett Mv.-re és itt fejezte be életét. – F.m. : Harmonia Philosophica Cantus laetiores tristioribus, &#038; tristiores laetioribus attemperans, Sive Principia Quaedam verae ac genuinae Philosophiae, animum humanum regulantia; ne, vel prosperis evanescat, vel adversis fragnatur; ex libris duobus Francisci Petrarchae, De remedjis utriusque fortunae, desumpta&#8230; Anno MDCCVI. die Maij. (Tyrnaviae, 1706); Ars recte philosophandi seu Vitam ex praescripto rationis moderandi desumpta potissimum Ex Dialogis Francisci Petrarchae De Remedijs utriusque fortunae, &#038; A Praenobili, ac Erudito Domino Stephano Hunyadi&#8230; Philosophiae Baccalaureo, ejusdemque pro suprema laurea Candidato publicae utilitati proposita: Dum In Alma Archi-Episcopali Universitate Tyrnaviense Anno 1707&#8230;. Universam Philosophiam propugnaret. Praeside&#8230; (Tyrnaviae, 1707); Laurus Tuta a Flumine Seu Consignatio sui in Providentia Dei, Ex principijs Philosophiae sanctioris, potissimum desumpta, &#038; Philosophiae Profanae Emeritis&#8230; et Philosophiae Profanae Emeritis&#8230; et Philosophiae Baccalaureis. Nomine Condiscipulorum oblata&#8230; (Tyrnaviae, 1707); Somnium Philosophi Repraesentant Tabulam Cebetis Philosophi Platonici, &#038; Enchiridion Epicteti Philosophi Stoici. Honori&#8230; Domini Laurentij Görgei&#8230; Vice-Comitis &#038;c. Oblatum A Rev. &#038; Philos. Baccal. ac pro suprema ejusdem laurea Candidi&#8230; Dum&#8230; In&#8230; Universitate Tyrnaviensi, Anno 1707, Mense Augusto, Die&#8230; Universam Philosophiam propugnaret, Praeside&#8230; U. ott. 5. Dictamina seu Scita variae Doctrinae, Politicae, Moralis, Stoicae &#038; Spiritualis. Ex Operibus R. P. Joannis Eusebij Niederbergij Collecta&#8230; Anno 1708. (Tyrnaiae, 1708) ; Colloquium Sphyngis Cum Oedipo Seu AenigmataVersibus Proposita Ac Soluta: Cum Appendice Quorundam Oedipum desiderantium. Honoribus&#8230; Philosophiae Baccalaureorum. Dum Promotore&#8230; Suprema Philosophiae laurea condecorarentur. Dicata&#8230; M.DCC.IX. (Tyrnavuae, 1709); Conclusiones scientiae practicae&#8230; (Tyrnaviae, 1718); Bellum contra hostes capitales Animae&#8230; (Tyrnaviae, 1717. és 1720). Két rész. (Többszöri utánnyomat); Joannis Scheffleri&#8230; Concilium Tridentinum ante Tridentinum&#8230; (Tyrnaviae, 1718); Instructio Confessarii, et Poenitentis, Authore R. P. Paulo Segneri&#8230; SS. Theologiae auditoribus oblata&#8230; (Tyrnaviae, 1719). <br /><strong>Irod.:</strong> Horányi; Monay: R. m. gy.; Jezsuita évk.; Szinnyei.</br></p>

<p>Nemeskosztolány, 1670. szept. 8., † Mv., 1734. júl. 5. : bölcseleti és teologiai doktor, Jézus-társasági áldozópap és tanár. – A trencsényi jezsuita gimn.-ban volt novícius (1687–). Tanította a grammatikát, ékesszólástant és bölcseletet Nagyszombatban; ugyanott a teologia tanára volt (–1723); azután négy évig Rómában magyar gyóntató; a magyar nyelven kívűl megtanulta az olaszt, franciát és spanyolt. Visszatérve [&hellip;]</p>
