{"id":18963,"date":"2025-07-16T11:12:33","date_gmt":"2025-07-16T09:12:33","guid":{"rendered":"https:\/\/uj.adatbank.ro\/lexikon\/termek\/rajka-peter-%c2%a7\/"},"modified":"2025-07-16T11:12:33","modified_gmt":"2025-07-16T09:12:33","slug":"rajka-peter-%c2%a7","status":"publish","type":"product","link":"https:\/\/uj.adatbank.ro\/lexikon\/termek\/rajka-peter-%c2%a7\/","title":{"rendered":"RAJKA P\u00e9ter, \u00a7"},"content":{"rendered":"<p>Mv.,1807. febr. 11., \u2020 Kv.,1876, \u00e1pr. 28. a Hazsong\u00e1rdi temet\u0151ben nyugszik : feltal\u00e1l\u00f3, g\u00e9pgy\u00e1rt\u00f3, m\u00e9rn\u00f6k. \u2013 A mv.-i Ref. Koll.-ban tanult, Bolyai Farkas tan\u00edtv\u00e1nya. A Teleki csal\u00e1dn\u00e1l nevel\u0151, elk\u00eds\u00e9rte tan\u00edtv\u00e1ny\u00e1t, Teleki S\u00e1muel unok\u00e1j\u00e1t, a k\u00e9s\u0151bbi Afrika-kutat\u00f3 Teleki Samut B\u00e9csbe, ahol a m\u0171egyetem m\u00e9rn\u00f6ki kar\u00e1n v\u00e9gzett (1836\u201339). \u00cdt\u00e9l\u0151t\u00e1blai tisztvisel\u0151 volt. Kv.-on megalap\u00edtotta az els\u0151 g\u00e9pgy\u00e1rt\u00f3 \u2018\u2019fabrik\u00e1t\u201d: szecskav\u00e1g\u00f3t, ek\u00e9t, vet\u0151g\u00e9pet, cs\u00e9pl\u0151g\u00e9pet, kukoricafejt\u0151t gy\u00e1rtottak (1840). A munkaer\u0151hi\u00e1nyt a saj\u00e1t lak\u00e1s\u00e1n szervezett vas\u00e1rnapi iskolai g\u00e9p\u00e9szoktat\u00e1ssal pr\u00f3b\u00e1lta megoldani. A kv-i fegyvergy\u00e1r igazgat\u00f3ja volt (1848). Az EGE t\u00e1mogatta t\u00f6rekv\u00e9seit, a kv.-i Kereskedelmi \u00e9s Iparkamara aleln\u00f6kek\u00e9nt k\u00e9pviselte gazdas\u00e1gfejleszt\u00e9si gondolatait. A szabads\u00e1gharc lever\u00e9se ut\u00e1n \u00fajraind\u00edtotta gy\u00e1r\u00e1t (1853), de nem tudott versenyezni a nagy nyugati c\u00e9gekkel, s gy\u00e1ra beolvadt a Dietrich \u2013c\u00e9gbe (1869). Sikeresen mutatkozott be mez\u0151gazdas\u00e1gi szerkezeteivel Kv.-on (1857), v\u00e1lt\u00f3ek\u00e9je az orsz\u00e1gos ki\u00e1ll\u00edt\u00e1son arany\u00e9rmet nyert (1866). A Rajka-Dietrich f\u00e9le g\u0151zg\u00e9pet a mv.-i Baruch f\u00e9le szeszgy\u00e1rban munk\u00e1ba \u00e1ll\u00edtott\u00e1k (1874).<br \/><strong>Irod.:<\/strong> Farkasn\u00e9 Imreh M\u00e1ria: R. P., az erd\u00e9lyi g\u00e9pgy\u00e1rt\u00e1s \u00fatt\u00f6r\u0151je = Az erd\u00e9lyi m. gazads\u00e1gi gondolkod\u00e1s m\u00faltj\u00e1b\u00f3l (XIX-XX. sz.) (Kv., 2001); F\u00fcl\u00f6p\u2013Ferencz; Gell\u00e9ri M\u00f3r: A magyar ipar \u00fatt\u00f6r\u0151i (Bp., 1887); (N\u00fa., 2006. \u00e1pr. 25); H\u00e1zsong\u00e1rd; Id\u0151t\u00e1r 1; Id\u0151t\u00e1r 2; Imreh; Imreh Istv\u00e1n: Erd\u00e9lyi h\u00e9tk\u00f6znapok (Szabads\u00e1g, 2006. \u00e1pr. 29.); Szab\u00f3-Sz\u00f6gi, Verzeichniss jener Gegenst\u00e4nde welchwr zur zweiten ungarischen Gewerbs-Ausstellung bis zum 25. Aug. 1843 eingesendet wurden (Pest, 1843)<\/br><\/p>\n","protected":false},"excerpt":{"rendered":"<p>Mv.,1807. febr. 11., \u2020 Kv.,1876, \u00e1pr. 28. a Hazsong\u00e1rdi temet\u0151ben nyugszik : feltal\u00e1l\u00f3, g\u00e9pgy\u00e1rt\u00f3, m\u00e9rn\u00f6k. \u2013 A mv.-i Ref. Koll.-ban tanult, Bolyai Farkas tan\u00edtv\u00e1nya. A Teleki csal\u00e1dn\u00e1l nevel\u0151, elk\u00eds\u00e9rte tan\u00edtv\u00e1ny\u00e1t, Teleki S\u00e1muel unok\u00e1j\u00e1t, a k\u00e9s\u0151bbi Afrika-kutat\u00f3 Teleki Samut B\u00e9csbe, ahol a m\u0171egyetem m\u00e9rn\u00f6ki kar\u00e1n v\u00e9gzett (1836\u201339). \u00cdt\u00e9l\u0151t\u00e1blai tisztvisel\u0151 volt. Kv.-on megalap\u00edtotta az els\u0151 g\u00e9pgy\u00e1rt\u00f3 \u2018\u2019fabrik\u00e1t\u201d: [&hellip;]<\/p>\n","protected":false},"featured_media":0,"comment_status":"open","ping_status":"closed","template":"","meta":[],"product_brand":[],"product_cat":[137],"product_tag":[],"class_list":{"0":"post-18963","1":"product","2":"type-product","3":"status-publish","5":"product_cat-maros-megyei-eletrajzi-lexikon","7":"first","8":"instock","9":"shipping-taxable","10":"product-type-simple"},"_links":{"self":[{"href":"https:\/\/uj.adatbank.ro\/lexikon\/wp-json\/wp\/v2\/product\/18963","targetHints":{"allow":["GET"]}}],"collection":[{"href":"https:\/\/uj.adatbank.ro\/lexikon\/wp-json\/wp\/v2\/product"}],"about":[{"href":"https:\/\/uj.adatbank.ro\/lexikon\/wp-json\/wp\/v2\/types\/product"}],"replies":[{"embeddable":true,"href":"https:\/\/uj.adatbank.ro\/lexikon\/wp-json\/wp\/v2\/comments?post=18963"}],"wp:attachment":[{"href":"https:\/\/uj.adatbank.ro\/lexikon\/wp-json\/wp\/v2\/media?parent=18963"}],"wp:term":[{"taxonomy":"product_brand","embeddable":true,"href":"https:\/\/uj.adatbank.ro\/lexikon\/wp-json\/wp\/v2\/product_brand?post=18963"},{"taxonomy":"product_cat","embeddable":true,"href":"https:\/\/uj.adatbank.ro\/lexikon\/wp-json\/wp\/v2\/product_cat?post=18963"},{"taxonomy":"product_tag","embeddable":true,"href":"https:\/\/uj.adatbank.ro\/lexikon\/wp-json\/wp\/v2\/product_tag?post=18963"}],"curies":[{"name":"wp","href":"https:\/\/api.w.org\/{rel}","templated":true}]}}

RAJKA Péter, §

<p>Mv.,1807. febr. 11., † Kv.,1876, ápr. 28. a Hazsongárdi temetőben nyugszik : feltaláló, gépgyártó, mérnök. – A mv.-i Ref. Koll.-ban tanult, Bolyai Farkas tanítványa. A Teleki családnál nevelő, elkísérte tanítványát, Teleki Sámuel unokáját, a későbbi Afrika-kutató Teleki Samut Bécsbe, ahol a műegyetem mérnöki karán végzett (1836–39). Ítélőtáblai tisztviselő volt. Kv.-on megalapította az első gépgyártó ‘’fabrikát”: szecskavágót, ekét, vetőgépet, cséplőgépet, kukoricafejtőt gyártottak (1840). A munkaerőhiányt a saját lakásán szervezett vasárnapi iskolai gépészoktatással próbálta megoldani. A kv-i fegyvergyár igazgatója volt (1848). Az EGE támogatta törekvéseit, a kv.-i Kereskedelmi és Iparkamara alelnökeként képviselte gazdaságfejlesztési gondolatait. A szabadságharc leverése után újraindította gyárát (1853), de nem tudott versenyezni a nagy nyugati cégekkel, s gyára beolvadt a Dietrich –cégbe (1869). Sikeresen mutatkozott be mezőgazdasági szerkezeteivel Kv.-on (1857), váltóekéje az országos kiállításon aranyérmet nyert (1866). A Rajka-Dietrich féle gőzgépet a mv.-i Baruch féle szeszgyárban munkába állították (1874).<br /><strong>Irod.:</strong> Farkasné Imreh Mária: R. P., az erdélyi gépgyártás úttörője = Az erdélyi m. gazadsági gondolkodás múltjából (XIX-XX. sz.) (Kv., 2001); Fülöp–Ferencz; Gelléri Mór: A magyar ipar úttörői (Bp., 1887); (Nú., 2006. ápr. 25); Házsongárd; Időtár 1; Időtár 2; Imreh; Imreh István: Erdélyi hétköznapok (Szabadság, 2006. ápr. 29.); Szabó-Szögi, Verzeichniss jener Gegenstände welchwr zur zweiten ungarischen Gewerbs-Ausstellung bis zum 25. Aug. 1843 eingesendet wurden (Pest, 1843)</br></p>

<p>Mv.,1807. febr. 11., † Kv.,1876, ápr. 28. a Hazsongárdi temetőben nyugszik : feltaláló, gépgyártó, mérnök. – A mv.-i Ref. Koll.-ban tanult, Bolyai Farkas tanítványa. A Teleki családnál nevelő, elkísérte tanítványát, Teleki Sámuel unokáját, a későbbi Afrika-kutató Teleki Samut Bécsbe, ahol a műegyetem mérnöki karán végzett (1836–39). Ítélőtáblai tisztviselő volt. Kv.-on megalapította az első gépgyártó ‘’fabrikát”: [&hellip;]</p>
