{"id":18965,"date":"2025-07-16T11:12:40","date_gmt":"2025-07-16T09:12:40","guid":{"rendered":"https:\/\/uj.adatbank.ro\/lexikon\/termek\/rajka-tibor\/"},"modified":"2025-07-16T11:12:40","modified_gmt":"2025-07-16T09:12:40","slug":"rajka-tibor","status":"publish","type":"product","link":"https:\/\/uj.adatbank.ro\/lexikon\/termek\/rajka-tibor\/","title":{"rendered":"RAJKA Tibor"},"content":{"rendered":"<p>Mv., 1901. jan. 23., \u2020 Bp., 1980. dec. 8.: orvos, ideg- \u00e9s el\u00admegy\u00f3gy\u00e1sz, pszichoanalitikus. \u2013 A M. Pszi\u00adchol\u00f3giai T\u00e1rs. alap\u00edt\u00f3 tagja, az International Psychonalytical Association r. tagja. \u2013 A bp.-i egy.-en orvosi oklevelet szerzett (1928\u2013), a bp.-i Szt. Istv\u00e1n K\u00f3rh\u00e1zban beosz\u00adtott orvos (1928\u2013), k\u00f6zben idegorvosi k\u00e9pes\u00edt\u00e9st is szerzett. Bp.-en k\u00f6rorvos (1931\u201336), a bp.-i Apponyi-poliklinik\u00e1n k\u00f3rh\u00e1zi alorvos (1940\u201346), az Orsz. Tiszt\u00advisel\u0151i Betegseg\u00e9lyez\u00e9si Alap (OTBA) k\u00f6z\u00adponti ig.(1948\u201349), a SZOT-Eg\u00e9szs\u00e9g\u00fcgyi Dol\u00adgoz\u00f3k Szakszervezet\u00e9nek ellen\u0151rz\u0151 f\u0151orvosa (1950\u2013), Par\u00e1df\u00fcrd\u0151n a SZOT-szanat\u00f3rium ig.-f\u0151orvosa (1954\u201358), ism\u00e9t ellen\u0151rz\u0151 f\u0151\u00adorvos nyugd\u00edjaz\u00e1s\u00e1ig (1958\u201370). F\u0151 kutat\u00e1si te\u00adr\u00fcletei: a szorong\u00e1sos neur\u00f3zisok \u00e9s k\u00e9nyszer\u00adbetegs\u00e9gek. Foglalkozott a neur\u00f3zisok t\u00e1rs. \u00e9s t\u00e1rsadalombiztos\u00edt\u00e1si k\u00e9rd\u00e9seivel, a lelki\u00adeg\u00e9szs\u00e9gv\u00e9delem \u00e9s az alkoholizmus probl\u00e9\u00adm\u00e1ival. Cikkeit szaklapokban k\u00f6z\u00f6lte: L\u00e9lekkutat\u00e1s, Orvosi Hetilap, Rivista di Biologia, Orvosk\u00e9pz\u00e9s, Val\u00f3s\u00e1g. \u2013 <strong>F. m.:<\/strong> Az elmebeteg\u00fcgy jelen k\u00e9rd\u00e9sei Magyarorsz\u00e1\u00adgon. T\u00f6bbekkel. Szerk. (Bp., 1947); Idegrendszeri \u00e1rtal\u00admak megel\u0151z\u00e9s\u00e9r\u0151l (Bp., 1962); A szakszer\u00advezetek eg\u00e9szs\u00e9g\u00fcgyi felvil\u00e1gos\u00edt\u00f3 tev\u00e9keny\u00ads\u00e9ge (Bp., 1966); Adatok a k\u00e9nyszerbetegs\u00e9g pato-dinamik\u00e1j\u00e1hoz (Eml\u00e9kk. dr. Hermann Imre 80. sz\u00fclet\u00e9snapj\u00e1ra. Bp., 1972). <br \/><strong>Irod.:<\/strong> \u00daM\u00c9L<\/br><\/p>\n","protected":false},"excerpt":{"rendered":"<p>Mv., 1901. jan. 23., \u2020 Bp., 1980. dec. 8.: orvos, ideg- \u00e9s el\u00admegy\u00f3gy\u00e1sz, pszichoanalitikus. \u2013 A M. Pszi\u00adchol\u00f3giai T\u00e1rs. alap\u00edt\u00f3 tagja, az International Psychonalytical Association r. tagja. \u2013 A bp.-i egy.-en orvosi oklevelet szerzett (1928\u2013), a bp.-i Szt. Istv\u00e1n K\u00f3rh\u00e1zban beosz\u00adtott orvos (1928\u2013), k\u00f6zben idegorvosi k\u00e9pes\u00edt\u00e9st is szerzett. Bp.-en k\u00f6rorvos (1931\u201336), a bp.-i Apponyi-poliklinik\u00e1n k\u00f3rh\u00e1zi [&hellip;]<\/p>\n","protected":false},"featured_media":0,"comment_status":"open","ping_status":"closed","template":"","meta":[],"product_brand":[],"product_cat":[137],"product_tag":[],"class_list":{"0":"post-18965","1":"product","2":"type-product","3":"status-publish","5":"product_cat-maros-megyei-eletrajzi-lexikon","7":"first","8":"instock","9":"shipping-taxable","10":"product-type-simple"},"_links":{"self":[{"href":"https:\/\/uj.adatbank.ro\/lexikon\/wp-json\/wp\/v2\/product\/18965","targetHints":{"allow":["GET"]}}],"collection":[{"href":"https:\/\/uj.adatbank.ro\/lexikon\/wp-json\/wp\/v2\/product"}],"about":[{"href":"https:\/\/uj.adatbank.ro\/lexikon\/wp-json\/wp\/v2\/types\/product"}],"replies":[{"embeddable":true,"href":"https:\/\/uj.adatbank.ro\/lexikon\/wp-json\/wp\/v2\/comments?post=18965"}],"wp:attachment":[{"href":"https:\/\/uj.adatbank.ro\/lexikon\/wp-json\/wp\/v2\/media?parent=18965"}],"wp:term":[{"taxonomy":"product_brand","embeddable":true,"href":"https:\/\/uj.adatbank.ro\/lexikon\/wp-json\/wp\/v2\/product_brand?post=18965"},{"taxonomy":"product_cat","embeddable":true,"href":"https:\/\/uj.adatbank.ro\/lexikon\/wp-json\/wp\/v2\/product_cat?post=18965"},{"taxonomy":"product_tag","embeddable":true,"href":"https:\/\/uj.adatbank.ro\/lexikon\/wp-json\/wp\/v2\/product_tag?post=18965"}],"curies":[{"name":"wp","href":"https:\/\/api.w.org\/{rel}","templated":true}]}}

<p>Mv., 1901. jan. 23., † Bp., 1980. dec. 8.: orvos, ideg- és el­megyógyász, pszichoanalitikus. – A M. Pszi­chológiai Társ. alapító tagja, az International Psychonalytical Association r. tagja. – A bp.-i egy.-en orvosi oklevelet szerzett (1928–), a bp.-i Szt. István Kórházban beosz­tott orvos (1928–), közben idegorvosi képesítést is szerzett. Bp.-en körorvos (1931–36), a bp.-i Apponyi-poliklinikán kórházi alorvos (1940–46), az Orsz. Tiszt­viselői Betegsegélyezési Alap (OTBA) köz­ponti ig.(1948–49), a SZOT-Egészségügyi Dol­gozók Szakszervezetének ellenőrző főorvosa (1950–), Parádfürdőn a SZOT-szanatórium ig.-főorvosa (1954–58), ismét ellenőrző fő­orvos nyugdíjazásáig (1958–70). Fő kutatási te­rületei: a szorongásos neurózisok és kényszer­betegségek. Foglalkozott a neurózisok társ. és társadalombiztosítási kérdéseivel, a lelki­egészségvédelem és az alkoholizmus problé­máival. Cikkeit szaklapokban közölte: Lélekkutatás, Orvosi Hetilap, Rivista di Biologia, Orvosképzés, Valóság. – <strong>F. m.:</strong> Az elmebetegügy jelen kérdései Magyarorszá­gon. Többekkel. Szerk. (Bp., 1947); Idegrendszeri ártal­mak megelőzéséről (Bp., 1962); A szakszer­vezetek egészségügyi felvilágosító tevékeny­sége (Bp., 1966); Adatok a kényszerbetegség pato-dinamikájához (Emlékk. dr. Hermann Imre 80. születésnapjára. Bp., 1972). <br /><strong>Irod.:</strong> ÚMÉL</br></p>

<p>Mv., 1901. jan. 23., † Bp., 1980. dec. 8.: orvos, ideg- és el­megyógyász, pszichoanalitikus. – A M. Pszi­chológiai Társ. alapító tagja, az International Psychonalytical Association r. tagja. – A bp.-i egy.-en orvosi oklevelet szerzett (1928–), a bp.-i Szt. István Kórházban beosz­tott orvos (1928–), közben idegorvosi képesítést is szerzett. Bp.-en körorvos (1931–36), a bp.-i Apponyi-poliklinikán kórházi [&hellip;]</p>
