{"id":1897,"date":"2025-06-28T11:57:00","date_gmt":"2025-06-28T09:57:00","guid":{"rendered":"https:\/\/uj.adatbank.ro\/lexikon\/termek\/bako-pal-2\/"},"modified":"2025-06-28T11:57:00","modified_gmt":"2025-06-28T09:57:00","slug":"bako-pal-2","status":"publish","type":"product","link":"https:\/\/uj.adatbank.ro\/lexikon\/termek\/bako-pal-2\/","title":{"rendered":"BAK\u00d3 P\u00e1l"},"content":{"rendered":"<p>Mv., 1925. nov. 25., \u2020 Mv., 1983. m\u00e1j. 17.: szab\u00f3. \u2013 \u201eNagy Gy\u00f6rgy\u201d n\u00e9ven a securitate beszervezte (1956. dec. 16), de semmi \u00e9rt\u00e9kes inform\u00e1ci\u00f3t nem sz\u00e1ll\u00edtott, s\u0151t Beth\u00e1nia-i t\u00e1rsainak el\u00e1rulta, hogy inform\u00e1tor. Letart\u00f3ztatt\u00e1k (1958. \u00e1pr. 10.) \u00e9s ellenforradalmi szervezked\u00e9s \u00e9s tiltott iratok terjeszt\u00e9se c\u00edm\u00e9n a Beth\u00e1nia-mozgalom sz\u00e9kelyf\u00f6ldi csoportj\u00e1ban helyezt\u00e9k v\u00e1d al\u00e1. A kv.-i Katonai B\u00edr\u00f3s\u00e1g els\u0151 fokon 10, m\u00e1sodfokon 15 \u00e9vre \u00edt\u00e9lte. Szamos\u00fajv\u00e1ron volt b\u00f6rt\u00f6nben (1964 nyar\u00e1n szabadult). A kihallagat\u00e1sok sor\u00e1n elszenvedett ver\u00e9sek nyom\u00e1n csontr\u00e1kban halt meg. <br \/><strong>Irod.:<\/strong> 1956 Erd\u00e9lyben; Bartos 2012; Bilincset \u00e9s b\u00f6rt\u00f6nt is (Kv., 1996).<\/br><\/p>\n","protected":false},"excerpt":{"rendered":"<p>Mv., 1925. nov. 25., \u2020 Mv., 1983. m\u00e1j. 17.: szab\u00f3. \u2013 \u201eNagy Gy\u00f6rgy\u201d n\u00e9ven a securitate beszervezte (1956. dec. 16), de semmi \u00e9rt\u00e9kes inform\u00e1ci\u00f3t nem sz\u00e1ll\u00edtott, s\u0151t Beth\u00e1nia-i t\u00e1rsainak el\u00e1rulta, hogy inform\u00e1tor. Letart\u00f3ztatt\u00e1k (1958. \u00e1pr. 10.) \u00e9s ellenforradalmi szervezked\u00e9s \u00e9s tiltott iratok terjeszt\u00e9se c\u00edm\u00e9n a Beth\u00e1nia-mozgalom sz\u00e9kelyf\u00f6ldi csoportj\u00e1ban helyezt\u00e9k v\u00e1d al\u00e1. A kv.-i Katonai B\u00edr\u00f3s\u00e1g [&hellip;]<\/p>\n","protected":false},"featured_media":0,"comment_status":"open","ping_status":"closed","template":"","meta":[],"product_brand":[],"product_cat":[137],"product_tag":[],"class_list":{"0":"post-1897","1":"product","2":"type-product","3":"status-publish","5":"product_cat-maros-megyei-eletrajzi-lexikon","7":"first","8":"instock","9":"shipping-taxable","10":"product-type-simple"},"_links":{"self":[{"href":"https:\/\/uj.adatbank.ro\/lexikon\/wp-json\/wp\/v2\/product\/1897","targetHints":{"allow":["GET"]}}],"collection":[{"href":"https:\/\/uj.adatbank.ro\/lexikon\/wp-json\/wp\/v2\/product"}],"about":[{"href":"https:\/\/uj.adatbank.ro\/lexikon\/wp-json\/wp\/v2\/types\/product"}],"replies":[{"embeddable":true,"href":"https:\/\/uj.adatbank.ro\/lexikon\/wp-json\/wp\/v2\/comments?post=1897"}],"wp:attachment":[{"href":"https:\/\/uj.adatbank.ro\/lexikon\/wp-json\/wp\/v2\/media?parent=1897"}],"wp:term":[{"taxonomy":"product_brand","embeddable":true,"href":"https:\/\/uj.adatbank.ro\/lexikon\/wp-json\/wp\/v2\/product_brand?post=1897"},{"taxonomy":"product_cat","embeddable":true,"href":"https:\/\/uj.adatbank.ro\/lexikon\/wp-json\/wp\/v2\/product_cat?post=1897"},{"taxonomy":"product_tag","embeddable":true,"href":"https:\/\/uj.adatbank.ro\/lexikon\/wp-json\/wp\/v2\/product_tag?post=1897"}],"curies":[{"name":"wp","href":"https:\/\/api.w.org\/{rel}","templated":true}]}}

BAKÓ Pál

<p>Mv., 1925. nov. 25., † Mv., 1983. máj. 17.: szabó. – „Nagy György” néven a securitate beszervezte (1956. dec. 16), de semmi értékes információt nem szállított, sőt Bethánia-i társainak elárulta, hogy informátor. Letartóztatták (1958. ápr. 10.) és ellenforradalmi szervezkedés és tiltott iratok terjesztése címén a Bethánia-mozgalom székelyföldi csoportjában helyezték vád alá. A kv.-i Katonai Bíróság első fokon 10, másodfokon 15 évre ítélte. Szamosújváron volt börtönben (1964 nyarán szabadult). A kihallagatások során elszenvedett verések nyomán csontrákban halt meg. <br /><strong>Irod.:</strong> 1956 Erdélyben; Bartos 2012; Bilincset és börtönt is (Kv., 1996).</br></p>

<p>Mv., 1925. nov. 25., † Mv., 1983. máj. 17.: szabó. – „Nagy György” néven a securitate beszervezte (1956. dec. 16), de semmi értékes információt nem szállított, sőt Bethánia-i társainak elárulta, hogy informátor. Letartóztatták (1958. ápr. 10.) és ellenforradalmi szervezkedés és tiltott iratok terjesztése címén a Bethánia-mozgalom székelyföldi csoportjában helyezték vád alá. A kv.-i Katonai Bíróság [&hellip;]</p>
