{"id":18970,"date":"2025-07-16T11:12:50","date_gmt":"2025-07-16T09:12:50","guid":{"rendered":"https:\/\/uj.adatbank.ro\/lexikon\/termek\/rakoczi-gyorgy-i-%c2%a7\/"},"modified":"2025-07-16T11:12:50","modified_gmt":"2025-07-16T09:12:50","slug":"rakoczi-gyorgy-i-%c2%a7","status":"publish","type":"product","link":"https:\/\/uj.adatbank.ro\/lexikon\/termek\/rakoczi-gyorgy-i-%c2%a7\/","title":{"rendered":"R\u00c1K\u00d3CZI Gy\u00f6rgy, I., \u00a7"},"content":{"rendered":"<p>Szerencs, 1593. j\u00fan. 8., \u2020 Gyulafeh\u00e9rv\u00e1r, 1648. okt. 11.: erd\u00e9lyi fejedelem (1630\u201348). \u2013 Feles\u00e9ge: 1. Bethlen Margit, 2. Lor\u00e1ntffy Zsuzsanna. Fi\u00fak: Gy\u00f6rgy, Erd\u00e9ly fejedelme (1648\u201360). \u2013 Az erd\u00e9lyi rendek Segesv\u00e1ron v\u00e1lasztott\u00e1k fejedelemm\u00e9 (1630. dec.1.), amit a szult\u00e1n j\u00f3v\u00e1hagyott (1631. j\u00fan. 1.). Az erd\u00e9lyi rendekkel rossz viszonyban volt. Ifj. Bethlen Istv\u00e1n \u00e9s Z\u00f3lyomi D\u00e1vid jelent\u0151s gy\u0151zelmet aratott gr. Eszterh\u00e1zy Mikl\u00f3s n\u00e1dor serege f\u00f6l\u00f6tt (1631. j\u00fan.-ban), ezt szem\u00e9lyes c\u00e9ljaira kihaszn\u00e1lta. Beavatkozott a rom\u00e1n vajdas\u00e1gok bel\u00fcgyeibebe, Kem\u00e9ny J\u00e1nost k\u00fcldte a havasalf\u00f6ldi vajda megseg\u00edt\u00e9s\u00e9re, akit a moldvai vajda t\u00f6r\u00f6k seg\u00edts\u00e9ggel megt\u00e1madott (1637) \u00e9s a havasalf\u00f6ldi vajd\u00e1val k\u00f6z\u00f6sen Buk.-n\u00e9l legy\u0151zte Lupu moldvai vajda sereg\u00e9t (1639). Kiv\u00e1lts\u00e1got adom\u00e1nyozott a mv.-i K\u00f6peczi h\u00e1znak ill. akkori tulajdonos\u00e1nak Nagy Szab\u00f3 Istv\u00e1nnak (1631). Meger\u0151s\u00edtette a v\u00e1s\u00e1rhelyi \u00f6tv\u00f6s\u00f6k c\u00e9hszab\u00e1lyzat\u00e1t, valamint a sz\u0171csc\u00e9h kiv\u00e1lts\u00e1gait. A v\u00e1ros d\u00e9zsm\u00e1j\u00e1b\u00f3l a szentegyh\u00e1z genntart\u00e1s\u00e1ra 40 veder bort rendelt (1632). Meger\u0151s\u00edtette Bethlen G\u00e1bor rendelkez\u00e9s\u00e9t miszerint \u00e9vente 200 forintot rendel a v\u00e1s\u00e1rhelyi Schola sz\u00e1m\u00e1ra a fisk\u00e1lis j\u00f6vedelmekb\u0151l (1633); Mv.-en j\u00e1rt, megmustr\u00e1lta Farag\u00f3 Andr\u00e1s kapit\u00e1ny mezei hadait, a reggeli pr\u00e9dik\u00e1ci\u00f3 ut\u00e1n Bonyh\u00e1ra ment egy keresztel\u0151re.Visszat\u00e9rve elfogatta Zolyomi D\u00e1vidot aki p\u00e1rtot \u00fct\u00f6tt vele szembe \u00e9s K\u0151v\u00e1rra k\u00fcldette (1633). Meger\u0151s\u00edtette a v\u00e1rosi tan\u00e1cs jog\u00e1t a marosi h\u00eddv\u00e1m szed\u00e9s\u00e9hez; fogadta a t\u00f6r\u00f6k szult\u00e1n k\u00f6vet\u00e9t (1635). Minden sz\u00e9kely sz\u00e9kben hadi szeml\u00e9t tartott, \u00f6ssze\u00edrt\u00e1k a marossz\u00e9ki sz\u00e9kelyeket a tizesek \u00e9s sz\u00e1zasok rendj\u00e9ben, k\u00fcl\u00f6n-k\u00fcl\u00f6n a gyalogokat, a l\u00f3f\u0151ket, nemeseket, \u00e9l\u00fck\u00f6n a tizedesekkel \u00e9s hadnagyokkal \u00e9s a sz\u00e9ki kapit\u00e1nyokkal (1635. nov. 24\u201327). Mv.-i id\u0151z\u00e9se alatt fogadta a budai basa k\u00f6vet\u00e9t (1637).Tulajdon\u00e1ba ker\u00fclt a g\u00f6rg\u00e9nyi kir. v\u00e1r (1638), a feles\u00e9ge hozz\u00e1j\u00e1rult, hogy vir\u00e1gz\u00f3 kertek d\u00edsz\u00edts\u00e9k a v\u00e1r k\u00f6rny\u00e9k\u00e9t. Vad\u00e1szat\u00e1hoz kiparancsolta valamennyi v\u00e1s\u00e1rhelyi c\u00e9het (1641). Birtok\u00e1ban volt a g\u00f6rg\u00e9nyszentimrei v\u00e1rkast\u00e9ly, amit m\u00e1r 1364-ben eml\u00edtettek okiratokban. A v\u00e1rat lakhelyk\u00e9nt is haszn\u00e1lta, \u00e9s j\u00f3csk\u00e1n nagyobb\u00edtotta. Adom\u00e1ny\u00e1b\u00f3l pusztult \u00e1llapot\u00e1b\u00f3l meg\u00faj\u00edtott\u00e1k a magyarf\u00fclp\u00f6si templomot (1642). \u00c1t\u00e9p\u00edtette a mez\u0151\u00f6rm\u00e9nyesi kast\u00e9lyt (1643\u201345), a s\u00f6v\u00e9nyfalu udvarh\u00e1z helyett emeletes kast\u00e9lyt \u00e9p\u00edttetett, feles\u00e9ge L\u00f3r\u00e1ntfy Zsuzsanna sz\u00e1m\u00e1ra pihen\u0151sz\u00e1ll\u00e1sul, a munk\u00e1latok vezet\u0151je a velencei Augustno Serena \u00e9p\u00edt\u00e9sz volt. Ez a kast\u00e9ly is szerepel a m\u0171eml\u00e9kek jegyz\u00e9k\u00e9ben. Harangot adom\u00e1nyozott a g\u00f6rg\u00e9nyszentimrei templomnak (1646), \u00e9s kelyhet (1619-b\u0151l). Mez\u0151b\u00e1ndon udvarh\u00e1z volt a feles\u00e9g\u00e9nek, L\u00f3r\u00e1ntffy Zsuzsann\u00e1nak a birtok\u00e1n.Maross\u00e1rpatakon felavatt\u00e1k mellszobr\u00e1t, Miholcsa J\u00f3zsef szobr\u00e1szm\u0171v\u00e9sz alkot\u00e1s\u00e1t (2008. okt. 24.). \u2013 <strong>F. m.:<\/strong> Intelmei fi\u00e1hoz amikor az udvari iskol\u00e1b\u00f3l kil\u00e9pett = Erd\u00e9lyi magyar eml\u00e9k\u00edr\u00f3k. <br \/><strong>Irod.:<\/strong> Bagyinszki; Bicsok-Orb\u00e1n; Binder P\u00e1l: Az erd\u00e9lyi fejedelems\u00e9g rom\u00e1n diplomat\u00e1i vagy rom\u00e1nok az erd\u00e9lyi fejedelms\u00e9g szolg\u00e1lat\u00e1ban (Mv., 1996); B\u00f3nis Johanna: A mv.-i c\u00e9hekr\u0151l = P\u00e1l-Antal \u2013 Szab\u00f3 1.; Cum grano; Erd\u00e9ly (portr\u00e9 is ); Erd\u00e9lyi fejedelmek; Erd\u00e9lyi magyar eml\u00e9k\u00edr\u00f3k; Fekete; Gyallay; Id\u0151t\u00e1r 1; K\u00e9nosi-Uzoni 2.; Keresztes; Keresztes Gyula: Kast\u00e9lyaink 16. A mez\u0151\u00f6rm\u00e9nyesi kast\u00e9ly (N\u00fa., 1992. j\u00fal. 25.); Keresztes Gyula: Kast\u00e9lyaink 17\/ A.: A g\u00f6rg\u00e9nyszentimrei v\u00e1rkast\u00e9ly (N\u00fa., 1992. jaug. 1.); Keresztes 1995; Keresztes Gyula: \u00d6r\u00f6ks\u00e9g\u00fcnk 61.: A Mez\u0151s\u00e9g udvarh\u00e1zai (N\u00fa., 1994. aug. 5.); Kraus: Erd\u00e9lyi kr\u00f3nika; L\u00e9sty\u00e1n \u2013 templomok 1.; M. t\u00f6rt. t\u00e1r 18.; Nagy-Bod\u00f3 Tibor: C\u00e1rok, tr\u00f3n\u00f6r\u00f6k\u00f6s\u00f6k \u00e9s kir\u00e1lyok kast\u00e9lya (N\u00fa., Sz\u00ednes Vil\u00e1g; 3.sz., 2023. jan. 20.) Nagy-Bod\u00f3 Tibor: Erd\u00e9ly egyik legnagyobb kast\u00e9ly\u00e9p\u00fclete: (N\u00fa., Sz\u00ednes Vil\u00e1g; 5.sz., 2023. febr. 3.); Teleki Mih\u00e1ly udvartart\u00e1si napl\u00f3ja (1673\u20131681) (Kv., 2007); \u00d6tv\u00f6s J\u00f3zsef: A bibli\u00e1s fejedelem (N\u00fa., 1998. okt. 10.); P\u00e1l-Antal 2002; P\u00e1l Antal S\u00e1ndor: Mv. \u2013 a szabad kir\u00e1lyi v\u00e1ros.(N\u00fa., 2016. \u00e1pr. 29.); Pesty 2014; Poslu\u015fnicu; Sz\u00e9kelyf\u00f6ld t\u00f6rt.1.; SzOkl \u00das 5.; \u00daM\u00c9L<\/br><\/p>\n","protected":false},"excerpt":{"rendered":"<p>Szerencs, 1593. j\u00fan. 8., \u2020 Gyulafeh\u00e9rv\u00e1r, 1648. okt. 11.: erd\u00e9lyi fejedelem (1630\u201348). \u2013 Feles\u00e9ge: 1. Bethlen Margit, 2. Lor\u00e1ntffy Zsuzsanna. Fi\u00fak: Gy\u00f6rgy, Erd\u00e9ly fejedelme (1648\u201360). \u2013 Az erd\u00e9lyi rendek Segesv\u00e1ron v\u00e1lasztott\u00e1k fejedelemm\u00e9 (1630. dec.1.), amit a szult\u00e1n j\u00f3v\u00e1hagyott (1631. j\u00fan. 1.). Az erd\u00e9lyi rendekkel rossz viszonyban volt. Ifj. Bethlen Istv\u00e1n \u00e9s Z\u00f3lyomi D\u00e1vid jelent\u0151s gy\u0151zelmet [&hellip;]<\/p>\n","protected":false},"featured_media":0,"comment_status":"open","ping_status":"closed","template":"","meta":[],"product_brand":[],"product_cat":[137],"product_tag":[],"class_list":{"0":"post-18970","1":"product","2":"type-product","3":"status-publish","5":"product_cat-maros-megyei-eletrajzi-lexikon","7":"first","8":"instock","9":"shipping-taxable","10":"product-type-simple"},"_links":{"self":[{"href":"https:\/\/uj.adatbank.ro\/lexikon\/wp-json\/wp\/v2\/product\/18970","targetHints":{"allow":["GET"]}}],"collection":[{"href":"https:\/\/uj.adatbank.ro\/lexikon\/wp-json\/wp\/v2\/product"}],"about":[{"href":"https:\/\/uj.adatbank.ro\/lexikon\/wp-json\/wp\/v2\/types\/product"}],"replies":[{"embeddable":true,"href":"https:\/\/uj.adatbank.ro\/lexikon\/wp-json\/wp\/v2\/comments?post=18970"}],"wp:attachment":[{"href":"https:\/\/uj.adatbank.ro\/lexikon\/wp-json\/wp\/v2\/media?parent=18970"}],"wp:term":[{"taxonomy":"product_brand","embeddable":true,"href":"https:\/\/uj.adatbank.ro\/lexikon\/wp-json\/wp\/v2\/product_brand?post=18970"},{"taxonomy":"product_cat","embeddable":true,"href":"https:\/\/uj.adatbank.ro\/lexikon\/wp-json\/wp\/v2\/product_cat?post=18970"},{"taxonomy":"product_tag","embeddable":true,"href":"https:\/\/uj.adatbank.ro\/lexikon\/wp-json\/wp\/v2\/product_tag?post=18970"}],"curies":[{"name":"wp","href":"https:\/\/api.w.org\/{rel}","templated":true}]}}

RÁKÓCZI György, I., §

<p>Szerencs, 1593. jún. 8., † Gyulafehérvár, 1648. okt. 11.: erdélyi fejedelem (1630–48). – Felesége: 1. Bethlen Margit, 2. Lorántffy Zsuzsanna. Fiúk: György, Erdély fejedelme (1648–60). – Az erdélyi rendek Segesváron választották fejedelemmé (1630. dec.1.), amit a szultán jóváhagyott (1631. jún. 1.). Az erdélyi rendekkel rossz viszonyban volt. Ifj. Bethlen István és Zólyomi Dávid jelentős győzelmet aratott gr. Eszterházy Miklós nádor serege fölött (1631. jún.-ban), ezt személyes céljaira kihasználta. Beavatkozott a román vajdaságok belügyeibebe, Kemény Jánost küldte a havasalföldi vajda megsegítésére, akit a moldvai vajda török segítséggel megtámadott (1637) és a havasalföldi vajdával közösen Buk.-nél legyőzte Lupu moldvai vajda seregét (1639). Kiváltságot adományozott a mv.-i Köpeczi háznak ill. akkori tulajdonosának Nagy Szabó Istvánnak (1631). Megerősítette a vásárhelyi ötvösök céhszabályzatát, valamint a szűcscéh kiváltságait. A város dézsmájából a szentegyház genntartására 40 veder bort rendelt (1632). Megerősítette Bethlen Gábor rendelkezését miszerint évente 200 forintot rendel a vásárhelyi Schola számára a fiskális jövedelmekből (1633); Mv.-en járt, megmustrálta Faragó András kapitány mezei hadait, a reggeli prédikáció után Bonyhára ment egy keresztelőre.Visszatérve elfogatta Zolyomi Dávidot aki pártot ütött vele szembe és Kővárra küldette (1633). Megerősítette a városi tanács jogát a marosi hídvám szedéséhez; fogadta a török szultán követét (1635). Minden székely székben hadi szemlét tartott, összeírták a marosszéki székelyeket a tizesek és százasok rendjében, külön-külön a gyalogokat, a lófőket, nemeseket, élükön a tizedesekkel és hadnagyokkal és a széki kapitányokkal (1635. nov. 24–27). Mv.-i időzése alatt fogadta a budai basa követét (1637).Tulajdonába került a görgényi kir. vár (1638), a felesége hozzájárult, hogy virágzó kertek díszítsék a vár környékét. Vadászatához kiparancsolta valamennyi vásárhelyi céhet (1641). Birtokában volt a görgényszentimrei várkastély, amit már 1364-ben említettek okiratokban. A várat lakhelyként is használta, és jócskán nagyobbította. Adományából pusztult állapotából megújították a magyarfülpösi templomot (1642). Átépítette a mezőörményesi kastélyt (1643–45), a sövényfalu udvarház helyett emeletes kastélyt építtetett, felesége Lórántfy Zsuzsanna számára pihenőszállásul, a munkálatok vezetője a velencei Augustno Serena építész volt. Ez a kastély is szerepel a műemlékek jegyzékében. Harangot adományozott a görgényszentimrei templomnak (1646), és kelyhet (1619-ből). Mezőbándon udvarház volt a feleségének, Lórántffy Zsuzsannának a birtokán.Marossárpatakon felavatták mellszobrát, Miholcsa József szobrászművész alkotását (2008. okt. 24.). – <strong>F. m.:</strong> Intelmei fiához amikor az udvari iskolából kilépett = Erdélyi magyar emlékírók. <br /><strong>Irod.:</strong> Bagyinszki; Bicsok-Orbán; Binder Pál: Az erdélyi fejedelemség román diplomatái vagy románok az erdélyi fejedelmség szolgálatában (Mv., 1996); Bónis Johanna: A mv.-i céhekről = Pál-Antal – Szabó 1.; Cum grano; Erdély (portré is ); Erdélyi fejedelmek; Erdélyi magyar emlékírók; Fekete; Gyallay; Időtár 1; Kénosi-Uzoni 2.; Keresztes; Keresztes Gyula: Kastélyaink 16. A mezőörményesi kastély (Nú., 1992. júl. 25.); Keresztes Gyula: Kastélyaink 17/ A.: A görgényszentimrei várkastély (Nú., 1992. jaug. 1.); Keresztes 1995; Keresztes Gyula: Örökségünk 61.: A Mezőség udvarházai (Nú., 1994. aug. 5.); Kraus: Erdélyi krónika; Léstyán – templomok 1.; M. tört. tár 18.; Nagy-Bodó Tibor: Cárok, trónörökösök és királyok kastélya (Nú., Színes Világ; 3.sz., 2023. jan. 20.) Nagy-Bodó Tibor: Erdély egyik legnagyobb kastélyépülete: (Nú., Színes Világ; 5.sz., 2023. febr. 3.); Teleki Mihály udvartartási naplója (1673–1681) (Kv., 2007); Ötvös József: A bibliás fejedelem (Nú., 1998. okt. 10.); Pál-Antal 2002; Pál Antal Sándor: Mv. – a szabad királyi város.(Nú., 2016. ápr. 29.); Pesty 2014; Posluşnicu; Székelyföld tört.1.; SzOkl Ús 5.; ÚMÉL</br></p>

<p>Szerencs, 1593. jún. 8., † Gyulafehérvár, 1648. okt. 11.: erdélyi fejedelem (1630–48). – Felesége: 1. Bethlen Margit, 2. Lorántffy Zsuzsanna. Fiúk: György, Erdély fejedelme (1648–60). – Az erdélyi rendek Segesváron választották fejedelemmé (1630. dec.1.), amit a szultán jóváhagyott (1631. jún. 1.). Az erdélyi rendekkel rossz viszonyban volt. Ifj. Bethlen István és Zólyomi Dávid jelentős győzelmet [&hellip;]</p>
