{"id":18972,"date":"2025-07-16T11:12:55","date_gmt":"2025-07-16T09:12:55","guid":{"rendered":"https:\/\/uj.adatbank.ro\/lexikon\/termek\/rakoczi-zsigmond\/"},"modified":"2025-07-16T11:12:55","modified_gmt":"2025-07-16T09:12:55","slug":"rakoczi-zsigmond","status":"publish","type":"product","link":"https:\/\/uj.adatbank.ro\/lexikon\/termek\/rakoczi-zsigmond\/","title":{"rendered":"R\u00c1K\u00d3CZI Zsigmond"},"content":{"rendered":"<p>1622., \u2020 Gyulafeh\u00e9rv\u00e1r, 1652\u00a0: gener\u00e1lis, fejedelmi tan\u00e1csos, korm\u00e1nyz\u00f3, fejedelem. \u2013 I I..R.Gy\u00f6rgy \u00e9s Lor\u00e1ntffi Zsuzsanna fia, II.R.Gy\u00f6rgy \u00f6ccse \u2013 Bocskai korm\u00e1nyz\u00f3jak\u00e9nt elengedte V\u00e1s\u00e1rhely bord\u00e9zsm\u00e1j\u00e1t, hogy ezzel is k\u00f6nnyitse a v\u00e1r\u00e9p\u00edt\u0151 polg\u00e1rok \u00e9let\u00e9t (1606). Ogy.-t tartott Mv.-en (1607. m\u00e1rc. 18.\u201325). Meger\u0151s\u00edtette a vargac\u00e9hnek a kor\u00e1bbi szab\u00e1lyzat\u00e1t (1607). A sz\u00e9kelyek gener\u00e1lisa (1643\u2013). I. R. Gy. fejedelem apj\u00e1t\u00f3l kapta (1643. szept. 25.): \u201eG\u00f6rg\u00e9nyv\u00e1r\u00e1t, G\u00f6rg\u00e9ny-Sz.-Imre nev\u0171 mez\u0151v\u00e1rost az ottani udvarh\u00e1zzal, Petele nev\u0171 v\u00e1rossal, a hozz\u00e1tartoz\u00f3 falukkal, a v\u00e1rban l\u00e9v\u0151 \u00e1gyukat, hadi szereket, amint most vannak s m\u00e9g szereztetni fognak, \u00e9vi \u00e9s hetiv\u00e1s\u00e1rjoggal sat&#8230;.kisebb fi\u00e1nak, R\u00e1k\u00f3czi Zsigmondnak \u00edrta be z\u00e1logk\u00e9pen 40,000 m. forintban.\u201d (Jakab Elek). A fejedelmi v\u00e9grendeletben is az \u00e1ll, hogy G\u00f6rg\u00e9ny a Zsigmond\u00e9 legyen (1648. okt. 8.). A v\u00e1ros megh\u00edv\u00f3t kapott gyulafeh\u00e9rv\u00e1ri temet\u00e9s\u00e9re (\u2020 1652)..<br \/><strong>Irod.:<\/strong> Id\u0151t\u00e1r 1; Jakab; Mv. t\u00f6rt.2; Orb\u00e1n Dezs\u0151; P\u00e1l-Antal 2002; P\u00e1l-Antal 2009<\/br><\/p>\n","protected":false},"excerpt":{"rendered":"<p>1622., \u2020 Gyulafeh\u00e9rv\u00e1r, 1652\u00a0: gener\u00e1lis, fejedelmi tan\u00e1csos, korm\u00e1nyz\u00f3, fejedelem. \u2013 I I..R.Gy\u00f6rgy \u00e9s Lor\u00e1ntffi Zsuzsanna fia, II.R.Gy\u00f6rgy \u00f6ccse \u2013 Bocskai korm\u00e1nyz\u00f3jak\u00e9nt elengedte V\u00e1s\u00e1rhely bord\u00e9zsm\u00e1j\u00e1t, hogy ezzel is k\u00f6nnyitse a v\u00e1r\u00e9p\u00edt\u0151 polg\u00e1rok \u00e9let\u00e9t (1606). Ogy.-t tartott Mv.-en (1607. m\u00e1rc. 18.\u201325). Meger\u0151s\u00edtette a vargac\u00e9hnek a kor\u00e1bbi szab\u00e1lyzat\u00e1t (1607). A sz\u00e9kelyek gener\u00e1lisa (1643\u2013). I. R. Gy. fejedelem apj\u00e1t\u00f3l [&hellip;]<\/p>\n","protected":false},"featured_media":0,"comment_status":"open","ping_status":"closed","template":"","meta":[],"product_brand":[],"product_cat":[137],"product_tag":[],"class_list":{"0":"post-18972","1":"product","2":"type-product","3":"status-publish","5":"product_cat-maros-megyei-eletrajzi-lexikon","7":"first","8":"instock","9":"shipping-taxable","10":"product-type-simple"},"_links":{"self":[{"href":"https:\/\/uj.adatbank.ro\/lexikon\/wp-json\/wp\/v2\/product\/18972","targetHints":{"allow":["GET"]}}],"collection":[{"href":"https:\/\/uj.adatbank.ro\/lexikon\/wp-json\/wp\/v2\/product"}],"about":[{"href":"https:\/\/uj.adatbank.ro\/lexikon\/wp-json\/wp\/v2\/types\/product"}],"replies":[{"embeddable":true,"href":"https:\/\/uj.adatbank.ro\/lexikon\/wp-json\/wp\/v2\/comments?post=18972"}],"wp:attachment":[{"href":"https:\/\/uj.adatbank.ro\/lexikon\/wp-json\/wp\/v2\/media?parent=18972"}],"wp:term":[{"taxonomy":"product_brand","embeddable":true,"href":"https:\/\/uj.adatbank.ro\/lexikon\/wp-json\/wp\/v2\/product_brand?post=18972"},{"taxonomy":"product_cat","embeddable":true,"href":"https:\/\/uj.adatbank.ro\/lexikon\/wp-json\/wp\/v2\/product_cat?post=18972"},{"taxonomy":"product_tag","embeddable":true,"href":"https:\/\/uj.adatbank.ro\/lexikon\/wp-json\/wp\/v2\/product_tag?post=18972"}],"curies":[{"name":"wp","href":"https:\/\/api.w.org\/{rel}","templated":true}]}}

RÁKÓCZI Zsigmond

<p>1622., † Gyulafehérvár, 1652 : generális, fejedelmi tanácsos, kormányzó, fejedelem. – I I..R.György és Lorántffi Zsuzsanna fia, II.R.György öccse – Bocskai kormányzójaként elengedte Vásárhely bordézsmáját, hogy ezzel is könnyitse a várépítő polgárok életét (1606). Ogy.-t tartott Mv.-en (1607. márc. 18.–25). Megerősítette a vargacéhnek a korábbi szabályzatát (1607). A székelyek generálisa (1643–). I. R. Gy. fejedelem apjától kapta (1643. szept. 25.): „Görgényvárát, Görgény-Sz.-Imre nevű mezővárost az ottani udvarházzal, Petele nevű várossal, a hozzátartozó falukkal, a várban lévő ágyukat, hadi szereket, amint most vannak s még szereztetni fognak, évi és hetivásárjoggal sat&#8230;.kisebb fiának, Rákóczi Zsigmondnak írta be zálogképen 40,000 m. forintban.” (Jakab Elek). A fejedelmi végrendeletben is az áll, hogy Görgény a Zsigmondé legyen (1648. okt. 8.). A város meghívót kapott gyulafehérvári temetésére († 1652)..<br /><strong>Irod.:</strong> Időtár 1; Jakab; Mv. tört.2; Orbán Dezső; Pál-Antal 2002; Pál-Antal 2009</br></p>

<p>1622., † Gyulafehérvár, 1652 : generális, fejedelmi tanácsos, kormányzó, fejedelem. – I I..R.György és Lorántffi Zsuzsanna fia, II.R.György öccse – Bocskai kormányzójaként elengedte Vásárhely bordézsmáját, hogy ezzel is könnyitse a várépítő polgárok életét (1606). Ogy.-t tartott Mv.-en (1607. márc. 18.–25). Megerősítette a vargacéhnek a korábbi szabályzatát (1607). A székelyek generálisa (1643–). I. R. Gy. fejedelem apjától [&hellip;]</p>
