{"id":18974,"date":"2025-07-16T11:12:59","date_gmt":"2025-07-16T09:12:59","guid":{"rendered":"https:\/\/uj.adatbank.ro\/lexikon\/termek\/rakosfalvi-zoltan-rakosfalvy\/"},"modified":"2025-07-16T11:12:59","modified_gmt":"2025-07-16T09:12:59","slug":"rakosfalvi-zoltan-rakosfalvy","status":"publish","type":"product","link":"https:\/\/uj.adatbank.ro\/lexikon\/termek\/rakosfalvi-zoltan-rakosfalvy\/","title":{"rendered":"R\u00c1KOSFALVI Zolt\u00e1n; R\u00e1kosfalvy"},"content":{"rendered":"<p>D\u00e9s, 1926. szept. 7., \u2020\u00a0Mv., 2005. m\u00e1jus. 27.: orvos, reumatol\u00f3gus, egyetemi el\u0151ad\u00f3tan\u00e1r.- K\u00f6z\u00e9piskol\u00e1t sz\u00fcl\u0151v\u00e1rosa \u00e1llami gimn\u00e1zium\u00e1ban v\u00e9gzett \u00e9s Kv.-on \u00e9retts\u00e9gizett (1945), a mv.-i OGYI-ben nyert orvosi oklevelet (1952), az orvostudom\u00e1nyok doktora (1967). Ol\u00e1hszentgy\u00f6rgy\u00f6n a f\u00fcrd\u0151szanat\u00f3rium igazgat\u00f3ja (1953\u201359), majd F\u00e9lixf\u00fcrd\u0151n a gyermekszanat\u00f3rium alap\u00edt\u00f3ja \u00e9s f\u0151orvosa (1959\u201362). A MOGYI balneofizioter\u00e1piai tansz\u00e9k\u00e9n tan\u00e1rseg\u00e9d (1962\u2013), a mv.-i Egyes\u00edtett K\u00f3rh\u00e1zak igazgat\u00f3ja (1964- ), az orvostudom\u00e1nyok doktora \u00e9s f\u0151orvos (1967\u2013), adjunktus (1969\u2013), tansz\u00e9kvezet\u0151 (1982\u2013), el\u0151ad\u00f3tan\u00e1r (1990\u2013). F\u0151orvos a Fizioter\u00e1piai \u00e9s Orvosi Rehabilit\u00e1ci\u00f3s Klinik\u00e1n nyugd\u00edjaz\u00e1s\u00e1ig (1991) ut\u00e1n is tartott m. nyelv\u0171 el\u0151ad\u00e1sokat. F\u0151bb kutat\u00e1si ter\u00fclete: a f\u00fcrd\u0151kr\u00edzis, a szervezet saj\u00e1t heparink\u00e9pz\u00e9se fizikai ingerek hat\u00e1s\u00e1ra, a reumatoid arthritis immunol\u00f3gi\u00e1ja, fiziko-vigilencia. Rom\u00e1ni\u00e1ban els\u0151k\u00e9nt vezette be a b\u0151r\u00f6n kereszt\u00fcli elektromos idegingerl\u00e9ses kezel\u00e9st (TENS). Eredm\u00e9nyeit hazai \u00e9s nemzetk\u00f6zi szaklapokban is k\u00f6z\u00f6lte az Orvosi Szemle\u2013Revista Medical\u0103, Laval Medical (Kanada), Archiv f\u00fcr Physikalische Therapie (Lipcse), Europa Medico-Phisica (Barcelona) \u00e9s t\u00f6bb hazai \u00e9s k\u00fclf\u00f6ldi kongresszuson mutatta be (Bp., 1967; Montreal 1968; Milano 1970; P\u00e1rizs, Z\u00fcrich 1971; Barcelona 1972; Ath\u00e9n 1988). Ismertet\u0151 cikkei jelentek meg a TETT, \u00daj \u00c9let, Brass\u00f3i Lapok, N\u00fa., M\u0171vel\u0151d\u00e9s, Korunk has\u00e1bjain, a mv.-i r\u00e1di\u00f3 m. ad\u00e1s\u00e1ban az eg\u00e9szs\u00e9g\u00fcgyi rovat munkat\u00e1rsa. Tagja a Rom\u00e1n Fizioter\u00e1pi\u00e1s Egyes\u00fclet, a Reumatol\u00f3giai T\u00e1rsas\u00e1g vezet\u0151s\u00e9g\u00e9nek, a Magyar Reumatol\u00f3gusok Sz\u00f6vets\u00e9g\u00e9nek; Nemzetk\u00f6zi Orvosi Rehabilit\u00e1ci\u00f3s Egyes\u00fclet (IRMA) tan\u00e1csosa volt (1970\u2013). \u2013 <strong>F. m.:<\/strong> C\u00eeteva noi aspecte \u00een clinica \u015fi teoria crizei balneare. Autoreferatul tezei de doctorat (Cluj, 1967), Az a bizonyos \u201eDiszkusz\u201d s\u00e9rv (Mv. 1972); 40 \u00e9v fizioter\u00e1pia k\u00f6r\u00edtve (Mv., 2004); <strong>t\u00e1rssz.:<\/strong> Elemente de balneofizioterapie \u015fi recuperare func\u0163ional\u0103 (Birek L\u00e1szl\u00f3val; Tg.M., 1978); A balneo-fizioter\u00e1pia \u00e9s az orvosi rehabilit\u00e1ci\u00f3 elemei (Birek L\u00e1szl\u00f3val; Mv. 1979); Balneofiziol\u00f3giai \u00e9s orvosi rehabilit\u00e1ci\u00f3s jegyzet orvoszanhallgat\u00f3k r\u00e9sz\u00e9re (Mv. 1986); A Marosv\u00e1s\u00e1rhelyi magyar nyelv\u0171 orvos \u00e9s gy\u00f3gyszer\u00e9szk\u00e9pz\u00e9s 50 \u00e9ve (Mv., 1996). \u2013 Irod. : Genersich; N\u00fa. (2005. j\u00fal. 12.); Nagy Mikl\u00f3s Kund: A t\u00e1voz\u00e1sra felsz\u00f3l\u00edtottak n\u00e9vsora (N\u00fa., 1991. j\u00fan. 18.); R. Z.: Az eg\u00e9szs\u00e9gv\u00e9delem szolg\u00e1lat\u00e1ban (V. Z., 1964. dec. 30.); R\u00e9thy\u2013\u00dajv\u00e1ri\u2013V\u00e1czi; RMIL; RMKK; TETT (2. sz. 1977; 3. sz. 1983); Todea\u2013F\u00fcl\u00f6p\u2013Avram<\/br><\/p>\n","protected":false},"excerpt":{"rendered":"<p>D\u00e9s, 1926. szept. 7., \u2020\u00a0Mv., 2005. m\u00e1jus. 27.: orvos, reumatol\u00f3gus, egyetemi el\u0151ad\u00f3tan\u00e1r.- K\u00f6z\u00e9piskol\u00e1t sz\u00fcl\u0151v\u00e1rosa \u00e1llami gimn\u00e1zium\u00e1ban v\u00e9gzett \u00e9s Kv.-on \u00e9retts\u00e9gizett (1945), a mv.-i OGYI-ben nyert orvosi oklevelet (1952), az orvostudom\u00e1nyok doktora (1967). Ol\u00e1hszentgy\u00f6rgy\u00f6n a f\u00fcrd\u0151szanat\u00f3rium igazgat\u00f3ja (1953\u201359), majd F\u00e9lixf\u00fcrd\u0151n a gyermekszanat\u00f3rium alap\u00edt\u00f3ja \u00e9s f\u0151orvosa (1959\u201362). A MOGYI balneofizioter\u00e1piai tansz\u00e9k\u00e9n tan\u00e1rseg\u00e9d (1962\u2013), a mv.-i Egyes\u00edtett K\u00f3rh\u00e1zak [&hellip;]<\/p>\n","protected":false},"featured_media":0,"comment_status":"open","ping_status":"closed","template":"","meta":[],"product_brand":[],"product_cat":[137],"product_tag":[],"class_list":{"0":"post-18974","1":"product","2":"type-product","3":"status-publish","5":"product_cat-maros-megyei-eletrajzi-lexikon","7":"first","8":"instock","9":"shipping-taxable","10":"product-type-simple"},"_links":{"self":[{"href":"https:\/\/uj.adatbank.ro\/lexikon\/wp-json\/wp\/v2\/product\/18974","targetHints":{"allow":["GET"]}}],"collection":[{"href":"https:\/\/uj.adatbank.ro\/lexikon\/wp-json\/wp\/v2\/product"}],"about":[{"href":"https:\/\/uj.adatbank.ro\/lexikon\/wp-json\/wp\/v2\/types\/product"}],"replies":[{"embeddable":true,"href":"https:\/\/uj.adatbank.ro\/lexikon\/wp-json\/wp\/v2\/comments?post=18974"}],"wp:attachment":[{"href":"https:\/\/uj.adatbank.ro\/lexikon\/wp-json\/wp\/v2\/media?parent=18974"}],"wp:term":[{"taxonomy":"product_brand","embeddable":true,"href":"https:\/\/uj.adatbank.ro\/lexikon\/wp-json\/wp\/v2\/product_brand?post=18974"},{"taxonomy":"product_cat","embeddable":true,"href":"https:\/\/uj.adatbank.ro\/lexikon\/wp-json\/wp\/v2\/product_cat?post=18974"},{"taxonomy":"product_tag","embeddable":true,"href":"https:\/\/uj.adatbank.ro\/lexikon\/wp-json\/wp\/v2\/product_tag?post=18974"}],"curies":[{"name":"wp","href":"https:\/\/api.w.org\/{rel}","templated":true}]}}

RÁKOSFALVI Zoltán; Rákosfalvy

<p>Dés, 1926. szept. 7., † Mv., 2005. május. 27.: orvos, reumatológus, egyetemi előadótanár.- Középiskolát szülővárosa állami gimnáziumában végzett és Kv.-on érettségizett (1945), a mv.-i OGYI-ben nyert orvosi oklevelet (1952), az orvostudományok doktora (1967). Oláhszentgyörgyön a fürdőszanatórium igazgatója (1953–59), majd Félixfürdőn a gyermekszanatórium alapítója és főorvosa (1959–62). A MOGYI balneofizioterápiai tanszékén tanársegéd (1962–), a mv.-i Egyesített Kórházak igazgatója (1964- ), az orvostudományok doktora és főorvos (1967–), adjunktus (1969–), tanszékvezető (1982–), előadótanár (1990–). Főorvos a Fizioterápiai és Orvosi Rehabilitációs Klinikán nyugdíjazásáig (1991) után is tartott m. nyelvű előadásokat. Főbb kutatási területe: a fürdőkrízis, a szervezet saját heparinképzése fizikai ingerek hatására, a reumatoid arthritis immunológiája, fiziko-vigilencia. Romániában elsőként vezette be a bőrön keresztüli elektromos idegingerléses kezelést (TENS). Eredményeit hazai és nemzetközi szaklapokban is közölte az Orvosi Szemle–Revista Medicală, Laval Medical (Kanada), Archiv für Physikalische Therapie (Lipcse), Europa Medico-Phisica (Barcelona) és több hazai és külföldi kongresszuson mutatta be (Bp., 1967; Montreal 1968; Milano 1970; Párizs, Zürich 1971; Barcelona 1972; Athén 1988). Ismertető cikkei jelentek meg a TETT, Új Élet, Brassói Lapok, Nú., Művelődés, Korunk hasábjain, a mv.-i rádió m. adásában az egészségügyi rovat munkatársa. Tagja a Román Fizioterápiás Egyesület, a Reumatológiai Társaság vezetőségének, a Magyar Reumatológusok Szövetségének; Nemzetközi Orvosi Rehabilitációs Egyesület (IRMA) tanácsosa volt (1970–). – <strong>F. m.:</strong> Cîteva noi aspecte în clinica şi teoria crizei balneare. Autoreferatul tezei de doctorat (Cluj, 1967), Az a bizonyos „Diszkusz” sérv (Mv. 1972); 40 év fizioterápia körítve (Mv., 2004); <strong>társsz.:</strong> Elemente de balneofizioterapie şi recuperare funcţională (Birek Lászlóval; Tg.M., 1978); A balneo-fizioterápia és az orvosi rehabilitáció elemei (Birek Lászlóval; Mv. 1979); Balneofiziológiai és orvosi rehabilitációs jegyzet orvoszanhallgatók részére (Mv. 1986); A Marosvásárhelyi magyar nyelvű orvos és gyógyszerészképzés 50 éve (Mv., 1996). – Irod. : Genersich; Nú. (2005. júl. 12.); Nagy Miklós Kund: A távozásra felszólítottak névsora (Nú., 1991. jún. 18.); R. Z.: Az egészségvédelem szolgálatában (V. Z., 1964. dec. 30.); Réthy–Újvári–Váczi; RMIL; RMKK; TETT (2. sz. 1977; 3. sz. 1983); Todea–Fülöp–Avram</br></p>

<p>Dés, 1926. szept. 7., † Mv., 2005. május. 27.: orvos, reumatológus, egyetemi előadótanár.- Középiskolát szülővárosa állami gimnáziumában végzett és Kv.-on érettségizett (1945), a mv.-i OGYI-ben nyert orvosi oklevelet (1952), az orvostudományok doktora (1967). Oláhszentgyörgyön a fürdőszanatórium igazgatója (1953–59), majd Félixfürdőn a gyermekszanatórium alapítója és főorvosa (1959–62). A MOGYI balneofizioterápiai tanszékén tanársegéd (1962–), a mv.-i Egyesített Kórházak [&hellip;]</p>
