{"id":18977,"date":"2025-07-16T11:13:09","date_gmt":"2025-07-16T09:13:09","guid":{"rendered":"https:\/\/uj.adatbank.ro\/lexikon\/termek\/rakosi-gyorgy-aldobolyi-2\/"},"modified":"2025-07-16T11:13:09","modified_gmt":"2025-07-16T09:13:09","slug":"rakosi-gyorgy-aldobolyi-2","status":"publish","type":"product","link":"https:\/\/uj.adatbank.ro\/lexikon\/termek\/rakosi-gyorgy-aldobolyi-2\/","title":{"rendered":"R\u00c1KOSI Gy\u00f6rgy, aldobolyi"},"content":{"rendered":"<p>Lukafalva, 1862. okt. 27., \u2020\u00a0Havad, 1935. okt 16.: ref. lelk\u00e9sz. \u2013 Apja pap. A gimn\u00e1ziumot a mv.-i ev. ref. kollegiumban (1880), a teologi\u00e1t Nagyenyeden (1884) a papi vizsga let\u00e9tel\u00e9vel v\u00e9gezte, majd a marburgi (1884\u201385) \u00e9s az utrechti (1885\u201386) egyetemen tanult tov\u00e1bb. A sz\u00fcnid\u0151kben beutazta N\u00e9met-, Olasz-, Francziaorsz\u00e1got, Belgiumot \u00e9s Hollandi\u00e1t. Hazat\u00e9rve a kv.-i ev. ref. f\u0151gimn\u00e1ziumba vall\u00e1stan\u00e1r (1886\u201387); h\u00e1rom \u00e9vig a sz\u00e1szv\u00e1rosi ev. ref. gimn\u00e1ziumn\u00e1l volt vall\u00e1stan\u00e1r; majd a ny\u00e1r\u00e1dszetannai ref. egyh\u00e1zk\u00f6zs\u00e9g lelk\u00e9szi hivatal\u00e1t foglalta el (1892. febr. 16). K\u00e9s\u0151bb B\u00faz\u00e1sbeseny\u0151ben lelk\u00e9szkedett, majd nyugalomba vonult. Cikkei a Prot. Egyh. \u00e9s Iskolai Lapok, Erd\u00e9lyi Prot. K\u00f6zl\u00f6ny, az erd\u00e9lyi ev. ref. egyh\u00e1zker\u00fclet N\u00e9vk\u00f6nyv\u00e9ben (1902. A ny\u00e1r\u00e1d-szentannai ev. ref. egyh\u00e1zk\u00f6zs\u00e9g t\u00f6rt\u00e9nete); a Prot. Szeml\u00e9ben (1902. Erd\u00e9lyi egyh\u00e1zk\u00f6zs\u00e9gi \u00e9let a XVII. sz\u00e1zadban). Kivonatban magyarul k\u00f6zz\u00e9tette Van Poot \u00c1brah\u00e1mnak Otrokocsi k\u00e9zirat\u00e1b\u00f3l hollandra ford\u00edtott m\u0171v\u00e9t (Prot. K\u00f6zl\u00f6ny, 1886)..\u2013 <strong>F. m.:<\/strong> Luther Wormsban. Egyh\u00e1zt\u00f6rt\u00e9nelmi tanulm\u00e1ny. (Bp. 1901.); <strong>K\u00e9ziratban:<\/strong> G\u00e1ly\u00e1kra hurczolt magyar protest\u00e1ns papok, sajt\u00f3 al\u00e1 rendezve. <br \/><strong>Irod.:<\/strong> Imreh Barna; Rugonfalvi Kiss; Szab\u00f3\u2013Simon\u2013Sz\u00f6gi; Szinnyei; Zov\u00e1nyi<\/br><\/p>\n","protected":false},"excerpt":{"rendered":"<p>Lukafalva, 1862. okt. 27., \u2020\u00a0Havad, 1935. okt 16.: ref. lelk\u00e9sz. \u2013 Apja pap. A gimn\u00e1ziumot a mv.-i ev. ref. kollegiumban (1880), a teologi\u00e1t Nagyenyeden (1884) a papi vizsga let\u00e9tel\u00e9vel v\u00e9gezte, majd a marburgi (1884\u201385) \u00e9s az utrechti (1885\u201386) egyetemen tanult tov\u00e1bb. A sz\u00fcnid\u0151kben beutazta N\u00e9met-, Olasz-, Francziaorsz\u00e1got, Belgiumot \u00e9s Hollandi\u00e1t. Hazat\u00e9rve a kv.-i ev. ref. [&hellip;]<\/p>\n","protected":false},"featured_media":0,"comment_status":"open","ping_status":"closed","template":"","meta":[],"product_brand":[],"product_cat":[137],"product_tag":[],"class_list":{"0":"post-18977","1":"product","2":"type-product","3":"status-publish","5":"product_cat-maros-megyei-eletrajzi-lexikon","7":"first","8":"instock","9":"shipping-taxable","10":"product-type-simple"},"_links":{"self":[{"href":"https:\/\/uj.adatbank.ro\/lexikon\/wp-json\/wp\/v2\/product\/18977","targetHints":{"allow":["GET"]}}],"collection":[{"href":"https:\/\/uj.adatbank.ro\/lexikon\/wp-json\/wp\/v2\/product"}],"about":[{"href":"https:\/\/uj.adatbank.ro\/lexikon\/wp-json\/wp\/v2\/types\/product"}],"replies":[{"embeddable":true,"href":"https:\/\/uj.adatbank.ro\/lexikon\/wp-json\/wp\/v2\/comments?post=18977"}],"wp:attachment":[{"href":"https:\/\/uj.adatbank.ro\/lexikon\/wp-json\/wp\/v2\/media?parent=18977"}],"wp:term":[{"taxonomy":"product_brand","embeddable":true,"href":"https:\/\/uj.adatbank.ro\/lexikon\/wp-json\/wp\/v2\/product_brand?post=18977"},{"taxonomy":"product_cat","embeddable":true,"href":"https:\/\/uj.adatbank.ro\/lexikon\/wp-json\/wp\/v2\/product_cat?post=18977"},{"taxonomy":"product_tag","embeddable":true,"href":"https:\/\/uj.adatbank.ro\/lexikon\/wp-json\/wp\/v2\/product_tag?post=18977"}],"curies":[{"name":"wp","href":"https:\/\/api.w.org\/{rel}","templated":true}]}}

RÁKOSI György, aldobolyi

<p>Lukafalva, 1862. okt. 27., † Havad, 1935. okt 16.: ref. lelkész. – Apja pap. A gimnáziumot a mv.-i ev. ref. kollegiumban (1880), a teologiát Nagyenyeden (1884) a papi vizsga letételével végezte, majd a marburgi (1884–85) és az utrechti (1885–86) egyetemen tanult tovább. A szünidőkben beutazta Német-, Olasz-, Francziaországot, Belgiumot és Hollandiát. Hazatérve a kv.-i ev. ref. főgimnáziumba vallástanár (1886–87); három évig a szászvárosi ev. ref. gimnáziumnál volt vallástanár; majd a nyárádszetannai ref. egyházközség lelkészi hivatalát foglalta el (1892. febr. 16). Később Búzásbesenyőben lelkészkedett, majd nyugalomba vonult. Cikkei a Prot. Egyh. és Iskolai Lapok, Erdélyi Prot. Közlöny, az erdélyi ev. ref. egyházkerület Névkönyvében (1902. A nyárád-szentannai ev. ref. egyházközség története); a Prot. Szemlében (1902. Erdélyi egyházközségi élet a XVII. században). Kivonatban magyarul közzétette Van Poot Ábrahámnak Otrokocsi kéziratából hollandra fordított művét (Prot. Közlöny, 1886)..– <strong>F. m.:</strong> Luther Wormsban. Egyháztörténelmi tanulmány. (Bp. 1901.); <strong>Kéziratban:</strong> Gályákra hurczolt magyar protestáns papok, sajtó alá rendezve. <br /><strong>Irod.:</strong> Imreh Barna; Rugonfalvi Kiss; Szabó–Simon–Szögi; Szinnyei; Zoványi</br></p>

<p>Lukafalva, 1862. okt. 27., † Havad, 1935. okt 16.: ref. lelkész. – Apja pap. A gimnáziumot a mv.-i ev. ref. kollegiumban (1880), a teologiát Nagyenyeden (1884) a papi vizsga letételével végezte, majd a marburgi (1884–85) és az utrechti (1885–86) egyetemen tanult tovább. A szünidőkben beutazta Német-, Olasz-, Francziaországot, Belgiumot és Hollandiát. Hazatérve a kv.-i ev. ref. [&hellip;]</p>
