{"id":18983,"date":"2025-07-16T11:13:21","date_gmt":"2025-07-16T09:13:21","guid":{"rendered":"https:\/\/uj.adatbank.ro\/lexikon\/termek\/raksanyi-aranka\/"},"modified":"2025-07-16T11:13:21","modified_gmt":"2025-07-16T09:13:21","slug":"raksanyi-aranka","status":"publish","type":"product","link":"https:\/\/uj.adatbank.ro\/lexikon\/termek\/raksanyi-aranka\/","title":{"rendered":"RAKS\u00c1NYI Aranka"},"content":{"rendered":"<p>? \u2020\u00a0Mv., 1971. j\u00fan. 22.: tan\u00e1rn\u0151, igazgat\u00f3n\u0151. \u2013 A mv.-i ref. elemi \u00e9s polg\u00e1ri le\u00e1nyiskola n\u00e9met nyelv tan\u00e1rn\u0151je (1918. dec.\u20131920. m\u00e1j.) \u00e9s igazgat\u00f3ja. Az Erd\u00e9lyi Helikon mv.-i tagjai k\u00f6zt szerepelt (1930).\u2013 <strong>F. m.:<\/strong> A t\u00e2rgu-mure\u0219i ref.le\u00e1nyiskola (elemi \u00e9s k\u00f6z\u00e9piskola) \u00e9rtes\u00edt\u0151je az 1935\u201336. iskolai \u00e9vr\u0151l \/ szerk.R. A. (Tg.M., 1937). <br \/><strong>Irod.:<\/strong> Eml\u00e9kk. Szab\u00f3 Mikl\u00f3s; Ferenczi 1929 \/2; Marosi-Helikon; Valentiny 1938<\/br><\/p>\n","protected":false},"excerpt":{"rendered":"<p>? \u2020\u00a0Mv., 1971. j\u00fan. 22.: tan\u00e1rn\u0151, igazgat\u00f3n\u0151. \u2013 A mv.-i ref. elemi \u00e9s polg\u00e1ri le\u00e1nyiskola n\u00e9met nyelv tan\u00e1rn\u0151je (1918. dec.\u20131920. m\u00e1j.) \u00e9s igazgat\u00f3ja. Az Erd\u00e9lyi Helikon mv.-i tagjai k\u00f6zt szerepelt (1930).\u2013 F. m.: A t\u00e2rgu-mure\u0219i ref.le\u00e1nyiskola (elemi \u00e9s k\u00f6z\u00e9piskola) \u00e9rtes\u00edt\u0151je az 1935\u201336. iskolai \u00e9vr\u0151l \/ szerk.R. A. (Tg.M., 1937). Irod.: Eml\u00e9kk. Szab\u00f3 Mikl\u00f3s; Ferenczi 1929 [&hellip;]<\/p>\n","protected":false},"featured_media":0,"comment_status":"open","ping_status":"closed","template":"","meta":[],"product_brand":[],"product_cat":[137],"product_tag":[],"class_list":{"0":"post-18983","1":"product","2":"type-product","3":"status-publish","5":"product_cat-maros-megyei-eletrajzi-lexikon","7":"first","8":"instock","9":"shipping-taxable","10":"product-type-simple"},"_links":{"self":[{"href":"https:\/\/uj.adatbank.ro\/lexikon\/wp-json\/wp\/v2\/product\/18983","targetHints":{"allow":["GET"]}}],"collection":[{"href":"https:\/\/uj.adatbank.ro\/lexikon\/wp-json\/wp\/v2\/product"}],"about":[{"href":"https:\/\/uj.adatbank.ro\/lexikon\/wp-json\/wp\/v2\/types\/product"}],"replies":[{"embeddable":true,"href":"https:\/\/uj.adatbank.ro\/lexikon\/wp-json\/wp\/v2\/comments?post=18983"}],"wp:attachment":[{"href":"https:\/\/uj.adatbank.ro\/lexikon\/wp-json\/wp\/v2\/media?parent=18983"}],"wp:term":[{"taxonomy":"product_brand","embeddable":true,"href":"https:\/\/uj.adatbank.ro\/lexikon\/wp-json\/wp\/v2\/product_brand?post=18983"},{"taxonomy":"product_cat","embeddable":true,"href":"https:\/\/uj.adatbank.ro\/lexikon\/wp-json\/wp\/v2\/product_cat?post=18983"},{"taxonomy":"product_tag","embeddable":true,"href":"https:\/\/uj.adatbank.ro\/lexikon\/wp-json\/wp\/v2\/product_tag?post=18983"}],"curies":[{"name":"wp","href":"https:\/\/api.w.org\/{rel}","templated":true}]}}

RAKSÁNYI Aranka

<p>? † Mv., 1971. jún. 22.: tanárnő, igazgatónő. – A mv.-i ref. elemi és polgári leányiskola német nyelv tanárnője (1918. dec.–1920. máj.) és igazgatója. Az Erdélyi Helikon mv.-i tagjai közt szerepelt (1930).– <strong>F. m.:</strong> A târgu-mureși ref.leányiskola (elemi és középiskola) értesítője az 1935–36. iskolai évről / szerk.R. A. (Tg.M., 1937). <br /><strong>Irod.:</strong> Emlékk. Szabó Miklós; Ferenczi 1929 /2; Marosi-Helikon; Valentiny 1938</br></p>

<p>? † Mv., 1971. jún. 22.: tanárnő, igazgatónő. – A mv.-i ref. elemi és polgári leányiskola német nyelv tanárnője (1918. dec.–1920. máj.) és igazgatója. Az Erdélyi Helikon mv.-i tagjai közt szerepelt (1930).– F. m.: A târgu-mureși ref.leányiskola (elemi és középiskola) értesítője az 1935–36. iskolai évről / szerk.R. A. (Tg.M., 1937). Irod.: Emlékk. Szabó Miklós; Ferenczi 1929 [&hellip;]</p>
