{"id":18991,"date":"2025-07-16T11:13:41","date_gmt":"2025-07-16T09:13:41","guid":{"rendered":"https:\/\/uj.adatbank.ro\/lexikon\/termek\/rangetz-jozsef-%c2%a7-iosif-ranghetz-jozsef\/"},"modified":"2025-07-16T11:13:41","modified_gmt":"2025-07-16T09:13:41","slug":"rangetz-jozsef-%c2%a7-iosif-ranghetz-jozsef","status":"publish","type":"product","link":"https:\/\/uj.adatbank.ro\/lexikon\/termek\/rangetz-jozsef-%c2%a7-iosif-ranghetz-jozsef\/","title":{"rendered":"RANGETZ J\u00f3zsef, \u00a7, Iosif; Ranghetz J\u00f3zsef"},"content":{"rendered":"<p>\u00dajvars\u00e1nd (Arad), 1904. aug. 7., \u2020\u00a01952. szept. 1.: b\u0151r-egyenget\u0151 munk\u00e1s, a rom\u00e1niai munk\u00e1smozgalom harcosa. \u2013 Ifj\u00famunk\u00e1sk\u00e9nt l\u00e9pett a szervezett munk\u00e1sok sor\u00e1ba (1920). K\u00f6ld\u00f6tt volt az Egys\u00e9ges Szakszervezetek temesv\u00e1ri kongresszus\u00e1ra (1929). A RKP tagja (1930). A RKP Kv. Ter\u00fcleti bizotts\u00e1g\u00e1nak titk\u00e1ra, feladatul kapta a KB-t\u0151l a gyimesv\u00f6lgyi paraszts\u00e1g forradalmi harc\u00e1nak ir\u00e1ny\u00edt\u00e1s\u00e1t (1934). Tagja az RKP KB-nek (1943\u2013), hozz\u00e1j\u00e1rult a Munk\u00e1segys\u00e9gfront \u00e9s a Demokratikus Blokk l\u00e9trehoz\u00e1s\u00e1hoz \u00e9s r\u00e9szt vett a nemzeti antifasiszta \u00e9s antiimperialista fegyveres felkel\u00e9s ir\u00e1ny\u00edt\u00e1s\u00e1ban (1944. aug. 23.).A RKP KB tagja (1943\u201345. okt. 21.). Az RKP \/ RMP KB-nak tagja volt (1945. okt. 21.\u201352. szept. 1.) \u00e9s a KV tagja (1948. febr. 24.\u201352. szept. 1.). Hal\u00e1la ut\u00e1n t\u00f6bb \u00fczem \u00e9s iskola viselte a nev\u00e9t. R\u00f3la nevezt\u00e9k el a mv.-i Ref. Koll.-t Rangetz J\u00f3zsef K\u00f6z\u00e9piskol\u00e1nak (1952\u20131956. nov.16\u201317.), valamint a Mv.-re telep\u00edtett m. nyelv\u0171 egy\u00e9ves p\u00e1rtegyetemet Rangetz J\u00f3zsef Marxista-Leninista Esti Egyetem-nek (1952\u2013). <br \/><strong>Irod.:<\/strong> Bottoni 2008; Ga\u00e1l Korn\u00e9lia: I. R. (\u00daj \u00c9let, 15. sz., 1979); Membrii C.C. al P.C.R., A p\u00e1rtegyetem l\u00e9trehoz\u00e1s\u00e1r\u00f3l (V. Z., 1952. okt. 5.)<\/br><\/p>\n","protected":false},"excerpt":{"rendered":"<p>\u00dajvars\u00e1nd (Arad), 1904. aug. 7., \u2020\u00a01952. szept. 1.: b\u0151r-egyenget\u0151 munk\u00e1s, a rom\u00e1niai munk\u00e1smozgalom harcosa. \u2013 Ifj\u00famunk\u00e1sk\u00e9nt l\u00e9pett a szervezett munk\u00e1sok sor\u00e1ba (1920). K\u00f6ld\u00f6tt volt az Egys\u00e9ges Szakszervezetek temesv\u00e1ri kongresszus\u00e1ra (1929). A RKP tagja (1930). A RKP Kv. Ter\u00fcleti bizotts\u00e1g\u00e1nak titk\u00e1ra, feladatul kapta a KB-t\u0151l a gyimesv\u00f6lgyi paraszts\u00e1g forradalmi harc\u00e1nak ir\u00e1ny\u00edt\u00e1s\u00e1t (1934). Tagja az RKP KB-nek [&hellip;]<\/p>\n","protected":false},"featured_media":0,"comment_status":"open","ping_status":"closed","template":"","meta":[],"product_brand":[],"product_cat":[137],"product_tag":[],"class_list":{"0":"post-18991","1":"product","2":"type-product","3":"status-publish","5":"product_cat-maros-megyei-eletrajzi-lexikon","7":"first","8":"instock","9":"shipping-taxable","10":"product-type-simple"},"_links":{"self":[{"href":"https:\/\/uj.adatbank.ro\/lexikon\/wp-json\/wp\/v2\/product\/18991","targetHints":{"allow":["GET"]}}],"collection":[{"href":"https:\/\/uj.adatbank.ro\/lexikon\/wp-json\/wp\/v2\/product"}],"about":[{"href":"https:\/\/uj.adatbank.ro\/lexikon\/wp-json\/wp\/v2\/types\/product"}],"replies":[{"embeddable":true,"href":"https:\/\/uj.adatbank.ro\/lexikon\/wp-json\/wp\/v2\/comments?post=18991"}],"wp:attachment":[{"href":"https:\/\/uj.adatbank.ro\/lexikon\/wp-json\/wp\/v2\/media?parent=18991"}],"wp:term":[{"taxonomy":"product_brand","embeddable":true,"href":"https:\/\/uj.adatbank.ro\/lexikon\/wp-json\/wp\/v2\/product_brand?post=18991"},{"taxonomy":"product_cat","embeddable":true,"href":"https:\/\/uj.adatbank.ro\/lexikon\/wp-json\/wp\/v2\/product_cat?post=18991"},{"taxonomy":"product_tag","embeddable":true,"href":"https:\/\/uj.adatbank.ro\/lexikon\/wp-json\/wp\/v2\/product_tag?post=18991"}],"curies":[{"name":"wp","href":"https:\/\/api.w.org\/{rel}","templated":true}]}}

RANGETZ József, §, Iosif; Ranghetz József

<p>Újvarsánd (Arad), 1904. aug. 7., † 1952. szept. 1.: bőr-egyengető munkás, a romániai munkásmozgalom harcosa. – Ifjúmunkásként lépett a szervezett munkások sorába (1920). Köldött volt az Egységes Szakszervezetek temesvári kongresszusára (1929). A RKP tagja (1930). A RKP Kv. Területi bizottságának titkára, feladatul kapta a KB-től a gyimesvölgyi parasztság forradalmi harcának irányítását (1934). Tagja az RKP KB-nek (1943–), hozzájárult a Munkásegységfront és a Demokratikus Blokk létrehozásához és részt vett a nemzeti antifasiszta és antiimperialista fegyveres felkelés irányításában (1944. aug. 23.).A RKP KB tagja (1943–45. okt. 21.). Az RKP / RMP KB-nak tagja volt (1945. okt. 21.–52. szept. 1.) és a KV tagja (1948. febr. 24.–52. szept. 1.). Halála után több üzem és iskola viselte a nevét. Róla nevezték el a mv.-i Ref. Koll.-t Rangetz József Középiskolának (1952–1956. nov.16–17.), valamint a Mv.-re telepített m. nyelvű egyéves pártegyetemet Rangetz József Marxista-Leninista Esti Egyetem-nek (1952–). <br /><strong>Irod.:</strong> Bottoni 2008; Gaál Kornélia: I. R. (Új Élet, 15. sz., 1979); Membrii C.C. al P.C.R., A pártegyetem létrehozásáról (V. Z., 1952. okt. 5.)</br></p>

<p>Újvarsánd (Arad), 1904. aug. 7., † 1952. szept. 1.: bőr-egyengető munkás, a romániai munkásmozgalom harcosa. – Ifjúmunkásként lépett a szervezett munkások sorába (1920). Köldött volt az Egységes Szakszervezetek temesvári kongresszusára (1929). A RKP tagja (1930). A RKP Kv. Területi bizottságának titkára, feladatul kapta a KB-től a gyimesvölgyi parasztság forradalmi harcának irányítását (1934). Tagja az RKP KB-nek [&hellip;]</p>
