{"id":18992,"date":"2025-07-16T11:13:44","date_gmt":"2025-07-16T09:13:44","guid":{"rendered":"https:\/\/uj.adatbank.ro\/lexikon\/termek\/ranholth-nicolaus\/"},"modified":"2025-07-16T11:13:44","modified_gmt":"2025-07-16T09:13:44","slug":"ranholth-nicolaus","status":"publish","type":"product","link":"https:\/\/uj.adatbank.ro\/lexikon\/termek\/ranholth-nicolaus\/","title":{"rendered":"RANHOLTH Nicolaus"},"content":{"rendered":"<p>? \u2020\u00a0?: spanyol nemes. \u2013 Lesz\u00e1rmazottainak a sz\u00e1ll\u00e1shelye volt Radn\u00f3t, Erd\u00e9ly egyik legid\u0151sebb f\u0151\u00fari birtoka, m\u00e1r II. Endre (1205\u20131235) kir\u00e1ly idej\u00e9ben. E nemes \u00e1g kihalt \u00e9s Radn\u00f3t Bog\u00e1thi P\u00e9ter birtok\u00e1ba jutott. <br \/><strong>Irod.:<\/strong> Vajda Gy\u00f6rgy: Kast\u00e9ly az eny\u00e9szet \u00fatj\u00e1n (N\u00fa., 1998. m\u00e1rc. 27.)<\/br><\/p>\n","protected":false},"excerpt":{"rendered":"<p>? \u2020\u00a0?: spanyol nemes. \u2013 Lesz\u00e1rmazottainak a sz\u00e1ll\u00e1shelye volt Radn\u00f3t, Erd\u00e9ly egyik legid\u0151sebb f\u0151\u00fari birtoka, m\u00e1r II. Endre (1205\u20131235) kir\u00e1ly idej\u00e9ben. E nemes \u00e1g kihalt \u00e9s Radn\u00f3t Bog\u00e1thi P\u00e9ter birtok\u00e1ba jutott. Irod.: Vajda Gy\u00f6rgy: Kast\u00e9ly az eny\u00e9szet \u00fatj\u00e1n (N\u00fa., 1998. m\u00e1rc. 27.)<\/p>\n","protected":false},"featured_media":0,"comment_status":"open","ping_status":"closed","template":"","meta":[],"product_brand":[],"product_cat":[137],"product_tag":[],"class_list":{"0":"post-18992","1":"product","2":"type-product","3":"status-publish","5":"product_cat-maros-megyei-eletrajzi-lexikon","7":"first","8":"instock","9":"shipping-taxable","10":"product-type-simple"},"_links":{"self":[{"href":"https:\/\/uj.adatbank.ro\/lexikon\/wp-json\/wp\/v2\/product\/18992","targetHints":{"allow":["GET"]}}],"collection":[{"href":"https:\/\/uj.adatbank.ro\/lexikon\/wp-json\/wp\/v2\/product"}],"about":[{"href":"https:\/\/uj.adatbank.ro\/lexikon\/wp-json\/wp\/v2\/types\/product"}],"replies":[{"embeddable":true,"href":"https:\/\/uj.adatbank.ro\/lexikon\/wp-json\/wp\/v2\/comments?post=18992"}],"wp:attachment":[{"href":"https:\/\/uj.adatbank.ro\/lexikon\/wp-json\/wp\/v2\/media?parent=18992"}],"wp:term":[{"taxonomy":"product_brand","embeddable":true,"href":"https:\/\/uj.adatbank.ro\/lexikon\/wp-json\/wp\/v2\/product_brand?post=18992"},{"taxonomy":"product_cat","embeddable":true,"href":"https:\/\/uj.adatbank.ro\/lexikon\/wp-json\/wp\/v2\/product_cat?post=18992"},{"taxonomy":"product_tag","embeddable":true,"href":"https:\/\/uj.adatbank.ro\/lexikon\/wp-json\/wp\/v2\/product_tag?post=18992"}],"curies":[{"name":"wp","href":"https:\/\/api.w.org\/{rel}","templated":true}]}}