{"id":18993,"date":"2025-07-16T11:13:49","date_gmt":"2025-07-16T09:13:49","guid":{"rendered":"https:\/\/uj.adatbank.ro\/lexikon\/termek\/rappaport-otto\/"},"modified":"2025-07-16T11:13:49","modified_gmt":"2025-07-16T09:13:49","slug":"rappaport-otto","status":"publish","type":"product","link":"https:\/\/uj.adatbank.ro\/lexikon\/termek\/rappaport-otto\/","title":{"rendered":"RAPPAPORT Otto"},"content":{"rendered":"<p>Nagyv\u00e1rad, 1921 j\u00fal. 20 \u2020\u00a0Tel-Aviv, 1993. dec.2.: \u00fajs\u00e1g\u00edr\u00f3, szerkeszt\u0151, sz\u00ednh\u00e1zi rendez\u0151, sz\u00ednh\u00e1zigazgat\u00f3. \u2013 Sz\u00fcl\u0151v\u00e1ros\u00e1ban \u00e9retts\u00e9gizett (1940). A m\u00e1sodik vh.-ban munkaszolg\u00e1latos, az Egys\u00e9g c. kv.-i hetilap munkat\u00e1rsa (1946\u201349). Kritik\u00e1i jelentek meg az Utunk, Korunk, Igaz Sz\u00f3, \u00daj \u00c9let, V\u00f6r\u00f6s Lobog\u00f3, Igazs\u00e1g, El\u0151re has\u00e1bjain.1950-ben v\u00e1llalkozott el\u0151sz\u00f6r rend.-i feladatra. Sz\u00ednpadra \u00e1ll\u00edtott egy szovjet darabot a kv.-i Rom\u00e1n Nemzeti Sz\u00ednh\u00e1zban. Ezut\u00e1n Nagyb\u00e1ny\u00e1n \u00e9s Aradon volt sz\u00ednh\u00e1zig., rendez\u0151, majd Mv.-re szerz\u0151d\u00f6tt a Sz\u00e9kely Sz\u00ednh\u00e1zhoz. 1958-ban a \u201erevizionizmus\u201d elleni kamp\u00e1ny alkalm\u00e1val felbontott\u00e1k szerz\u0151d\u00e9s\u00e9t, \u00e9s csak 1959. okt. 1-j\u00e9n siker\u00fclt a kolozsv\u00e1ri \u00c1llami Magyar Sz\u00ednh\u00e1zhoz szerz\u0151dnie. Mind a klasszikus, mind a kort\u00e1rs dr\u00e1mairodalomban j\u00f3l t\u00e1j\u00e9kozott volt, legf\u0151bb er\u00e9nye az irodalmi \u00e9s m\u0171v\u00e9szi \u00e9rt\u00e9kekre figyel\u0151 darabv\u00e1laszt\u00e1s. Nagy sikere volt Mad\u00e1ch: Ember trag\u00e9di\u00e1ja eredeti rendez\u00e9se. Kiv\u00e1ndorolt Izraelbe (1976), ahol ism\u00e9t \u00fajs\u00e1g\u00edr\u00e1ssal, lapszerkeszt\u00e9ssel foglalkozott, a Kv.-r\u00f3l oda \u00e1ttelepedett \u00daj Kelet c. foly\u00f3irat bels\u0151 munkat\u00e1rsa majd f\u0151szerk.-je volt (1976\u201390), valamint a K\u00fatf\u0151 c. m. nyelv\u00fa irodalmi, m\u0171v\u00e9szeti \u00e9s t\u00e1rsadalmi foly\u00f3iratnak alap\u00edt\u00f3 f\u0151szerkeszt\u0151je, bevonta a szerkeszt\u0151 bizotts\u00e1gba M\u00e9liusz J\u00f3zsef, K\u00e1ny\u00e1dy S\u00e1ndor, S\u00fct\u0151 Andr\u00e1st, akikr\u0151l \u00edr\u00e1sokat is k\u00f6z\u00f6lt.. A Bar Ilaz egyetem tan\u00e1ra (1976\u2013). \u2013 <strong>F. m.:<\/strong> A vak szemtan\u00fa (cikkek, Tel Aviv, 1982); A csend ki\u00e1lt\u00e1sa (napl\u00f3, Tel Aviv, 1985). \u2013 <strong>F. r.:<\/strong> : Miller: Az \u00fcgyn\u00f6k hal\u00e1la; Tolsztoj\u2013Piscator: H\u00e1bor\u00fa \u00e9s b\u00e9ke; Shaw: Szent Johanna; D\u00fcrrenmatt: Az \u00f6reg h\u00f6lgy l\u00e1togat\u00e1sa; Miller: B\u0171nbees\u00e9s ut\u00e1n; Mad\u00e1ch I.: Az ember trag\u00e9di\u00e1ja; Delavrancea: Fergeteg; Miller: Pillant\u00e1s a h\u00eddr\u00f3l, Mv.-en :M Davidoglu : A t\u0171zer\u0151d (1952), A. Baranga : Amir\u0151l ben besz\u00e9l\u00fcnk (1957); R. Nasch : Az es\u0151hoz\u00f3 ember (1958). \u2013 Irod : K\u00e1ntor-K\u00f6t\u0151, Kov\u00e1cs Levente; RMIL; Wertzberger<\/br><\/p>\n","protected":false},"excerpt":{"rendered":"<p>Nagyv\u00e1rad, 1921 j\u00fal. 20 \u2020\u00a0Tel-Aviv, 1993. dec.2.: \u00fajs\u00e1g\u00edr\u00f3, szerkeszt\u0151, sz\u00ednh\u00e1zi rendez\u0151, sz\u00ednh\u00e1zigazgat\u00f3. \u2013 Sz\u00fcl\u0151v\u00e1ros\u00e1ban \u00e9retts\u00e9gizett (1940). A m\u00e1sodik vh.-ban munkaszolg\u00e1latos, az Egys\u00e9g c. kv.-i hetilap munkat\u00e1rsa (1946\u201349). Kritik\u00e1i jelentek meg az Utunk, Korunk, Igaz Sz\u00f3, \u00daj \u00c9let, V\u00f6r\u00f6s Lobog\u00f3, Igazs\u00e1g, El\u0151re has\u00e1bjain.1950-ben v\u00e1llalkozott el\u0151sz\u00f6r rend.-i feladatra. Sz\u00ednpadra \u00e1ll\u00edtott egy szovjet darabot a kv.-i Rom\u00e1n Nemzeti [&hellip;]<\/p>\n","protected":false},"featured_media":0,"comment_status":"open","ping_status":"closed","template":"","meta":[],"product_brand":[],"product_cat":[137],"product_tag":[],"class_list":{"0":"post-18993","1":"product","2":"type-product","3":"status-publish","5":"product_cat-maros-megyei-eletrajzi-lexikon","7":"first","8":"instock","9":"shipping-taxable","10":"product-type-simple"},"_links":{"self":[{"href":"https:\/\/uj.adatbank.ro\/lexikon\/wp-json\/wp\/v2\/product\/18993","targetHints":{"allow":["GET"]}}],"collection":[{"href":"https:\/\/uj.adatbank.ro\/lexikon\/wp-json\/wp\/v2\/product"}],"about":[{"href":"https:\/\/uj.adatbank.ro\/lexikon\/wp-json\/wp\/v2\/types\/product"}],"replies":[{"embeddable":true,"href":"https:\/\/uj.adatbank.ro\/lexikon\/wp-json\/wp\/v2\/comments?post=18993"}],"wp:attachment":[{"href":"https:\/\/uj.adatbank.ro\/lexikon\/wp-json\/wp\/v2\/media?parent=18993"}],"wp:term":[{"taxonomy":"product_brand","embeddable":true,"href":"https:\/\/uj.adatbank.ro\/lexikon\/wp-json\/wp\/v2\/product_brand?post=18993"},{"taxonomy":"product_cat","embeddable":true,"href":"https:\/\/uj.adatbank.ro\/lexikon\/wp-json\/wp\/v2\/product_cat?post=18993"},{"taxonomy":"product_tag","embeddable":true,"href":"https:\/\/uj.adatbank.ro\/lexikon\/wp-json\/wp\/v2\/product_tag?post=18993"}],"curies":[{"name":"wp","href":"https:\/\/api.w.org\/{rel}","templated":true}]}}

<p>Nagyvárad, 1921 júl. 20 † Tel-Aviv, 1993. dec.2.: újságíró, szerkesztő, színházi rendező, színházigazgató. – Szülővárosában érettségizett (1940). A második vh.-ban munkaszolgálatos, az Egység c. kv.-i hetilap munkatársa (1946–49). Kritikái jelentek meg az Utunk, Korunk, Igaz Szó, Új Élet, Vörös Lobogó, Igazság, Előre hasábjain.1950-ben vállalkozott először rend.-i feladatra. Színpadra állított egy szovjet darabot a kv.-i Román Nemzeti Színházban. Ezután Nagybányán és Aradon volt színházig., rendező, majd Mv.-re szerződött a Székely Színházhoz. 1958-ban a „revizionizmus” elleni kampány alkalmával felbontották szerződését, és csak 1959. okt. 1-jén sikerült a kolozsvári Állami Magyar Színházhoz szerződnie. Mind a klasszikus, mind a kortárs drámairodalomban jól tájékozott volt, legfőbb erénye az irodalmi és művészi értékekre figyelő darabválasztás. Nagy sikere volt Madách: Ember tragédiája eredeti rendezése. Kivándorolt Izraelbe (1976), ahol ismét újságírással, lapszerkesztéssel foglalkozott, a Kv.-ról oda áttelepedett Új Kelet c. folyóirat belső munkatársa majd főszerk.-je volt (1976–90), valamint a Kútfő c. m. nyelvú irodalmi, művészeti és társadalmi folyóiratnak alapító főszerkesztője, bevonta a szerkesztő bizottságba Méliusz József, Kányády Sándor, Sütő Andrást, akikről írásokat is közölt.. A Bar Ilaz egyetem tanára (1976–). – <strong>F. m.:</strong> A vak szemtanú (cikkek, Tel Aviv, 1982); A csend kiáltása (napló, Tel Aviv, 1985). – <strong>F. r.:</strong> : Miller: Az ügynök halála; Tolsztoj–Piscator: Háború és béke; Shaw: Szent Johanna; Dürrenmatt: Az öreg hölgy látogatása; Miller: Bűnbeesés után; Madách I.: Az ember tragédiája; Delavrancea: Fergeteg; Miller: Pillantás a hídról, Mv.-en :M Davidoglu : A tűzerőd (1952), A. Baranga : Amiről ben beszélünk (1957); R. Nasch : Az esőhozó ember (1958). – Irod : Kántor-Kötő, Kovács Levente; RMIL; Wertzberger</br></p>

<p>Nagyvárad, 1921 júl. 20 † Tel-Aviv, 1993. dec.2.: újságíró, szerkesztő, színházi rendező, színházigazgató. – Szülővárosában érettségizett (1940). A második vh.-ban munkaszolgálatos, az Egység c. kv.-i hetilap munkatársa (1946–49). Kritikái jelentek meg az Utunk, Korunk, Igaz Szó, Új Élet, Vörös Lobogó, Igazság, Előre hasábjain.1950-ben vállalkozott először rend.-i feladatra. Színpadra állított egy szovjet darabot a kv.-i Román Nemzeti [&hellip;]</p>
