{"id":18996,"date":"2025-07-16T11:13:59","date_gmt":"2025-07-16T09:13:59","guid":{"rendered":"https:\/\/uj.adatbank.ro\/lexikon\/termek\/rath-karoly\/"},"modified":"2025-07-16T11:13:59","modified_gmt":"2025-07-16T09:13:59","slug":"rath-karoly","status":"publish","type":"product","link":"https:\/\/uj.adatbank.ro\/lexikon\/termek\/rath-karoly\/","title":{"rendered":"R\u00c1TH K\u00e1roly"},"content":{"rendered":"<p>Szeged, 1838. j\u00fal. 6., \u2020 Bp., 1902. m\u00e1j. 1.: gy\u00e1ros, miniszteri tan\u00e1csos. \u2013 Az Orsz. Iparos Sz\u00f6v. alap\u00edt\u00f3 eln\u00f6ke (1872\u2013), a bp.-i Kereskedelmi \u00e9s Iparkamara eln\u00f6ke (1876\u2013). A bp.-i Technol\u00f3giai Iparm\u00fazeum korm\u00e1nybiztosa volt. A Sz\u00e9kely M\u0171vel\u0151d\u00e9si \u00e9s K\u00f6zgazdas\u00e1gi Egylet k\u00f6zponti v\u00e1lasztym\u00e1nya \u0151t b\u00edzta meg a az iparm\u00fazeum szervez\u00e9s\u00e9vel. az Iparm\u00fazemi Bizotts\u00e1g t\u00e1rseln\u00f6ke. A Sz\u00e9kelyf\u00f6ldi Iparm\u00fazeum megalap\u00edt\u00f3ja(1885), R\u00f3la nevezt\u00e9k el a mv.-i R\u00e1th K\u00e1roly K\u00f6zgy\u0171jtem\u00e9ny Alap\u00edtv\u00e1nyt. \u2013 <strong>F. m.:<\/strong> t\u00e1rsszerz\u0151: Az 1886. j\u00fan. 27-\u00e9n Mv.-t megnyitott Sz\u00e9kelyf\u00f6ldi Iparm\u00fazeum ideiglenes katal\u00f3gusa (Bp., 1886); Hivatalos jelent\u00e9s a bp.-i 1895.-i Orsz\u00e1gos \u00e1ltal\u00e1nos Ki\u00e1ll\u00edt\u00e1sr\u00f3l (Bp., 1886); Magyar kir\u00e1lyok \u00e9s erd\u00e9lyi fejedelmek hadj\u00e1ratai, utaz\u00e1sai \u00e9s tart\u00f3zkod\u00e1si helyei (Gy\u0151r, 1866); Magyar kir\u00e1lyok hadj\u00e1ratai, utaz\u00e1sai \u00e9s tart\u00f3zkod\u00e1si helyei (Gy\u0151r, 1861); szerkeszt\u0151 : A Magyar Korona orsz\u00e1gainak kivitelk\u00e9pes ipartelepei (Bp., 1897). <br \/><strong>Irod.:<\/strong> Ga\u00e1l Korn\u00e9lia: A Sz\u00e9kelyf\u00f6ldi Iparm\u00fazeum Mv.-t == Mv. t\u00f6rt\u00e9net\u00e9b\u0151l; Id\u0151t\u00e1r 2; Lokodi Imre: Bejegyezt\u00e9k a R\u00e1th K\u00e1roly K\u00f6zgy\u0171jtem\u00e9ny Alap\u00edtv\u00e1nyt (Vas\u00e1rnap, 25. sz., 2005. j\u00fan. 19.); \u00daM\u00c9L<\/br><\/p>\n","protected":false},"excerpt":{"rendered":"<p>Szeged, 1838. j\u00fal. 6., \u2020 Bp., 1902. m\u00e1j. 1.: gy\u00e1ros, miniszteri tan\u00e1csos. \u2013 Az Orsz. Iparos Sz\u00f6v. alap\u00edt\u00f3 eln\u00f6ke (1872\u2013), a bp.-i Kereskedelmi \u00e9s Iparkamara eln\u00f6ke (1876\u2013). A bp.-i Technol\u00f3giai Iparm\u00fazeum korm\u00e1nybiztosa volt. A Sz\u00e9kely M\u0171vel\u0151d\u00e9si \u00e9s K\u00f6zgazdas\u00e1gi Egylet k\u00f6zponti v\u00e1lasztym\u00e1nya \u0151t b\u00edzta meg a az iparm\u00fazeum szervez\u00e9s\u00e9vel. az Iparm\u00fazemi Bizotts\u00e1g t\u00e1rseln\u00f6ke. A Sz\u00e9kelyf\u00f6ldi Iparm\u00fazeum [&hellip;]<\/p>\n","protected":false},"featured_media":0,"comment_status":"open","ping_status":"closed","template":"","meta":[],"product_brand":[],"product_cat":[137],"product_tag":[],"class_list":{"0":"post-18996","1":"product","2":"type-product","3":"status-publish","5":"product_cat-maros-megyei-eletrajzi-lexikon","7":"first","8":"instock","9":"shipping-taxable","10":"product-type-simple"},"_links":{"self":[{"href":"https:\/\/uj.adatbank.ro\/lexikon\/wp-json\/wp\/v2\/product\/18996","targetHints":{"allow":["GET"]}}],"collection":[{"href":"https:\/\/uj.adatbank.ro\/lexikon\/wp-json\/wp\/v2\/product"}],"about":[{"href":"https:\/\/uj.adatbank.ro\/lexikon\/wp-json\/wp\/v2\/types\/product"}],"replies":[{"embeddable":true,"href":"https:\/\/uj.adatbank.ro\/lexikon\/wp-json\/wp\/v2\/comments?post=18996"}],"wp:attachment":[{"href":"https:\/\/uj.adatbank.ro\/lexikon\/wp-json\/wp\/v2\/media?parent=18996"}],"wp:term":[{"taxonomy":"product_brand","embeddable":true,"href":"https:\/\/uj.adatbank.ro\/lexikon\/wp-json\/wp\/v2\/product_brand?post=18996"},{"taxonomy":"product_cat","embeddable":true,"href":"https:\/\/uj.adatbank.ro\/lexikon\/wp-json\/wp\/v2\/product_cat?post=18996"},{"taxonomy":"product_tag","embeddable":true,"href":"https:\/\/uj.adatbank.ro\/lexikon\/wp-json\/wp\/v2\/product_tag?post=18996"}],"curies":[{"name":"wp","href":"https:\/\/api.w.org\/{rel}","templated":true}]}}

RÁTH Károly

<p>Szeged, 1838. júl. 6., † Bp., 1902. máj. 1.: gyáros, miniszteri tanácsos. – Az Orsz. Iparos Szöv. alapító elnöke (1872–), a bp.-i Kereskedelmi és Iparkamara elnöke (1876–). A bp.-i Technológiai Iparmúzeum kormánybiztosa volt. A Székely Művelődési és Közgazdasági Egylet központi választymánya őt bízta meg a az iparmúzeum szervezésével. az Iparmúzemi Bizottság társelnöke. A Székelyföldi Iparmúzeum megalapítója(1885), Róla nevezték el a mv.-i Ráth Károly Közgyűjtemény Alapítványt. – <strong>F. m.:</strong> társszerző: Az 1886. jún. 27-én Mv.-t megnyitott Székelyföldi Iparmúzeum ideiglenes katalógusa (Bp., 1886); Hivatalos jelentés a bp.-i 1895.-i Országos általános Kiállításról (Bp., 1886); Magyar királyok és erdélyi fejedelmek hadjáratai, utazásai és tartózkodási helyei (Győr, 1866); Magyar királyok hadjáratai, utazásai és tartózkodási helyei (Győr, 1861); szerkesztő : A Magyar Korona országainak kivitelképes ipartelepei (Bp., 1897). <br /><strong>Irod.:</strong> Gaál Kornélia: A Székelyföldi Iparmúzeum Mv.-t == Mv. történetéből; Időtár 2; Lokodi Imre: Bejegyezték a Ráth Károly Közgyűjtemény Alapítványt (Vasárnap, 25. sz., 2005. jún. 19.); ÚMÉL</br></p>

<p>Szeged, 1838. júl. 6., † Bp., 1902. máj. 1.: gyáros, miniszteri tanácsos. – Az Orsz. Iparos Szöv. alapító elnöke (1872–), a bp.-i Kereskedelmi és Iparkamara elnöke (1876–). A bp.-i Technológiai Iparmúzeum kormánybiztosa volt. A Székely Művelődési és Közgazdasági Egylet központi választymánya őt bízta meg a az iparmúzeum szervezésével. az Iparmúzemi Bizottság társelnöke. A Székelyföldi Iparmúzeum [&hellip;]</p>
