{"id":18999,"date":"2025-07-16T11:14:06","date_gmt":"2025-07-16T09:14:06","guid":{"rendered":"https:\/\/uj.adatbank.ro\/lexikon\/termek\/ratiu-avram-%c2%a7-gunyneve-a-lui-chiron\/"},"modified":"2025-07-16T11:14:06","modified_gmt":"2025-07-16T09:14:06","slug":"ratiu-avram-%c2%a7-gunyneve-a-lui-chiron","status":"publish","type":"product","link":"https:\/\/uj.adatbank.ro\/lexikon\/termek\/ratiu-avram-%c2%a7-gunyneve-a-lui-chiron\/","title":{"rendered":"RA\u0162IU, Avram, \u00a7; g\u00fanyneve: a lui Chiron"},"content":{"rendered":"<p>Marosszentgy\u00f6rgy, 1888. m\u00e1rc. 17. \u2020 Marosszentgy\u00f6rgy, 1966. okt. 25.: polg\u00e1rmester. \u2013 A sz\u00fcl\u0151hely\u00e9n j\u00e1rt isk.-ba. Marosszentgy\u00f6rgy falu polg\u00e1rmestere (1938\u201340. aug. 27.). Polg\u00e1rmesterk\u00e9nt t\u00e1mogatta az \u00f3voda, az \u00e1llami iskola tev\u00e9kenys\u00e9g\u00e9t \u00e9s a falu m\u0171vel\u0151d\u00e9si h\u00e1z\u00e1nak \u00e9p\u00edt\u00e9s\u00e9t. Birtok\u00e1ban volt a B\u00e1rdosi Kert- nek nevezett f\u00f6ldter\u00fclet, amely a mai s\u00f3s f\u00fcrd\u0151h\u00f6z tartozik. <br \/><strong>Irod.:<\/strong> S\u00e2ngeorgiu de Mure\u015f; S\u00e2ngeorgiu de Mure\u015f: 1940\u20131944<\/br><\/p>\n","protected":false},"excerpt":{"rendered":"<p>Marosszentgy\u00f6rgy, 1888. m\u00e1rc. 17. \u2020 Marosszentgy\u00f6rgy, 1966. okt. 25.: polg\u00e1rmester. \u2013 A sz\u00fcl\u0151hely\u00e9n j\u00e1rt isk.-ba. Marosszentgy\u00f6rgy falu polg\u00e1rmestere (1938\u201340. aug. 27.). Polg\u00e1rmesterk\u00e9nt t\u00e1mogatta az \u00f3voda, az \u00e1llami iskola tev\u00e9kenys\u00e9g\u00e9t \u00e9s a falu m\u0171vel\u0151d\u00e9si h\u00e1z\u00e1nak \u00e9p\u00edt\u00e9s\u00e9t. Birtok\u00e1ban volt a B\u00e1rdosi Kert- nek nevezett f\u00f6ldter\u00fclet, amely a mai s\u00f3s f\u00fcrd\u0151h\u00f6z tartozik. Irod.: S\u00e2ngeorgiu de Mure\u015f; S\u00e2ngeorgiu de [&hellip;]<\/p>\n","protected":false},"featured_media":0,"comment_status":"open","ping_status":"closed","template":"","meta":[],"product_brand":[],"product_cat":[137],"product_tag":[],"class_list":{"0":"post-18999","1":"product","2":"type-product","3":"status-publish","5":"product_cat-maros-megyei-eletrajzi-lexikon","7":"first","8":"instock","9":"shipping-taxable","10":"product-type-simple"},"_links":{"self":[{"href":"https:\/\/uj.adatbank.ro\/lexikon\/wp-json\/wp\/v2\/product\/18999","targetHints":{"allow":["GET"]}}],"collection":[{"href":"https:\/\/uj.adatbank.ro\/lexikon\/wp-json\/wp\/v2\/product"}],"about":[{"href":"https:\/\/uj.adatbank.ro\/lexikon\/wp-json\/wp\/v2\/types\/product"}],"replies":[{"embeddable":true,"href":"https:\/\/uj.adatbank.ro\/lexikon\/wp-json\/wp\/v2\/comments?post=18999"}],"wp:attachment":[{"href":"https:\/\/uj.adatbank.ro\/lexikon\/wp-json\/wp\/v2\/media?parent=18999"}],"wp:term":[{"taxonomy":"product_brand","embeddable":true,"href":"https:\/\/uj.adatbank.ro\/lexikon\/wp-json\/wp\/v2\/product_brand?post=18999"},{"taxonomy":"product_cat","embeddable":true,"href":"https:\/\/uj.adatbank.ro\/lexikon\/wp-json\/wp\/v2\/product_cat?post=18999"},{"taxonomy":"product_tag","embeddable":true,"href":"https:\/\/uj.adatbank.ro\/lexikon\/wp-json\/wp\/v2\/product_tag?post=18999"}],"curies":[{"name":"wp","href":"https:\/\/api.w.org\/{rel}","templated":true}]}}

RAŢIU, Avram, §; gúnyneve: a lui Chiron

<p>Marosszentgyörgy, 1888. márc. 17. † Marosszentgyörgy, 1966. okt. 25.: polgármester. – A szülőhelyén járt isk.-ba. Marosszentgyörgy falu polgármestere (1938–40. aug. 27.). Polgármesterként támogatta az óvoda, az állami iskola tevékenységét és a falu művelődési házának építését. Birtokában volt a Bárdosi Kert- nek nevezett földterület, amely a mai sós fürdőhöz tartozik. <br /><strong>Irod.:</strong> Sângeorgiu de Mureş; Sângeorgiu de Mureş: 1940–1944</br></p>

<p>Marosszentgyörgy, 1888. márc. 17. † Marosszentgyörgy, 1966. okt. 25.: polgármester. – A szülőhelyén járt isk.-ba. Marosszentgyörgy falu polgármestere (1938–40. aug. 27.). Polgármesterként támogatta az óvoda, az állami iskola tevékenységét és a falu művelődési házának építését. Birtokában volt a Bárdosi Kert- nek nevezett földterület, amely a mai sós fürdőhöz tartozik. Irod.: Sângeorgiu de Mureş; Sângeorgiu de [&hellip;]</p>
