{"id":19000,"date":"2025-07-16T11:14:08","date_gmt":"2025-07-16T09:14:08","guid":{"rendered":"https:\/\/uj.adatbank.ro\/lexikon\/termek\/ratiu-basiliu\/"},"modified":"2025-07-16T11:14:08","modified_gmt":"2025-07-16T09:14:08","slug":"ratiu-basiliu","status":"publish","type":"product","link":"https:\/\/uj.adatbank.ro\/lexikon\/termek\/ratiu-basiliu\/","title":{"rendered":"RA\u0162IU, Basiliu"},"content":{"rendered":"<p>Als\u00f3k\u00e1polna, 1837. j\u00fal. 7., \u2020\u00a0Bal\u00e1zsfalva, 1902. j\u00fan. 1.: g. kat. pap. \u2013 B\u00e9csben v\u00e9gezte a teol\u00f3gi\u00e1t (1864), ott szentelt\u00e9k papp\u00e1 (1870. aug.18.). Kinevezt\u00e9k Bal\u00e1zsfalv\u00e1ra tan\u00e1rnak (1864\u201370), azut\u00e1n teol\u00f3giatan\u00e1rnak (1871\u2013), a H\u00e1zass\u00e1gi T\u00f6rv\u00e9nysz\u00e9k II.bir\u00f3s\u00e1g\u00e1n \u00fcln\u00f6k (1872\u2013), v\u00e9d\u0151 uo., konzisztoriumi \u00fcln\u00f6k (1881\u2013), majd Sz\u00e1szr\u00e9gen pl\u00e9b\u00e1nosi \u00e9s esperesi sz\u00e9k\u00e9t foglalta el M. Cri\u015fan ut\u00e1n (1884 \u00e1pr. 26.\u201388). \u00d6sszeh\u00edvta a traktus szinodus\u00e1t (1884. j\u00fan. 26.). Az eg\u00e9szs\u00e9g\u00fcgyi bizotts\u00e1g eln\u00f6ke is volt. Az ASTRA tagja, alap\u00edt\u00f3tagja a sz\u00ednh\u00e1z l\u00e9trehoz\u00e1s\u00e1hoz gy\u0171jtend\u0151 alap t\u00e1rsas\u00e1g\u00e1nak. Kinevezt\u00e9k vik\u00e1riuss\u00e1, Fogaras p\u00fcsp\u00f6khelyettes\u00e9v\u00e9 (1888\u201398), tagja a fogarasi Progresul- Halad\u00e1s t\u00e1rsas\u00e1gnak, 2000 koron\u00e1t adom\u00e1nyozott a fogarasi g. kat. iskola \u00e9p\u00edt\u00e9s\u00e9re. A sz\u00e1zad v\u00e9g\u00e9n Bal\u00e1zsfalv\u00e1n a Teol\u00f3giai Szemin\u00e1rium rektora lett. <br \/><strong>Irod.:<\/strong> Dobozi; Goldi\u015f, Vasile: Mi\u015fcarea teatral\u0103 la noi \u00een anul 1900 (S.l., s.a.)<\/br><\/p>\n","protected":false},"excerpt":{"rendered":"<p>Als\u00f3k\u00e1polna, 1837. j\u00fal. 7., \u2020\u00a0Bal\u00e1zsfalva, 1902. j\u00fan. 1.: g. kat. pap. \u2013 B\u00e9csben v\u00e9gezte a teol\u00f3gi\u00e1t (1864), ott szentelt\u00e9k papp\u00e1 (1870. aug.18.). Kinevezt\u00e9k Bal\u00e1zsfalv\u00e1ra tan\u00e1rnak (1864\u201370), azut\u00e1n teol\u00f3giatan\u00e1rnak (1871\u2013), a H\u00e1zass\u00e1gi T\u00f6rv\u00e9nysz\u00e9k II.bir\u00f3s\u00e1g\u00e1n \u00fcln\u00f6k (1872\u2013), v\u00e9d\u0151 uo., konzisztoriumi \u00fcln\u00f6k (1881\u2013), majd Sz\u00e1szr\u00e9gen pl\u00e9b\u00e1nosi \u00e9s esperesi sz\u00e9k\u00e9t foglalta el M. Cri\u015fan ut\u00e1n (1884 \u00e1pr. 26.\u201388). \u00d6sszeh\u00edvta [&hellip;]<\/p>\n","protected":false},"featured_media":0,"comment_status":"open","ping_status":"closed","template":"","meta":[],"product_brand":[],"product_cat":[137],"product_tag":[],"class_list":{"0":"post-19000","1":"product","2":"type-product","3":"status-publish","5":"product_cat-maros-megyei-eletrajzi-lexikon","7":"first","8":"instock","9":"shipping-taxable","10":"product-type-simple"},"_links":{"self":[{"href":"https:\/\/uj.adatbank.ro\/lexikon\/wp-json\/wp\/v2\/product\/19000","targetHints":{"allow":["GET"]}}],"collection":[{"href":"https:\/\/uj.adatbank.ro\/lexikon\/wp-json\/wp\/v2\/product"}],"about":[{"href":"https:\/\/uj.adatbank.ro\/lexikon\/wp-json\/wp\/v2\/types\/product"}],"replies":[{"embeddable":true,"href":"https:\/\/uj.adatbank.ro\/lexikon\/wp-json\/wp\/v2\/comments?post=19000"}],"wp:attachment":[{"href":"https:\/\/uj.adatbank.ro\/lexikon\/wp-json\/wp\/v2\/media?parent=19000"}],"wp:term":[{"taxonomy":"product_brand","embeddable":true,"href":"https:\/\/uj.adatbank.ro\/lexikon\/wp-json\/wp\/v2\/product_brand?post=19000"},{"taxonomy":"product_cat","embeddable":true,"href":"https:\/\/uj.adatbank.ro\/lexikon\/wp-json\/wp\/v2\/product_cat?post=19000"},{"taxonomy":"product_tag","embeddable":true,"href":"https:\/\/uj.adatbank.ro\/lexikon\/wp-json\/wp\/v2\/product_tag?post=19000"}],"curies":[{"name":"wp","href":"https:\/\/api.w.org\/{rel}","templated":true}]}}

RAŢIU, Basiliu

<p>Alsókápolna, 1837. júl. 7., † Balázsfalva, 1902. jún. 1.: g. kat. pap. – Bécsben végezte a teológiát (1864), ott szentelték pappá (1870. aug.18.). Kinevezték Balázsfalvára tanárnak (1864–70), azután teológiatanárnak (1871–), a Házassági Törvényszék II.biróságán ülnök (1872–), védő uo., konzisztoriumi ülnök (1881–), majd Szászrégen plébánosi és esperesi székét foglalta el M. Crişan után (1884 ápr. 26.–88). Összehívta a traktus szinodusát (1884. jún. 26.). Az egészségügyi bizottság elnöke is volt. Az ASTRA tagja, alapítótagja a színház létrehozásához gyűjtendő alap társaságának. Kinevezték vikáriussá, Fogaras püspökhelyettesévé (1888–98), tagja a fogarasi Progresul- Haladás társaságnak, 2000 koronát adományozott a fogarasi g. kat. iskola építésére. A század végén Balázsfalván a Teológiai Szeminárium rektora lett. <br /><strong>Irod.:</strong> Dobozi; Goldiş, Vasile: Mişcarea teatrală la noi în anul 1900 (S.l., s.a.)</br></p>

<p>Alsókápolna, 1837. júl. 7., † Balázsfalva, 1902. jún. 1.: g. kat. pap. – Bécsben végezte a teológiát (1864), ott szentelték pappá (1870. aug.18.). Kinevezték Balázsfalvára tanárnak (1864–70), azután teológiatanárnak (1871–), a Házassági Törvényszék II.biróságán ülnök (1872–), védő uo., konzisztoriumi ülnök (1881–), majd Szászrégen plébánosi és esperesi székét foglalta el M. Crişan után (1884 ápr. 26.–88). Összehívta [&hellip;]</p>
