{"id":19003,"date":"2025-07-16T11:14:15","date_gmt":"2025-07-16T09:14:15","guid":{"rendered":"https:\/\/uj.adatbank.ro\/lexikon\/termek\/ratiu-ioan\/"},"modified":"2025-07-16T11:14:15","modified_gmt":"2025-07-16T09:14:15","slug":"ratiu-ioan","status":"publish","type":"product","link":"https:\/\/uj.adatbank.ro\/lexikon\/termek\/ratiu-ioan\/","title":{"rendered":"RA\u0162IU, Ioan"},"content":{"rendered":"<p>Kiss\u00e1rm\u00e1s, 1894.,\u2020 ?: \u00f3r\u00e1smester. \u2013 Rom\u00e1n nemesi csal\u00e1db\u00f3l sz\u00e1rmazott, Ludason tanuta az \u00f3r\u00e1smesters\u00e9get, tov\u00e1bb tanult Bp.-en. Kv.-on telepedett le \u00e9s k\u00e9s\u00f6bb j\u00f3h\u00edrn\u00e9vre szert tev\u0151 \u00f3r\u00e1s-m\u0171helyt nyitott (1918\u2013). Eln\u00f6ke lett az \u00d3r\u00e1sok \u00e9s \u00c9kszer\u00e9szek C\u00e9h\u00e9nek. Kiadta a Gazeta ceasornicarilor \u015fi bijutierilor, amely k\u00e9s\u0151bb Orologiura v\u00e1ltoztatta nev\u00e9t, tagja az Ipar \u00e9s Kereskedelmi Kamar\u00e1nak. Rom\u00e1ni\u00e1ban els\u0151k\u00e9k\u00e9nt adott ki \u00f3r\u00e1s-szak\u00f6nyvet. \u2013 F.m. : Tehnica \u015fi arta ceasurilor (S.l., s.a.). <br \/><strong>Irod.:<\/strong> Clujeni ai sec. 20; Todea\u2013F\u00fcl\u00f6p\u2013Avram<\/br><\/p>\n","protected":false},"excerpt":{"rendered":"<p>Kiss\u00e1rm\u00e1s, 1894.,\u2020 ?: \u00f3r\u00e1smester. \u2013 Rom\u00e1n nemesi csal\u00e1db\u00f3l sz\u00e1rmazott, Ludason tanuta az \u00f3r\u00e1smesters\u00e9get, tov\u00e1bb tanult Bp.-en. Kv.-on telepedett le \u00e9s k\u00e9s\u00f6bb j\u00f3h\u00edrn\u00e9vre szert tev\u0151 \u00f3r\u00e1s-m\u0171helyt nyitott (1918\u2013). Eln\u00f6ke lett az \u00d3r\u00e1sok \u00e9s \u00c9kszer\u00e9szek C\u00e9h\u00e9nek. Kiadta a Gazeta ceasornicarilor \u015fi bijutierilor, amely k\u00e9s\u0151bb Orologiura v\u00e1ltoztatta nev\u00e9t, tagja az Ipar \u00e9s Kereskedelmi Kamar\u00e1nak. Rom\u00e1ni\u00e1ban els\u0151k\u00e9k\u00e9nt adott ki [&hellip;]<\/p>\n","protected":false},"featured_media":0,"comment_status":"open","ping_status":"closed","template":"","meta":[],"product_brand":[],"product_cat":[137],"product_tag":[],"class_list":{"0":"post-19003","1":"product","2":"type-product","3":"status-publish","5":"product_cat-maros-megyei-eletrajzi-lexikon","7":"first","8":"instock","9":"shipping-taxable","10":"product-type-simple"},"_links":{"self":[{"href":"https:\/\/uj.adatbank.ro\/lexikon\/wp-json\/wp\/v2\/product\/19003","targetHints":{"allow":["GET"]}}],"collection":[{"href":"https:\/\/uj.adatbank.ro\/lexikon\/wp-json\/wp\/v2\/product"}],"about":[{"href":"https:\/\/uj.adatbank.ro\/lexikon\/wp-json\/wp\/v2\/types\/product"}],"replies":[{"embeddable":true,"href":"https:\/\/uj.adatbank.ro\/lexikon\/wp-json\/wp\/v2\/comments?post=19003"}],"wp:attachment":[{"href":"https:\/\/uj.adatbank.ro\/lexikon\/wp-json\/wp\/v2\/media?parent=19003"}],"wp:term":[{"taxonomy":"product_brand","embeddable":true,"href":"https:\/\/uj.adatbank.ro\/lexikon\/wp-json\/wp\/v2\/product_brand?post=19003"},{"taxonomy":"product_cat","embeddable":true,"href":"https:\/\/uj.adatbank.ro\/lexikon\/wp-json\/wp\/v2\/product_cat?post=19003"},{"taxonomy":"product_tag","embeddable":true,"href":"https:\/\/uj.adatbank.ro\/lexikon\/wp-json\/wp\/v2\/product_tag?post=19003"}],"curies":[{"name":"wp","href":"https:\/\/api.w.org\/{rel}","templated":true}]}}

RAŢIU, Ioan

<p>Kissármás, 1894.,† ?: órásmester. – Román nemesi családból származott, Ludason tanuta az órásmesterséget, tovább tanult Bp.-en. Kv.-on telepedett le és késöbb jóhírnévre szert tevő órás-műhelyt nyitott (1918–). Elnöke lett az Órások és Ékszerészek Céhének. Kiadta a Gazeta ceasornicarilor şi bijutierilor, amely később Orologiura változtatta nevét, tagja az Ipar és Kereskedelmi Kamarának. Romániában elsőkéként adott ki órás-szakönyvet. – F.m. : Tehnica şi arta ceasurilor (S.l., s.a.). <br /><strong>Irod.:</strong> Clujeni ai sec. 20; Todea–Fülöp–Avram</br></p>

<p>Kissármás, 1894.,† ?: órásmester. – Román nemesi családból származott, Ludason tanuta az órásmesterséget, tovább tanult Bp.-en. Kv.-on telepedett le és késöbb jóhírnévre szert tevő órás-műhelyt nyitott (1918–). Elnöke lett az Órások és Ékszerészek Céhének. Kiadta a Gazeta ceasornicarilor şi bijutierilor, amely később Orologiura változtatta nevét, tagja az Ipar és Kereskedelmi Kamarának. Romániában elsőkéként adott ki [&hellip;]</p>
