{"id":19008,"date":"2025-07-16T11:14:29","date_gmt":"2025-07-16T09:14:29","guid":{"rendered":"https:\/\/uj.adatbank.ro\/lexikon\/termek\/ratiu-vasile\/"},"modified":"2025-07-16T11:14:29","modified_gmt":"2025-07-16T09:14:29","slug":"ratiu-vasile","status":"publish","type":"product","link":"https:\/\/uj.adatbank.ro\/lexikon\/termek\/ratiu-vasile\/","title":{"rendered":"RA\u0162IU, Vasile"},"content":{"rendered":"<p>K\u00e1polna, 1795., \u2020 1835.: g\u00f6r\u00f6g kat. pap. \u2013 K\u00f6z\u00e9piskol\u00e1t \u00e9s teol\u00f3gi\u00e1t Bal\u00e1zsfalv\u00e1n v\u00e9gzett. Papp\u00e1 szentelt\u00e9k (1818). K\u00e1pl\u00e1n Magyarb\u00e9ny\u00e9ben (1818\u201320), Bal\u00e1zsfalv\u00e1n sintaxist tan\u00edtott (1820\u201322),majd kolostorba rendelt\u00e9k Uzdiszentp\u00e9terre (1822\u2013), F\u00fczesmikol\u00e1ra, Magyarpeterdre hal\u00e1l\u00e1ig (1826\u201335). \u2013 F. m.\u00a0: Manual catehetic (in\u00a0: Foaia scolastic\u0103, Blaj). <br \/><strong>Irod.:<\/strong> Com\u015fa; Com\u015fa\u2013Seiceanu; Todea 2013<\/br><\/p>\n","protected":false},"excerpt":{"rendered":"<p>K\u00e1polna, 1795., \u2020 1835.: g\u00f6r\u00f6g kat. pap. \u2013 K\u00f6z\u00e9piskol\u00e1t \u00e9s teol\u00f3gi\u00e1t Bal\u00e1zsfalv\u00e1n v\u00e9gzett. Papp\u00e1 szentelt\u00e9k (1818). K\u00e1pl\u00e1n Magyarb\u00e9ny\u00e9ben (1818\u201320), Bal\u00e1zsfalv\u00e1n sintaxist tan\u00edtott (1820\u201322),majd kolostorba rendelt\u00e9k Uzdiszentp\u00e9terre (1822\u2013), F\u00fczesmikol\u00e1ra, Magyarpeterdre hal\u00e1l\u00e1ig (1826\u201335). \u2013 F. m.\u00a0: Manual catehetic (in\u00a0: Foaia scolastic\u0103, Blaj). Irod.: Com\u015fa; Com\u015fa\u2013Seiceanu; Todea 2013<\/p>\n","protected":false},"featured_media":0,"comment_status":"open","ping_status":"closed","template":"","meta":[],"product_brand":[],"product_cat":[137],"product_tag":[],"class_list":{"0":"post-19008","1":"product","2":"type-product","3":"status-publish","5":"product_cat-maros-megyei-eletrajzi-lexikon","7":"first","8":"instock","9":"shipping-taxable","10":"product-type-simple"},"_links":{"self":[{"href":"https:\/\/uj.adatbank.ro\/lexikon\/wp-json\/wp\/v2\/product\/19008","targetHints":{"allow":["GET"]}}],"collection":[{"href":"https:\/\/uj.adatbank.ro\/lexikon\/wp-json\/wp\/v2\/product"}],"about":[{"href":"https:\/\/uj.adatbank.ro\/lexikon\/wp-json\/wp\/v2\/types\/product"}],"replies":[{"embeddable":true,"href":"https:\/\/uj.adatbank.ro\/lexikon\/wp-json\/wp\/v2\/comments?post=19008"}],"wp:attachment":[{"href":"https:\/\/uj.adatbank.ro\/lexikon\/wp-json\/wp\/v2\/media?parent=19008"}],"wp:term":[{"taxonomy":"product_brand","embeddable":true,"href":"https:\/\/uj.adatbank.ro\/lexikon\/wp-json\/wp\/v2\/product_brand?post=19008"},{"taxonomy":"product_cat","embeddable":true,"href":"https:\/\/uj.adatbank.ro\/lexikon\/wp-json\/wp\/v2\/product_cat?post=19008"},{"taxonomy":"product_tag","embeddable":true,"href":"https:\/\/uj.adatbank.ro\/lexikon\/wp-json\/wp\/v2\/product_tag?post=19008"}],"curies":[{"name":"wp","href":"https:\/\/api.w.org\/{rel}","templated":true}]}}