{"id":19009,"date":"2025-07-16T11:14:30","date_gmt":"2025-07-16T09:14:30","guid":{"rendered":"https:\/\/uj.adatbank.ro\/lexikon\/termek\/ratoni-istvan\/"},"modified":"2025-07-16T11:14:30","modified_gmt":"2025-07-16T09:14:30","slug":"ratoni-istvan","status":"publish","type":"product","link":"https:\/\/uj.adatbank.ro\/lexikon\/termek\/ratoni-istvan\/","title":{"rendered":"R\u00c1TONI Istv\u00e1n"},"content":{"rendered":"<p>? \u2020\u00a0G\u00f6rg\u00e9ny, 1708: kurucvez\u00e9r, kapit\u00e1ny. \u2013 A g\u00f6rg\u00e9nyi v\u00e1r utols\u00f3 kapit\u00e1nya. G\u00f6rg\u00e9ny v\u00e1ra al\u00e1 500 gyalogos \u00e9s 500 lovas labanc \u00e9rkezett, \u00e1gyukkal bomb\u00e1kkal. A v\u00e1d\u0151k k\u00f6z\u00f6tt volt a v\u00e1rban R\u00e1k\u00f3czinak 100 palot\u00e1s hajduja \u00e9s egy kev\u00e9s erd\u00e9lyi n\u00e9p, \u00e9l\u00fck\u00f6n R\u00e1toni Istv\u00e1nnal, akinek lelem\u00e9nyess\u00e9ge \u00e9s h\u0151siess\u00e9ge, nem ismert hat\u00e1rt (1708). Leszedette az \u00e9p\u00fcletek fedel\u00e9t, a sz\u00e9n\u00e1kat befedette hogy meg ne gy\u00faljanak, hogy a vizet biztos\u00edtsa a k\u00fat el\u00e9 f\u00f6ldt\u00f6lt\u00e9st emeltetett. Rabutin t\u00f6bbsz\u00f6ri f\u00f6lsz\u00f3l\u00edt\u00e1s\u00e1ra sem adta fel a v\u00e1rat. Hogy a goly\u00f3t p\u00f3tolja makkot f\u0151zetett, amelyeket pokr\u00f3cokon sz\u00e1r\u00edtott. A falon ejtett r\u00e9seket kijav\u00edtatta, a lees\u0151 bomb\u00e1kat vizes marhab\u0151rrel ter\u00edttette be. A t\u00faler\u0151vel szemben h\u0151siesen v\u00e9dekezetek, amikor egy \u00e9jjel megsebes\u00fclt \u00e9s meghalt. Hal\u00e1l\u00e1val a v\u00e9d\u0151k szelleme is megt\u00f6rt. Az \u0151rs\u00e9g egy este elmenek\u00fclt, az ott maradt n\u00e9p feladta a v\u00e1rat \u00e9s azt Rabutin leromboltatta. A n\u00e9p ajk\u00e1n reg\u00e9k terjengtek azut\u00e1n a v\u00e1rr\u00f3l \u00e9s v\u00e9d\u0151ir\u0151l. <br \/><strong>Irod.:<\/strong> Gurgiul; K\u0151v\u00e1ry L\u00e1szl\u00f3 1852<\/br><\/p>\n","protected":false},"excerpt":{"rendered":"<p>? \u2020\u00a0G\u00f6rg\u00e9ny, 1708: kurucvez\u00e9r, kapit\u00e1ny. \u2013 A g\u00f6rg\u00e9nyi v\u00e1r utols\u00f3 kapit\u00e1nya. G\u00f6rg\u00e9ny v\u00e1ra al\u00e1 500 gyalogos \u00e9s 500 lovas labanc \u00e9rkezett, \u00e1gyukkal bomb\u00e1kkal. A v\u00e1d\u0151k k\u00f6z\u00f6tt volt a v\u00e1rban R\u00e1k\u00f3czinak 100 palot\u00e1s hajduja \u00e9s egy kev\u00e9s erd\u00e9lyi n\u00e9p, \u00e9l\u00fck\u00f6n R\u00e1toni Istv\u00e1nnal, akinek lelem\u00e9nyess\u00e9ge \u00e9s h\u0151siess\u00e9ge, nem ismert hat\u00e1rt (1708). Leszedette az \u00e9p\u00fcletek fedel\u00e9t, a sz\u00e9n\u00e1kat [&hellip;]<\/p>\n","protected":false},"featured_media":0,"comment_status":"open","ping_status":"closed","template":"","meta":[],"product_brand":[],"product_cat":[137],"product_tag":[],"class_list":{"0":"post-19009","1":"product","2":"type-product","3":"status-publish","5":"product_cat-maros-megyei-eletrajzi-lexikon","7":"first","8":"instock","9":"shipping-taxable","10":"product-type-simple"},"_links":{"self":[{"href":"https:\/\/uj.adatbank.ro\/lexikon\/wp-json\/wp\/v2\/product\/19009","targetHints":{"allow":["GET"]}}],"collection":[{"href":"https:\/\/uj.adatbank.ro\/lexikon\/wp-json\/wp\/v2\/product"}],"about":[{"href":"https:\/\/uj.adatbank.ro\/lexikon\/wp-json\/wp\/v2\/types\/product"}],"replies":[{"embeddable":true,"href":"https:\/\/uj.adatbank.ro\/lexikon\/wp-json\/wp\/v2\/comments?post=19009"}],"wp:attachment":[{"href":"https:\/\/uj.adatbank.ro\/lexikon\/wp-json\/wp\/v2\/media?parent=19009"}],"wp:term":[{"taxonomy":"product_brand","embeddable":true,"href":"https:\/\/uj.adatbank.ro\/lexikon\/wp-json\/wp\/v2\/product_brand?post=19009"},{"taxonomy":"product_cat","embeddable":true,"href":"https:\/\/uj.adatbank.ro\/lexikon\/wp-json\/wp\/v2\/product_cat?post=19009"},{"taxonomy":"product_tag","embeddable":true,"href":"https:\/\/uj.adatbank.ro\/lexikon\/wp-json\/wp\/v2\/product_tag?post=19009"}],"curies":[{"name":"wp","href":"https:\/\/api.w.org\/{rel}","templated":true}]}}

RÁTONI István

<p>? † Görgény, 1708: kurucvezér, kapitány. – A görgényi vár utolsó kapitánya. Görgény vára alá 500 gyalogos és 500 lovas labanc érkezett, ágyukkal bombákkal. A vádők között volt a várban Rákóczinak 100 palotás hajduja és egy kevés erdélyi nép, élükön Rátoni Istvánnal, akinek leleményessége és hősiessége, nem ismert határt (1708). Leszedette az épületek fedelét, a szénákat befedette hogy meg ne gyúljanak, hogy a vizet biztosítsa a kút elé földtöltést emeltetett. Rabutin többszöri fölszólítására sem adta fel a várat. Hogy a golyót pótolja makkot főzetett, amelyeket pokrócokon szárított. A falon ejtett réseket kijavítatta, a leeső bombákat vizes marhabőrrel teríttette be. A túlerővel szemben hősiesen védekezetek, amikor egy éjjel megsebesült és meghalt. Halálával a védők szelleme is megtört. Az őrség egy este elmenekült, az ott maradt nép feladta a várat és azt Rabutin leromboltatta. A nép ajkán regék terjengtek azután a várról és védőiről. <br /><strong>Irod.:</strong> Gurgiul; Kőváry László 1852</br></p>

<p>? † Görgény, 1708: kurucvezér, kapitány. – A görgényi vár utolsó kapitánya. Görgény vára alá 500 gyalogos és 500 lovas labanc érkezett, ágyukkal bombákkal. A vádők között volt a várban Rákóczinak 100 palotás hajduja és egy kevés erdélyi nép, élükön Rátoni Istvánnal, akinek leleményessége és hősiessége, nem ismert határt (1708). Leszedette az épületek fedelét, a szénákat [&hellip;]</p>
