{"id":19014,"date":"2025-07-16T11:14:44","date_gmt":"2025-07-16T09:14:44","guid":{"rendered":"https:\/\/uj.adatbank.ro\/lexikon\/termek\/ratz-istvan-lecfalvi\/"},"modified":"2025-07-16T11:14:44","modified_gmt":"2025-07-16T09:14:44","slug":"ratz-istvan-lecfalvi","status":"publish","type":"product","link":"https:\/\/uj.adatbank.ro\/lexikon\/termek\/ratz-istvan-lecfalvi\/","title":{"rendered":"R\u00c1TZ Istv\u00e1n, l\u00e9cfalvi"},"content":{"rendered":"<p>L\u00e9cfalva, 1890.,\u2020\u00a0?: ref. lelk\u00e9sz. \u2013 Csal\u00e1dja Bethlen G\u00e1bort\u00f3l kapta a nemess\u00e9get (1622). Feles\u00e9ge: Merza Frida. Gyermekeik\u00a0: Erzs\u00e9bet, \u00c9va, L\u00e1szl\u00f3, Istv\u00e1n. \u2013 Tanulm\u00e1nyait Sepsiszentgy\u00f6rgy\u00f6n \u00e9s Kv.-on v\u00e9gezte (1916). Sz\u00e9kelyudvarhelyen volt seg\u00e9d lelk\u00e9sz, majd Petrilla, L\u00f3nyai B\u00e1nyatelep lelk\u00e9sze lett, szolg\u00e1lt m\u00e9g Magyargyer\u0151monostoron \u00e9s Koronk\u00e1n, onnan ker\u00fclt Csejdre (1920\u201361), ahol az IKE ig. tagja, a ref. egyh\u00e1zmegye tan\u00e1cstagja, minden kultur\u00e1lis \u00e9s szoci\u00e1lis egyes\u00fclet t\u00e1mogat\u00f3ja volt. <br \/><strong>Irod.:<\/strong> Csejd-T\u00f3falva; Sz\u00e9kelyf\u00f6ld \u00ed.k<\/br><\/p>\n","protected":false},"excerpt":{"rendered":"<p>L\u00e9cfalva, 1890.,\u2020\u00a0?: ref. lelk\u00e9sz. \u2013 Csal\u00e1dja Bethlen G\u00e1bort\u00f3l kapta a nemess\u00e9get (1622). Feles\u00e9ge: Merza Frida. Gyermekeik\u00a0: Erzs\u00e9bet, \u00c9va, L\u00e1szl\u00f3, Istv\u00e1n. \u2013 Tanulm\u00e1nyait Sepsiszentgy\u00f6rgy\u00f6n \u00e9s Kv.-on v\u00e9gezte (1916). Sz\u00e9kelyudvarhelyen volt seg\u00e9d lelk\u00e9sz, majd Petrilla, L\u00f3nyai B\u00e1nyatelep lelk\u00e9sze lett, szolg\u00e1lt m\u00e9g Magyargyer\u0151monostoron \u00e9s Koronk\u00e1n, onnan ker\u00fclt Csejdre (1920\u201361), ahol az IKE ig. tagja, a ref. egyh\u00e1zmegye tan\u00e1cstagja, [&hellip;]<\/p>\n","protected":false},"featured_media":0,"comment_status":"open","ping_status":"closed","template":"","meta":[],"product_brand":[],"product_cat":[137],"product_tag":[],"class_list":{"0":"post-19014","1":"product","2":"type-product","3":"status-publish","5":"product_cat-maros-megyei-eletrajzi-lexikon","7":"first","8":"instock","9":"shipping-taxable","10":"product-type-simple"},"_links":{"self":[{"href":"https:\/\/uj.adatbank.ro\/lexikon\/wp-json\/wp\/v2\/product\/19014","targetHints":{"allow":["GET"]}}],"collection":[{"href":"https:\/\/uj.adatbank.ro\/lexikon\/wp-json\/wp\/v2\/product"}],"about":[{"href":"https:\/\/uj.adatbank.ro\/lexikon\/wp-json\/wp\/v2\/types\/product"}],"replies":[{"embeddable":true,"href":"https:\/\/uj.adatbank.ro\/lexikon\/wp-json\/wp\/v2\/comments?post=19014"}],"wp:attachment":[{"href":"https:\/\/uj.adatbank.ro\/lexikon\/wp-json\/wp\/v2\/media?parent=19014"}],"wp:term":[{"taxonomy":"product_brand","embeddable":true,"href":"https:\/\/uj.adatbank.ro\/lexikon\/wp-json\/wp\/v2\/product_brand?post=19014"},{"taxonomy":"product_cat","embeddable":true,"href":"https:\/\/uj.adatbank.ro\/lexikon\/wp-json\/wp\/v2\/product_cat?post=19014"},{"taxonomy":"product_tag","embeddable":true,"href":"https:\/\/uj.adatbank.ro\/lexikon\/wp-json\/wp\/v2\/product_tag?post=19014"}],"curies":[{"name":"wp","href":"https:\/\/api.w.org\/{rel}","templated":true}]}}

RÁTZ István, lécfalvi

<p>Lécfalva, 1890.,† ?: ref. lelkész. – Családja Bethlen Gábortól kapta a nemességet (1622). Felesége: Merza Frida. Gyermekeik : Erzsébet, Éva, László, István. – Tanulmányait Sepsiszentgyörgyön és Kv.-on végezte (1916). Székelyudvarhelyen volt segéd lelkész, majd Petrilla, Lónyai Bányatelep lelkésze lett, szolgált még Magyargyerőmonostoron és Koronkán, onnan került Csejdre (1920–61), ahol az IKE ig. tagja, a ref. egyházmegye tanácstagja, minden kulturális és szociális egyesület támogatója volt. <br /><strong>Irod.:</strong> Csejd-Tófalva; Székelyföld í.k</br></p>

<p>Lécfalva, 1890.,† ?: ref. lelkész. – Családja Bethlen Gábortól kapta a nemességet (1622). Felesége: Merza Frida. Gyermekeik : Erzsébet, Éva, László, István. – Tanulmányait Sepsiszentgyörgyön és Kv.-on végezte (1916). Székelyudvarhelyen volt segéd lelkész, majd Petrilla, Lónyai Bányatelep lelkésze lett, szolgált még Magyargyerőmonostoron és Koronkán, onnan került Csejdre (1920–61), ahol az IKE ig. tagja, a ref. egyházmegye tanácstagja, [&hellip;]</p>
