{"id":19019,"date":"2025-07-16T11:14:56","date_gmt":"2025-07-16T09:14:56","guid":{"rendered":"https:\/\/uj.adatbank.ro\/lexikon\/termek\/rauber-nandor-plankensteini-br\/"},"modified":"2025-07-16T11:14:56","modified_gmt":"2025-07-16T09:14:56","slug":"rauber-nandor-plankensteini-br","status":"publish","type":"product","link":"https:\/\/uj.adatbank.ro\/lexikon\/termek\/rauber-nandor-plankensteini-br\/","title":{"rendered":"RAUBER N\u00e1ndor, plankensteini br."},"content":{"rendered":"<p>1828.?, \u2020 Cikm\u00e1ntor, 1905. febr. 25.Olaszteleken a csal\u00e1di s\u00edrboltba temett\u00e9k: korm\u00e1nybiztos. \u2013 Testv\u00e9rei: plankesteini br. Rauber Roz\u00e1lia s\u00e1rdi Sim\u00e9n Gy\u00f6rgyn\u00e9; plankesteini br. R. Istv\u00e1n, cs. kir. sz\u00e1zados. A br. R. csal\u00e1dnak birtoka \u00e9s udvarh\u00e1za volt K\u00f6rtekapu k\u00f6zs\u00e9gben. \u2013 Az 1848\u201349-beli korm\u00e1ny biztosa. Testv\u00e9re h\u00e1z\u00e1n\u00e1l halt meg Cikm\u00e1rtonban. <br \/><strong>Irod.:<\/strong> Gy\u00e1szjelent\u0151; Pesty 2014<\/br><\/p>\n","protected":false},"excerpt":{"rendered":"<p>1828.?, \u2020 Cikm\u00e1ntor, 1905. febr. 25.Olaszteleken a csal\u00e1di s\u00edrboltba temett\u00e9k: korm\u00e1nybiztos. \u2013 Testv\u00e9rei: plankesteini br. Rauber Roz\u00e1lia s\u00e1rdi Sim\u00e9n Gy\u00f6rgyn\u00e9; plankesteini br. R. Istv\u00e1n, cs. kir. sz\u00e1zados. A br. R. csal\u00e1dnak birtoka \u00e9s udvarh\u00e1za volt K\u00f6rtekapu k\u00f6zs\u00e9gben. \u2013 Az 1848\u201349-beli korm\u00e1ny biztosa. Testv\u00e9re h\u00e1z\u00e1n\u00e1l halt meg Cikm\u00e1rtonban. Irod.: Gy\u00e1szjelent\u0151; Pesty 2014<\/p>\n","protected":false},"featured_media":0,"comment_status":"open","ping_status":"closed","template":"","meta":[],"product_brand":[],"product_cat":[137],"product_tag":[],"class_list":{"0":"post-19019","1":"product","2":"type-product","3":"status-publish","5":"product_cat-maros-megyei-eletrajzi-lexikon","7":"first","8":"instock","9":"shipping-taxable","10":"product-type-simple"},"_links":{"self":[{"href":"https:\/\/uj.adatbank.ro\/lexikon\/wp-json\/wp\/v2\/product\/19019","targetHints":{"allow":["GET"]}}],"collection":[{"href":"https:\/\/uj.adatbank.ro\/lexikon\/wp-json\/wp\/v2\/product"}],"about":[{"href":"https:\/\/uj.adatbank.ro\/lexikon\/wp-json\/wp\/v2\/types\/product"}],"replies":[{"embeddable":true,"href":"https:\/\/uj.adatbank.ro\/lexikon\/wp-json\/wp\/v2\/comments?post=19019"}],"wp:attachment":[{"href":"https:\/\/uj.adatbank.ro\/lexikon\/wp-json\/wp\/v2\/media?parent=19019"}],"wp:term":[{"taxonomy":"product_brand","embeddable":true,"href":"https:\/\/uj.adatbank.ro\/lexikon\/wp-json\/wp\/v2\/product_brand?post=19019"},{"taxonomy":"product_cat","embeddable":true,"href":"https:\/\/uj.adatbank.ro\/lexikon\/wp-json\/wp\/v2\/product_cat?post=19019"},{"taxonomy":"product_tag","embeddable":true,"href":"https:\/\/uj.adatbank.ro\/lexikon\/wp-json\/wp\/v2\/product_tag?post=19019"}],"curies":[{"name":"wp","href":"https:\/\/api.w.org\/{rel}","templated":true}]}}