{"id":1904,"date":"2025-06-28T11:57:16","date_gmt":"2025-06-28T09:57:16","guid":{"rendered":"https:\/\/uj.adatbank.ro\/lexikon\/termek\/bako-peter-suketfalvi\/"},"modified":"2025-06-28T11:57:16","modified_gmt":"2025-06-28T09:57:16","slug":"bako-peter-suketfalvi","status":"publish","type":"product","link":"https:\/\/uj.adatbank.ro\/lexikon\/termek\/bako-peter-suketfalvi\/","title":{"rendered":"BAK\u00d3 P\u00e9ter, s\u00fcketfalvi"},"content":{"rendered":"<p>? \u2020\u00a0?\u00a0: fejedelmi megb\u00edzott. \u2013 Egyike azon bizotts\u00e1gi tagoknak, akiket I. R\u00e1k\u00f3czi Gy\u00f6rgy kik\u00fcld\u00f6tt, Apaffi Gy\u00f6rgy eln\u00f6klete alatt, a marossz\u00e9ki B\u00f6z\u00f6d \u00e9s Nyom\u00e1t falvakba, hogy a vall\u00e1sszakad\u00e1s miatti villong\u00e1sokat lecsendes\u00edts\u00e9k (1634. febr. 12.). <br \/><strong>Irod.:<\/strong> P\u00e1lmay<\/br><\/p>\n","protected":false},"excerpt":{"rendered":"<p>? \u2020\u00a0?\u00a0: fejedelmi megb\u00edzott. \u2013 Egyike azon bizotts\u00e1gi tagoknak, akiket I. R\u00e1k\u00f3czi Gy\u00f6rgy kik\u00fcld\u00f6tt, Apaffi Gy\u00f6rgy eln\u00f6klete alatt, a marossz\u00e9ki B\u00f6z\u00f6d \u00e9s Nyom\u00e1t falvakba, hogy a vall\u00e1sszakad\u00e1s miatti villong\u00e1sokat lecsendes\u00edts\u00e9k (1634. febr. 12.). Irod.: P\u00e1lmay<\/p>\n","protected":false},"featured_media":0,"comment_status":"open","ping_status":"closed","template":"","meta":[],"product_brand":[],"product_cat":[137],"product_tag":[],"class_list":{"0":"post-1904","1":"product","2":"type-product","3":"status-publish","5":"product_cat-maros-megyei-eletrajzi-lexikon","7":"first","8":"instock","9":"shipping-taxable","10":"product-type-simple"},"_links":{"self":[{"href":"https:\/\/uj.adatbank.ro\/lexikon\/wp-json\/wp\/v2\/product\/1904","targetHints":{"allow":["GET"]}}],"collection":[{"href":"https:\/\/uj.adatbank.ro\/lexikon\/wp-json\/wp\/v2\/product"}],"about":[{"href":"https:\/\/uj.adatbank.ro\/lexikon\/wp-json\/wp\/v2\/types\/product"}],"replies":[{"embeddable":true,"href":"https:\/\/uj.adatbank.ro\/lexikon\/wp-json\/wp\/v2\/comments?post=1904"}],"wp:attachment":[{"href":"https:\/\/uj.adatbank.ro\/lexikon\/wp-json\/wp\/v2\/media?parent=1904"}],"wp:term":[{"taxonomy":"product_brand","embeddable":true,"href":"https:\/\/uj.adatbank.ro\/lexikon\/wp-json\/wp\/v2\/product_brand?post=1904"},{"taxonomy":"product_cat","embeddable":true,"href":"https:\/\/uj.adatbank.ro\/lexikon\/wp-json\/wp\/v2\/product_cat?post=1904"},{"taxonomy":"product_tag","embeddable":true,"href":"https:\/\/uj.adatbank.ro\/lexikon\/wp-json\/wp\/v2\/product_tag?post=1904"}],"curies":[{"name":"wp","href":"https:\/\/api.w.org\/{rel}","templated":true}]}}

BAKÓ Péter, süketfalvi

<p>? † ? : fejedelmi megbízott. – Egyike azon bizottsági tagoknak, akiket I. Rákóczi György kiküldött, Apaffi György elnöklete alatt, a marosszéki Bözöd és Nyomát falvakba, hogy a vallásszakadás miatti villongásokat lecsendesítsék (1634. febr. 12.). <br /><strong>Irod.:</strong> Pálmay</br></p>

<p>? † ? : fejedelmi megbízott. – Egyike azon bizottsági tagoknak, akiket I. Rákóczi György kiküldött, Apaffi György elnöklete alatt, a marosszéki Bözöd és Nyomát falvakba, hogy a vallásszakadás miatti villongásokat lecsendesítsék (1634. febr. 12.). Irod.: Pálmay</p>
