{"id":1912,"date":"2025-06-28T11:57:31","date_gmt":"2025-06-28T09:57:31","guid":{"rendered":"https:\/\/uj.adatbank.ro\/lexikon\/termek\/bakos-janos\/"},"modified":"2025-06-28T11:57:31","modified_gmt":"2025-06-28T09:57:31","slug":"bakos-janos","status":"publish","type":"product","link":"https:\/\/uj.adatbank.ro\/lexikon\/termek\/bakos-janos\/","title":{"rendered":"BAKOS J\u00e1nos"},"content":{"rendered":"<p>Holtmaros, 1918. m\u00e1rc. 22., \u2020\u00a0V\u00e1chark\u00e1ny, 1991. j\u00fal. 20.: katonatiszt. \u2013 A II. vh.-ban hadnagyi rangban vett r\u00e9szt. Rom\u00e1n hadifogs\u00e1gba esett, a segesv\u00e1ri \u00e1llom\u00e1son megsz\u00f6k\u00f6tt, \u00e1ttelep\u00fclt Mo.-ra. <br \/><strong>Irod.:<\/strong> Berekm\u00e9ri<\/br><\/p>\n","protected":false},"excerpt":{"rendered":"<p>Holtmaros, 1918. m\u00e1rc. 22., \u2020\u00a0V\u00e1chark\u00e1ny, 1991. j\u00fal. 20.: katonatiszt. \u2013 A II. vh.-ban hadnagyi rangban vett r\u00e9szt. Rom\u00e1n hadifogs\u00e1gba esett, a segesv\u00e1ri \u00e1llom\u00e1son megsz\u00f6k\u00f6tt, \u00e1ttelep\u00fclt Mo.-ra. Irod.: Berekm\u00e9ri<\/p>\n","protected":false},"featured_media":0,"comment_status":"open","ping_status":"closed","template":"","meta":[],"product_brand":[],"product_cat":[137],"product_tag":[],"class_list":{"0":"post-1912","1":"product","2":"type-product","3":"status-publish","5":"product_cat-maros-megyei-eletrajzi-lexikon","7":"first","8":"instock","9":"shipping-taxable","10":"product-type-simple"},"_links":{"self":[{"href":"https:\/\/uj.adatbank.ro\/lexikon\/wp-json\/wp\/v2\/product\/1912","targetHints":{"allow":["GET"]}}],"collection":[{"href":"https:\/\/uj.adatbank.ro\/lexikon\/wp-json\/wp\/v2\/product"}],"about":[{"href":"https:\/\/uj.adatbank.ro\/lexikon\/wp-json\/wp\/v2\/types\/product"}],"replies":[{"embeddable":true,"href":"https:\/\/uj.adatbank.ro\/lexikon\/wp-json\/wp\/v2\/comments?post=1912"}],"wp:attachment":[{"href":"https:\/\/uj.adatbank.ro\/lexikon\/wp-json\/wp\/v2\/media?parent=1912"}],"wp:term":[{"taxonomy":"product_brand","embeddable":true,"href":"https:\/\/uj.adatbank.ro\/lexikon\/wp-json\/wp\/v2\/product_brand?post=1912"},{"taxonomy":"product_cat","embeddable":true,"href":"https:\/\/uj.adatbank.ro\/lexikon\/wp-json\/wp\/v2\/product_cat?post=1912"},{"taxonomy":"product_tag","embeddable":true,"href":"https:\/\/uj.adatbank.ro\/lexikon\/wp-json\/wp\/v2\/product_tag?post=1912"}],"curies":[{"name":"wp","href":"https:\/\/api.w.org\/{rel}","templated":true}]}}