{"id":1924,"date":"2025-06-28T11:58:05","date_gmt":"2025-06-28T09:58:05","guid":{"rendered":"https:\/\/uj.adatbank.ro\/lexikon\/termek\/balas-imre\/"},"modified":"2025-06-28T11:58:05","modified_gmt":"2025-06-28T09:58:05","slug":"balas-imre","status":"publish","type":"product","link":"https:\/\/uj.adatbank.ro\/lexikon\/termek\/balas-imre\/","title":{"rendered":"BAL\u00c1S Imre"},"content":{"rendered":"<p>H\u00e9jasfalva, ? \u2020\u00a0? : ref. lelk\u00e9sz. \u2013 Segesv\u00e1ron volt lelkip\u00e1sztor. A segesv\u00e1ri ref. templom \u00e9p\u00edt\u00e9s\u00e9t kezdem\u00e9nyezte \u00e9s kezdte meg, befejez\u0151je T\u00f3th Lajos lelk\u00e9sz. Az EMKE rendes tagja (1885\u2013). Kezdem\u00e9nyezte a segesv\u00e1ri Polg\u00e1ri K\u00f6r l\u00e9tes\u00edt\u00e9s\u00e9t (1896), melynek tagjai Weiss J\u00f3zsef r. k. pl\u00e9b\u00e1nos, N\u00e1sztury J\u00e1nos tan\u00edt\u00f3, Nagy B\u00e9la unit. lelk\u00e9sz, Benedek Moh\u00e1ly a m. kir. \u00e1llami iskola igazgat\u00f3ja stb. <br \/><strong>Irod.:<\/strong> M\u00e1th\u00e9 Andr\u00e1s: Tudja-e, hogy&#8230; (N\u00fa., 1998. m\u00e1rc. 4.; 1998. aug. 5.); S\u00e1ndor<\/br><\/p>\n","protected":false},"excerpt":{"rendered":"<p>H\u00e9jasfalva, ? \u2020\u00a0? : ref. lelk\u00e9sz. \u2013 Segesv\u00e1ron volt lelkip\u00e1sztor. A segesv\u00e1ri ref. templom \u00e9p\u00edt\u00e9s\u00e9t kezdem\u00e9nyezte \u00e9s kezdte meg, befejez\u0151je T\u00f3th Lajos lelk\u00e9sz. Az EMKE rendes tagja (1885\u2013). Kezdem\u00e9nyezte a segesv\u00e1ri Polg\u00e1ri K\u00f6r l\u00e9tes\u00edt\u00e9s\u00e9t (1896), melynek tagjai Weiss J\u00f3zsef r. k. pl\u00e9b\u00e1nos, N\u00e1sztury J\u00e1nos tan\u00edt\u00f3, Nagy B\u00e9la unit. lelk\u00e9sz, Benedek Moh\u00e1ly a m. kir. \u00e1llami [&hellip;]<\/p>\n","protected":false},"featured_media":0,"comment_status":"open","ping_status":"closed","template":"","meta":[],"product_brand":[],"product_cat":[137],"product_tag":[],"class_list":{"0":"post-1924","1":"product","2":"type-product","3":"status-publish","5":"product_cat-maros-megyei-eletrajzi-lexikon","7":"first","8":"instock","9":"shipping-taxable","10":"product-type-simple"},"_links":{"self":[{"href":"https:\/\/uj.adatbank.ro\/lexikon\/wp-json\/wp\/v2\/product\/1924","targetHints":{"allow":["GET"]}}],"collection":[{"href":"https:\/\/uj.adatbank.ro\/lexikon\/wp-json\/wp\/v2\/product"}],"about":[{"href":"https:\/\/uj.adatbank.ro\/lexikon\/wp-json\/wp\/v2\/types\/product"}],"replies":[{"embeddable":true,"href":"https:\/\/uj.adatbank.ro\/lexikon\/wp-json\/wp\/v2\/comments?post=1924"}],"wp:attachment":[{"href":"https:\/\/uj.adatbank.ro\/lexikon\/wp-json\/wp\/v2\/media?parent=1924"}],"wp:term":[{"taxonomy":"product_brand","embeddable":true,"href":"https:\/\/uj.adatbank.ro\/lexikon\/wp-json\/wp\/v2\/product_brand?post=1924"},{"taxonomy":"product_cat","embeddable":true,"href":"https:\/\/uj.adatbank.ro\/lexikon\/wp-json\/wp\/v2\/product_cat?post=1924"},{"taxonomy":"product_tag","embeddable":true,"href":"https:\/\/uj.adatbank.ro\/lexikon\/wp-json\/wp\/v2\/product_tag?post=1924"}],"curies":[{"name":"wp","href":"https:\/\/api.w.org\/{rel}","templated":true}]}}

BALÁS Imre

<p>Héjasfalva, ? † ? : ref. lelkész. – Segesváron volt lelkipásztor. A segesvári ref. templom építését kezdeményezte és kezdte meg, befejezője Tóth Lajos lelkész. Az EMKE rendes tagja (1885–). Kezdeményezte a segesvári Polgári Kör létesítését (1896), melynek tagjai Weiss József r. k. plébános, Násztury János tanító, Nagy Béla unit. lelkész, Benedek Mohály a m. kir. állami iskola igazgatója stb. <br /><strong>Irod.:</strong> Máthé András: Tudja-e, hogy&#8230; (Nú., 1998. márc. 4.; 1998. aug. 5.); Sándor</br></p>

<p>Héjasfalva, ? † ? : ref. lelkész. – Segesváron volt lelkipásztor. A segesvári ref. templom építését kezdeményezte és kezdte meg, befejezője Tóth Lajos lelkész. Az EMKE rendes tagja (1885–). Kezdeményezte a segesvári Polgári Kör létesítését (1896), melynek tagjai Weiss József r. k. plébános, Násztury János tanító, Nagy Béla unit. lelkész, Benedek Mohály a m. kir. állami [&hellip;]</p>
