{"id":1929,"date":"2025-06-28T11:58:16","date_gmt":"2025-06-28T09:58:16","guid":{"rendered":"https:\/\/uj.adatbank.ro\/lexikon\/termek\/balas-stefan\/"},"modified":"2025-06-28T11:58:16","modified_gmt":"2025-06-28T09:58:16","slug":"balas-stefan","status":"publish","type":"product","link":"https:\/\/uj.adatbank.ro\/lexikon\/termek\/balas-stefan\/","title":{"rendered":"B\u0102LA\u015e \u015etefan"},"content":{"rendered":"<p>? \u2020 Segesv\u00e1r, 1817.: ortodox lelk\u00e9sz. \u2013H\u00e9tfalub\u00f3l ker\u00fclt Segesv\u00e1rra. Papp\u00e1 szentelt\u00e9k (1775). Nev\u00e9hez f\u0171z\u0151dik a segesv\u00e1ri Ortodox Parohia megalap\u00edt\u00e1sa. Az ortodox templom \u00e9p\u00edt\u00e9s\u00e9t kezdem\u00e9nyezte (1780\u2013), amelyet t\u00f6bb szakaszban folytattak: a templomtestet (1788), az olt\u00e1rasztalt (1789), a tornyot (1797), az ikonoszt\u00e1zt (1818) fejezt\u00e9k be. A templomot Ioan Moga p\u00fcsp\u00f6k szentelte fel (1822). Segesv\u00e1ron az els\u0151 rom\u00e1n elemi iskol\u00e1t is \u0151 l\u00e9testette (1784), amelyet azonban hamarosan bez\u00e1rtak a szomsz\u00e9dos falvakban kit\u0151rt forrong\u00e1sok miatt. Els\u0151 ateszt\u00e1lt tan\u00edt\u00f3ja az iskol\u00e1nak Ilie R\u0103ducanu volt (1807\u2013). Helysz\u0171ke miatt a parohia ist\u00e1ll\u00f3j\u00e1t saj\u00e1t p\u00e9nz\u00e9n oszt\u00e1lly\u00e1 alak\u00edtotta \u00e1t (1816). \u00c9lete utols\u00f3 \u00e9veiben elnyerte Segesv\u00e1r \u00e9s v\u00edd\u00e9ke esperesi, valamint Udvarhely v\u00edd\u00e9k adminisztr\u00e1tora rangj\u00e1t. <br \/><strong>Irod.:<\/strong> Astra sighi\u015forean\u0103<\/br><\/p>\n","protected":false},"excerpt":{"rendered":"<p>? \u2020 Segesv\u00e1r, 1817.: ortodox lelk\u00e9sz. \u2013H\u00e9tfalub\u00f3l ker\u00fclt Segesv\u00e1rra. Papp\u00e1 szentelt\u00e9k (1775). Nev\u00e9hez f\u0171z\u0151dik a segesv\u00e1ri Ortodox Parohia megalap\u00edt\u00e1sa. Az ortodox templom \u00e9p\u00edt\u00e9s\u00e9t kezdem\u00e9nyezte (1780\u2013), amelyet t\u00f6bb szakaszban folytattak: a templomtestet (1788), az olt\u00e1rasztalt (1789), a tornyot (1797), az ikonoszt\u00e1zt (1818) fejezt\u00e9k be. A templomot Ioan Moga p\u00fcsp\u00f6k szentelte fel (1822). Segesv\u00e1ron az els\u0151 rom\u00e1n [&hellip;]<\/p>\n","protected":false},"featured_media":0,"comment_status":"open","ping_status":"closed","template":"","meta":[],"product_brand":[],"product_cat":[137],"product_tag":[],"class_list":{"0":"post-1929","1":"product","2":"type-product","3":"status-publish","5":"product_cat-maros-megyei-eletrajzi-lexikon","7":"first","8":"instock","9":"shipping-taxable","10":"product-type-simple"},"_links":{"self":[{"href":"https:\/\/uj.adatbank.ro\/lexikon\/wp-json\/wp\/v2\/product\/1929","targetHints":{"allow":["GET"]}}],"collection":[{"href":"https:\/\/uj.adatbank.ro\/lexikon\/wp-json\/wp\/v2\/product"}],"about":[{"href":"https:\/\/uj.adatbank.ro\/lexikon\/wp-json\/wp\/v2\/types\/product"}],"replies":[{"embeddable":true,"href":"https:\/\/uj.adatbank.ro\/lexikon\/wp-json\/wp\/v2\/comments?post=1929"}],"wp:attachment":[{"href":"https:\/\/uj.adatbank.ro\/lexikon\/wp-json\/wp\/v2\/media?parent=1929"}],"wp:term":[{"taxonomy":"product_brand","embeddable":true,"href":"https:\/\/uj.adatbank.ro\/lexikon\/wp-json\/wp\/v2\/product_brand?post=1929"},{"taxonomy":"product_cat","embeddable":true,"href":"https:\/\/uj.adatbank.ro\/lexikon\/wp-json\/wp\/v2\/product_cat?post=1929"},{"taxonomy":"product_tag","embeddable":true,"href":"https:\/\/uj.adatbank.ro\/lexikon\/wp-json\/wp\/v2\/product_tag?post=1929"}],"curies":[{"name":"wp","href":"https:\/\/api.w.org\/{rel}","templated":true}]}}

BĂLAŞ Ştefan

<p>? † Segesvár, 1817.: ortodox lelkész. –Hétfaluból került Segesvárra. Pappá szentelték (1775). Nevéhez fűződik a segesvári Ortodox Parohia megalapítása. Az ortodox templom építését kezdeményezte (1780–), amelyet több szakaszban folytattak: a templomtestet (1788), az oltárasztalt (1789), a tornyot (1797), az ikonosztázt (1818) fejezték be. A templomot Ioan Moga püspök szentelte fel (1822). Segesváron az első román elemi iskolát is ő létestette (1784), amelyet azonban hamarosan bezártak a szomszédos falvakban kitőrt forrongások miatt. Első atesztált tanítója az iskolának Ilie Răducanu volt (1807–). Helyszűke miatt a parohia istállóját saját pénzén osztállyá alakította át (1816). Élete utolsó éveiben elnyerte Segesvár és vídéke esperesi, valamint Udvarhely vídék adminisztrátora rangját. <br /><strong>Irod.:</strong> Astra sighişoreană</br></p>

<p>? † Segesvár, 1817.: ortodox lelkész. –Hétfaluból került Segesvárra. Pappá szentelték (1775). Nevéhez fűződik a segesvári Ortodox Parohia megalapítása. Az ortodox templom építését kezdeményezte (1780–), amelyet több szakaszban folytattak: a templomtestet (1788), az oltárasztalt (1789), a tornyot (1797), az ikonosztázt (1818) fejezték be. A templomot Ioan Moga püspök szentelte fel (1822). Segesváron az első román [&hellip;]</p>
