{"id":1933,"date":"2025-06-28T11:58:21","date_gmt":"2025-06-28T09:58:21","guid":{"rendered":"https:\/\/uj.adatbank.ro\/lexikon\/termek\/balasffy-tamas\/"},"modified":"2025-06-28T11:58:21","modified_gmt":"2025-06-28T09:58:21","slug":"balasffy-tamas","status":"publish","type":"product","link":"https:\/\/uj.adatbank.ro\/lexikon\/termek\/balasffy-tamas\/","title":{"rendered":"BAL\u00c1SFFY Tam\u00e1s"},"content":{"rendered":"<p>? \u2020 ?: p\u00fcsp\u00f6k, pr\u00e9post. \u2013 Boszniai v\u00e1lasztott p\u00fcsp\u00f6k, szalav\u00e1ri ap\u00e1t \u00e9s kapornaki pr\u00e9post, 1621-ben v\u00e1ci, 1622-ben p\u00e9csi p\u00fcsp\u00f6k \u00e9s pozsonyi pr\u00e9post volt, nevezetess\u00e9 tette mag\u00e1t f\u0151leg vall\u00e1si iratai \u00e1ltal. Ilyen t\u0151le a \u201eCsepreghi iskola\u201d, melyben\u2026 a csepreghi szitokszapor\u00edt\u00f3 pr\u00e9dik\u00e1tort iskol\u00e1zza. Pozsony 1616. \u2013 Neki tulajdon\u00edtj\u00e1k a \u201eQuerela Hungariae\u201d c\u00edm\u0171 iratot is. Latinul t\u00f6bb munk\u00e1ja nyomatott. Megirta Istv\u00e1nffy Mikl\u00f3s \u00e9letrajz\u00e1t is. <br \/><strong>Irod.:<\/strong> MCK; Nagy Iv\u00e1n<\/br><\/p>\n","protected":false},"excerpt":{"rendered":"<p>? \u2020 ?: p\u00fcsp\u00f6k, pr\u00e9post. \u2013 Boszniai v\u00e1lasztott p\u00fcsp\u00f6k, szalav\u00e1ri ap\u00e1t \u00e9s kapornaki pr\u00e9post, 1621-ben v\u00e1ci, 1622-ben p\u00e9csi p\u00fcsp\u00f6k \u00e9s pozsonyi pr\u00e9post volt, nevezetess\u00e9 tette mag\u00e1t f\u0151leg vall\u00e1si iratai \u00e1ltal. Ilyen t\u0151le a \u201eCsepreghi iskola\u201d, melyben\u2026 a csepreghi szitokszapor\u00edt\u00f3 pr\u00e9dik\u00e1tort iskol\u00e1zza. Pozsony 1616. \u2013 Neki tulajdon\u00edtj\u00e1k a \u201eQuerela Hungariae\u201d c\u00edm\u0171 iratot is. Latinul t\u00f6bb munk\u00e1ja [&hellip;]<\/p>\n","protected":false},"featured_media":0,"comment_status":"open","ping_status":"closed","template":"","meta":[],"product_brand":[],"product_cat":[137],"product_tag":[],"class_list":{"0":"post-1933","1":"product","2":"type-product","3":"status-publish","5":"product_cat-maros-megyei-eletrajzi-lexikon","7":"first","8":"instock","9":"shipping-taxable","10":"product-type-simple"},"_links":{"self":[{"href":"https:\/\/uj.adatbank.ro\/lexikon\/wp-json\/wp\/v2\/product\/1933","targetHints":{"allow":["GET"]}}],"collection":[{"href":"https:\/\/uj.adatbank.ro\/lexikon\/wp-json\/wp\/v2\/product"}],"about":[{"href":"https:\/\/uj.adatbank.ro\/lexikon\/wp-json\/wp\/v2\/types\/product"}],"replies":[{"embeddable":true,"href":"https:\/\/uj.adatbank.ro\/lexikon\/wp-json\/wp\/v2\/comments?post=1933"}],"wp:attachment":[{"href":"https:\/\/uj.adatbank.ro\/lexikon\/wp-json\/wp\/v2\/media?parent=1933"}],"wp:term":[{"taxonomy":"product_brand","embeddable":true,"href":"https:\/\/uj.adatbank.ro\/lexikon\/wp-json\/wp\/v2\/product_brand?post=1933"},{"taxonomy":"product_cat","embeddable":true,"href":"https:\/\/uj.adatbank.ro\/lexikon\/wp-json\/wp\/v2\/product_cat?post=1933"},{"taxonomy":"product_tag","embeddable":true,"href":"https:\/\/uj.adatbank.ro\/lexikon\/wp-json\/wp\/v2\/product_tag?post=1933"}],"curies":[{"name":"wp","href":"https:\/\/api.w.org\/{rel}","templated":true}]}}

BALÁSFFY Tamás

<p>? † ?: püspök, prépost. – Boszniai választott püspök, szalavári apát és kapornaki prépost, 1621-ben váci, 1622-ben pécsi püspök és pozsonyi prépost volt, nevezetessé tette magát főleg vallási iratai által. Ilyen tőle a „Csepreghi iskola”, melyben… a csepreghi szitokszaporító prédikátort iskolázza. Pozsony 1616. – Neki tulajdonítják a „Querela Hungariae” című iratot is. Latinul több munkája nyomatott. Megirta Istvánffy Miklós életrajzát is. <br /><strong>Irod.:</strong> MCK; Nagy Iván</br></p>

<p>? † ?: püspök, prépost. – Boszniai választott püspök, szalavári apát és kapornaki prépost, 1621-ben váci, 1622-ben pécsi püspök és pozsonyi prépost volt, nevezetessé tette magát főleg vallási iratai által. Ilyen tőle a „Csepreghi iskola”, melyben… a csepreghi szitokszaporító prédikátort iskolázza. Pozsony 1616. – Neki tulajdonítják a „Querela Hungariae” című iratot is. Latinul több munkája [&hellip;]</p>
