{"id":1938,"date":"2025-06-28T11:58:33","date_gmt":"2025-06-28T09:58:33","guid":{"rendered":"https:\/\/uj.adatbank.ro\/lexikon\/termek\/balasko-zsuzsanna-balasko-nandorne-balaskone-osvath-zsuzsa-ostvath-zsuzsa\/"},"modified":"2025-06-28T11:58:33","modified_gmt":"2025-06-28T09:58:33","slug":"balasko-zsuzsanna-balasko-nandorne-balaskone-osvath-zsuzsa-ostvath-zsuzsa","status":"publish","type":"product","link":"https:\/\/uj.adatbank.ro\/lexikon\/termek\/balasko-zsuzsanna-balasko-nandorne-balaskone-osvath-zsuzsa-ostvath-zsuzsa\/","title":{"rendered":"BALASK\u00d3 Zsuzs\u00e1nna, Balask\u00f3 N\u00e1ndorn\u00e9, Balask\u00f3n\u00e9 Osv\u00e1th Zsuzsa, Ostv\u00e1th Zsuzsa"},"content":{"rendered":"<p>Mv., 1919. jan. 14., \u2020 Kv., 1998. okt. 6., Nyugszik a H\u00e1zsong\u00e1rdi temet\u0151ben. \u2013 Apja Osv\u00e1th K\u00e1roly gy\u00f3gyszer\u00e9sz, anyja Schuller Ludovica. F\u00e9rje B. N\u00e1ndor k\u00e9pz\u0151m\u0171v\u00e9sz (esk\u00fcv\u0151 Mv., 1946. dec.). \u2013 A mv.-i Ref. Le\u00e1nygimn.-ban els\u0151 rajztan\u00e1ra Guly\u00e1s K\u00e1roly volt. A fest\u0151iskol\u00e1ban Ciupe Aurel tan\u00edtv\u00e1nya, Nemes Ir\u00e9n, Bortnyik Ir\u00e9n, Barab\u00e1s Istv\u00e1n, Schnedarek J\u00e1nos \u00e9s m\u00e1sok koll\u00e9g\u00e1i (1935). A buk.-i Sz\u00e9pm\u0171v\u00e9szeti Akad.- \u00e1n, Camil Ressu tan\u00edtv\u00e1nya (1938\u201339), majd Bp.-en a K\u00e9pz\u0151m\u0171v. F\u0151iskol\u00e1n Sz\u0151nyi Istv\u00e1n oszt\u00e1ly\u00e1ban tanult (1939\u201341), v\u00e9g\u00fcl a buk.-i N. Grigorescu F\u0151iskol\u00e1n szerezett diplom\u00e1t. Mv.-en a K\u00e9pz\u0151m\u0171v\u00e9szek Szakszervezet\u00e9nek titk\u00e1ra (1946\u201347). A M. M\u0171v\u00e9szeti Int\u00e9zet h\u00edv\u00e1s\u00e1ra \u00e1tk\u00f6lt\u00f6ztek Kv.-ra (1949). A T\u00f6rt\u00e9neti Int\u00e9zetben rajzol\u00f3-grafikus nyugd\u00edjaz\u00e1s\u00e1ig (1957\u2013). A m\u00fazeumban t\u00f6bb t\u00edzezer rajzott k\u00e9sz\u00edtett. Els\u0151sorban akvarellista, t\u00f6bb k\u00f6tetet illusztr\u00e1lt, sok c\u00edmert festett, plak\u00e1tokat tervezett. \u00cdr\u00e1sait, reprodukci\u00f3it k\u00f6z\u00f6lte az Utunk, Helikon, Dolgoz\u00f3 N\u0151, El\u0151re, Igazs\u00e1g. K\u00e9pei vannk a mv.-i M\u0171v\u00e9szeti M\u00fazeumban \u00e9s mag\u00e1ngy\u0171jtem\u00e9nyekben. \u2013 <strong>F. ki\u00e1ll.:<\/strong> Kv. (1947, 1950, 1982, 1983, 1992, 1999, 2005-retrospekt\u00edv); k\u00f6z\u00f6s ki\u00e1ll.: Mv. (1935, 1936, 1937, 1938, 1947); Buk. (1938, 1939, 1945, 1946); Bp. (1939, 1940, 1941); Kv. (1947, 1950, 1955, 1992). <br \/><strong>Irod.:<\/strong> Moln\u00e1r; Orb\u00e1n Istv\u00e1n: Balask\u00f3n\u00e9 Osv\u00e1th Zsuzsa fest\u0151m\u0171v\u00e9sz (bibliog.-val; M\u0171vel\u0151d\u00e9s, 6. sz., 2010. j\u00fan.)<\/br><\/p>\n","protected":false},"excerpt":{"rendered":"<p>Mv., 1919. jan. 14., \u2020 Kv., 1998. okt. 6., Nyugszik a H\u00e1zsong\u00e1rdi temet\u0151ben. \u2013 Apja Osv\u00e1th K\u00e1roly gy\u00f3gyszer\u00e9sz, anyja Schuller Ludovica. F\u00e9rje B. N\u00e1ndor k\u00e9pz\u0151m\u0171v\u00e9sz (esk\u00fcv\u0151 Mv., 1946. dec.). \u2013 A mv.-i Ref. Le\u00e1nygimn.-ban els\u0151 rajztan\u00e1ra Guly\u00e1s K\u00e1roly volt. A fest\u0151iskol\u00e1ban Ciupe Aurel tan\u00edtv\u00e1nya, Nemes Ir\u00e9n, Bortnyik Ir\u00e9n, Barab\u00e1s Istv\u00e1n, Schnedarek J\u00e1nos \u00e9s m\u00e1sok koll\u00e9g\u00e1i [&hellip;]<\/p>\n","protected":false},"featured_media":0,"comment_status":"open","ping_status":"closed","template":"","meta":[],"product_brand":[],"product_cat":[137],"product_tag":[],"class_list":{"0":"post-1938","1":"product","2":"type-product","3":"status-publish","5":"product_cat-maros-megyei-eletrajzi-lexikon","7":"first","8":"instock","9":"shipping-taxable","10":"product-type-simple"},"_links":{"self":[{"href":"https:\/\/uj.adatbank.ro\/lexikon\/wp-json\/wp\/v2\/product\/1938","targetHints":{"allow":["GET"]}}],"collection":[{"href":"https:\/\/uj.adatbank.ro\/lexikon\/wp-json\/wp\/v2\/product"}],"about":[{"href":"https:\/\/uj.adatbank.ro\/lexikon\/wp-json\/wp\/v2\/types\/product"}],"replies":[{"embeddable":true,"href":"https:\/\/uj.adatbank.ro\/lexikon\/wp-json\/wp\/v2\/comments?post=1938"}],"wp:attachment":[{"href":"https:\/\/uj.adatbank.ro\/lexikon\/wp-json\/wp\/v2\/media?parent=1938"}],"wp:term":[{"taxonomy":"product_brand","embeddable":true,"href":"https:\/\/uj.adatbank.ro\/lexikon\/wp-json\/wp\/v2\/product_brand?post=1938"},{"taxonomy":"product_cat","embeddable":true,"href":"https:\/\/uj.adatbank.ro\/lexikon\/wp-json\/wp\/v2\/product_cat?post=1938"},{"taxonomy":"product_tag","embeddable":true,"href":"https:\/\/uj.adatbank.ro\/lexikon\/wp-json\/wp\/v2\/product_tag?post=1938"}],"curies":[{"name":"wp","href":"https:\/\/api.w.org\/{rel}","templated":true}]}}

BALASKÓ Zsuzsánna, Balaskó Nándorné, Balaskóné Osváth Zsuzsa, Ostváth Zsuzsa

<p>Mv., 1919. jan. 14., † Kv., 1998. okt. 6., Nyugszik a Házsongárdi temetőben. – Apja Osváth Károly gyógyszerész, anyja Schuller Ludovica. Férje B. Nándor képzőművész (esküvő Mv., 1946. dec.). – A mv.-i Ref. Leánygimn.-ban első rajztanára Gulyás Károly volt. A festőiskolában Ciupe Aurel tanítványa, Nemes Irén, Bortnyik Irén, Barabás István, Schnedarek János és mások kollégái (1935). A buk.-i Szépművészeti Akad.- án, Camil Ressu tanítványa (1938–39), majd Bp.-en a Képzőműv. Főiskolán Szőnyi István osztályában tanult (1939–41), végül a buk.-i N. Grigorescu Főiskolán szerezett diplomát. Mv.-en a Képzőművészek Szakszervezetének titkára (1946–47). A M. Művészeti Intézet hívására átköltöztek Kv.-ra (1949). A Történeti Intézetben rajzoló-grafikus nyugdíjazásáig (1957–). A múzeumban több tízezer rajzott készített. Elsősorban akvarellista, több kötetet illusztrált, sok címert festett, plakátokat tervezett. Írásait, reprodukcióit közölte az Utunk, Helikon, Dolgozó Nő, Előre, Igazság. Képei vannk a mv.-i Művészeti Múzeumban és magángyűjteményekben. – <strong>F. kiáll.:</strong> Kv. (1947, 1950, 1982, 1983, 1992, 1999, 2005-retrospektív); közös kiáll.: Mv. (1935, 1936, 1937, 1938, 1947); Buk. (1938, 1939, 1945, 1946); Bp. (1939, 1940, 1941); Kv. (1947, 1950, 1955, 1992). <br /><strong>Irod.:</strong> Molnár; Orbán István: Balaskóné Osváth Zsuzsa festőművész (bibliog.-val; Művelődés, 6. sz., 2010. jún.)</br></p>

<p>Mv., 1919. jan. 14., † Kv., 1998. okt. 6., Nyugszik a Házsongárdi temetőben. – Apja Osváth Károly gyógyszerész, anyja Schuller Ludovica. Férje B. Nándor képzőművész (esküvő Mv., 1946. dec.). – A mv.-i Ref. Leánygimn.-ban első rajztanára Gulyás Károly volt. A festőiskolában Ciupe Aurel tanítványa, Nemes Irén, Bortnyik Irén, Barabás István, Schnedarek János és mások kollégái [&hellip;]</p>
