{"id":1940,"date":"2025-06-28T11:58:38","date_gmt":"2025-06-28T09:58:38","guid":{"rendered":"https:\/\/uj.adatbank.ro\/lexikon\/termek\/balassa-menyhert-balassagyarmati\/"},"modified":"2025-06-28T11:58:38","modified_gmt":"2025-06-28T09:58:38","slug":"balassa-menyhert-balassagyarmati","status":"publish","type":"product","link":"https:\/\/uj.adatbank.ro\/lexikon\/termek\/balassa-menyhert-balassagyarmati\/","title":{"rendered":"BALASSA Menyh\u00e9rt, balassagyarmati"},"content":{"rendered":"<p>1511., \u2020\u00a01568. febr. 9.: tan\u00e1cs\u00far, f\u0151parancsnok. \u2013 Fia: B. Istv\u00e1n, erd\u00e9lyi fogs\u00e1gban tartott\u00e1k. \u2013 J\u00e1nos Zsigmond f\u0151vez\u00e9re, az erd\u00e9lyi hadak f\u0151parancsnoka (1555\u201361). Sz\u00edtotta a k\u00f6zsz\u00e9kelyek l\u00e1zad\u00e1s\u00e1t J\u00e1nos Zsigmond uralma ellen (1562. \u00e1pr.-m\u00e1j.). V\u00e9grendelete B\u00e9cs, 1568. febr. 5. <br \/><strong>Irod.:<\/strong> Erd\u00e9lyi testamentumok 2.; Id\u0151t\u00e1r 1.<\/br><\/p>\n","protected":false},"excerpt":{"rendered":"<p>1511., \u2020\u00a01568. febr. 9.: tan\u00e1cs\u00far, f\u0151parancsnok. \u2013 Fia: B. Istv\u00e1n, erd\u00e9lyi fogs\u00e1gban tartott\u00e1k. \u2013 J\u00e1nos Zsigmond f\u0151vez\u00e9re, az erd\u00e9lyi hadak f\u0151parancsnoka (1555\u201361). Sz\u00edtotta a k\u00f6zsz\u00e9kelyek l\u00e1zad\u00e1s\u00e1t J\u00e1nos Zsigmond uralma ellen (1562. \u00e1pr.-m\u00e1j.). V\u00e9grendelete B\u00e9cs, 1568. febr. 5. Irod.: Erd\u00e9lyi testamentumok 2.; Id\u0151t\u00e1r 1.<\/p>\n","protected":false},"featured_media":0,"comment_status":"open","ping_status":"closed","template":"","meta":[],"product_brand":[],"product_cat":[137],"product_tag":[],"class_list":{"0":"post-1940","1":"product","2":"type-product","3":"status-publish","5":"product_cat-maros-megyei-eletrajzi-lexikon","7":"first","8":"instock","9":"shipping-taxable","10":"product-type-simple"},"_links":{"self":[{"href":"https:\/\/uj.adatbank.ro\/lexikon\/wp-json\/wp\/v2\/product\/1940","targetHints":{"allow":["GET"]}}],"collection":[{"href":"https:\/\/uj.adatbank.ro\/lexikon\/wp-json\/wp\/v2\/product"}],"about":[{"href":"https:\/\/uj.adatbank.ro\/lexikon\/wp-json\/wp\/v2\/types\/product"}],"replies":[{"embeddable":true,"href":"https:\/\/uj.adatbank.ro\/lexikon\/wp-json\/wp\/v2\/comments?post=1940"}],"wp:attachment":[{"href":"https:\/\/uj.adatbank.ro\/lexikon\/wp-json\/wp\/v2\/media?parent=1940"}],"wp:term":[{"taxonomy":"product_brand","embeddable":true,"href":"https:\/\/uj.adatbank.ro\/lexikon\/wp-json\/wp\/v2\/product_brand?post=1940"},{"taxonomy":"product_cat","embeddable":true,"href":"https:\/\/uj.adatbank.ro\/lexikon\/wp-json\/wp\/v2\/product_cat?post=1940"},{"taxonomy":"product_tag","embeddable":true,"href":"https:\/\/uj.adatbank.ro\/lexikon\/wp-json\/wp\/v2\/product_tag?post=1940"}],"curies":[{"name":"wp","href":"https:\/\/api.w.org\/{rel}","templated":true}]}}