{"id":1942,"date":"2025-06-28T11:58:43","date_gmt":"2025-06-28T09:58:43","guid":{"rendered":"https:\/\/uj.adatbank.ro\/lexikon\/termek\/balassi-balint-gyarmathi-es-kekkoi-br\/"},"modified":"2025-06-28T11:58:43","modified_gmt":"2025-06-28T09:58:43","slug":"balassi-balint-gyarmathi-es-kekkoi-br","status":"publish","type":"product","link":"https:\/\/uj.adatbank.ro\/lexikon\/termek\/balassi-balint-gyarmathi-es-kekkoi-br\/","title":{"rendered":"BALASSI B\u00e1lint, gyarmathi \u00e9s k\u00e9kk\u0151i, br."},"content":{"rendered":"<p>Z\u00f3lyom, 1554. okt. 20., \u2020 Esztergom, 1594. m\u00e1j. 30.: k\u00f6lt\u0151. \u2013 Feltehet\u0151, h. gr. Al\u00e1rdi Ferenc fi\u00e1nak, G\u00e1sp\u00e1rnak volt a bar\u00e1tja \u00e9s mint ilyen hossz\u00fa id\u0151t t\u00f6lt\u00f6tt a kerel\u0151szentp\u00e1li Al\u00e1rdi v\u00e1rkast\u00e9lyban. Az a legenda \u00e9lt, hogy Kerel\u0151szentp\u00e1lon a csat\u00e1ban (1575. j\u00fal. 8.) megsebes\u00fclt \u00e9s fogs\u00e1gba esett, majd a mv.-i v\u00e1rban raboskodott (1575. j\u00fal. 9.). Innen a gyulafeh\u00e9rv\u00e1ri udvarba ker\u00fclt, ahol megkedvelt\u00e9k, B\u00e1thori Istv\u00e1n fejedelem a t\u00f6r\u00f6k porta k\u00e9r\u00e9s\u00e9re sem adta ki, m\u00e9g Lengyelo.-ba is elvitte (1576 tavasz\u00e1n). Mai \u00e1ll\u00edt\u00e1s szerint Szatm\u00e1r vid\u00e9k\u00e9n esett fogs\u00e1gba. A mv.-i KZST esten el\u0151adt\u00e1k D\u00e9k\u00e1nin\u00e9 M\u00e1th\u00e9 Mariska \u00e9s Kiss Gyula helyi alkot\u00f3k darabj\u00e1t a Balassa Erd\u00e9lyben c. t\u00f6rt\u00e9nelmi j\u00e1t\u00e9kot Janovics Jen\u0151 renez\u00e9s\u00e9ben \u00e9s Po\u00f3r Lili n\u0151i f\u0151szerepl\u00e9s\u00e9vel. Eml\u00e9k\u00e9t Mv.-en \u0151rzi a Teleki T\u00e9ka, a V\u00e1rtemplomban felavatt\u00e1k a Balassi-termet. <br \/><strong>Irod.:<\/strong> Id\u0151t\u00e1r 1.; Id\u0151t\u00e1r 3.; Ily\u00e9s J\u00f3zsef L\u00e1szl\u00f3: A kerel\u0151szentp\u00e1li csata eml\u00e9ke (N\u00fa., 2009. j\u00fal. 14.); (Kr\u00f3nika, 2004. nov. 1.); \u00daM\u00c9L<\/br><\/p>\n","protected":false},"excerpt":{"rendered":"<p>Z\u00f3lyom, 1554. okt. 20., \u2020 Esztergom, 1594. m\u00e1j. 30.: k\u00f6lt\u0151. \u2013 Feltehet\u0151, h. gr. Al\u00e1rdi Ferenc fi\u00e1nak, G\u00e1sp\u00e1rnak volt a bar\u00e1tja \u00e9s mint ilyen hossz\u00fa id\u0151t t\u00f6lt\u00f6tt a kerel\u0151szentp\u00e1li Al\u00e1rdi v\u00e1rkast\u00e9lyban. Az a legenda \u00e9lt, hogy Kerel\u0151szentp\u00e1lon a csat\u00e1ban (1575. j\u00fal. 8.) megsebes\u00fclt \u00e9s fogs\u00e1gba esett, majd a mv.-i v\u00e1rban raboskodott (1575. j\u00fal. 9.). Innen [&hellip;]<\/p>\n","protected":false},"featured_media":0,"comment_status":"open","ping_status":"closed","template":"","meta":[],"product_brand":[],"product_cat":[137],"product_tag":[],"class_list":{"0":"post-1942","1":"product","2":"type-product","3":"status-publish","5":"product_cat-maros-megyei-eletrajzi-lexikon","7":"first","8":"instock","9":"shipping-taxable","10":"product-type-simple"},"_links":{"self":[{"href":"https:\/\/uj.adatbank.ro\/lexikon\/wp-json\/wp\/v2\/product\/1942","targetHints":{"allow":["GET"]}}],"collection":[{"href":"https:\/\/uj.adatbank.ro\/lexikon\/wp-json\/wp\/v2\/product"}],"about":[{"href":"https:\/\/uj.adatbank.ro\/lexikon\/wp-json\/wp\/v2\/types\/product"}],"replies":[{"embeddable":true,"href":"https:\/\/uj.adatbank.ro\/lexikon\/wp-json\/wp\/v2\/comments?post=1942"}],"wp:attachment":[{"href":"https:\/\/uj.adatbank.ro\/lexikon\/wp-json\/wp\/v2\/media?parent=1942"}],"wp:term":[{"taxonomy":"product_brand","embeddable":true,"href":"https:\/\/uj.adatbank.ro\/lexikon\/wp-json\/wp\/v2\/product_brand?post=1942"},{"taxonomy":"product_cat","embeddable":true,"href":"https:\/\/uj.adatbank.ro\/lexikon\/wp-json\/wp\/v2\/product_cat?post=1942"},{"taxonomy":"product_tag","embeddable":true,"href":"https:\/\/uj.adatbank.ro\/lexikon\/wp-json\/wp\/v2\/product_tag?post=1942"}],"curies":[{"name":"wp","href":"https:\/\/api.w.org\/{rel}","templated":true}]}}

BALASSI Bálint, gyarmathi és kékkői, br.

<p>Zólyom, 1554. okt. 20., † Esztergom, 1594. máj. 30.: költő. – Feltehető, h. gr. Alárdi Ferenc fiának, Gáspárnak volt a barátja és mint ilyen hosszú időt töltött a kerelőszentpáli Alárdi várkastélyban. Az a legenda élt, hogy Kerelőszentpálon a csatában (1575. júl. 8.) megsebesült és fogságba esett, majd a mv.-i várban raboskodott (1575. júl. 9.). Innen a gyulafehérvári udvarba került, ahol megkedvelték, Báthori István fejedelem a török porta kérésére sem adta ki, még Lengyelo.-ba is elvitte (1576 tavaszán). Mai állítás szerint Szatmár vidékén esett fogságba. A mv.-i KZST esten előadták Dékániné Máthé Mariska és Kiss Gyula helyi alkotók darabját a Balassa Erdélyben c. történelmi játékot Janovics Jenő renezésében és Poór Lili női főszereplésével. Emlékét Mv.-en őrzi a Teleki Téka, a Vártemplomban felavatták a Balassi-termet. <br /><strong>Irod.:</strong> Időtár 1.; Időtár 3.; Ilyés József László: A kerelőszentpáli csata emléke (Nú., 2009. júl. 14.); (Krónika, 2004. nov. 1.); ÚMÉL</br></p>

<p>Zólyom, 1554. okt. 20., † Esztergom, 1594. máj. 30.: költő. – Feltehető, h. gr. Alárdi Ferenc fiának, Gáspárnak volt a barátja és mint ilyen hosszú időt töltött a kerelőszentpáli Alárdi várkastélyban. Az a legenda élt, hogy Kerelőszentpálon a csatában (1575. júl. 8.) megsebesült és fogságba esett, majd a mv.-i várban raboskodott (1575. júl. 9.). Innen [&hellip;]</p>
