{"id":1944,"date":"2025-06-28T11:58:46","date_gmt":"2025-06-28T09:58:46","guid":{"rendered":"https:\/\/uj.adatbank.ro\/lexikon\/termek\/balassy-ferenc-ballasi-ferenc-balasi-ferenc-veckei\/"},"modified":"2025-06-28T11:58:46","modified_gmt":"2025-06-28T09:58:46","slug":"balassy-ferenc-ballasi-ferenc-balasi-ferenc-veckei","status":"publish","type":"product","link":"https:\/\/uj.adatbank.ro\/lexikon\/termek\/balassy-ferenc-ballasi-ferenc-balasi-ferenc-veckei\/","title":{"rendered":"BALASSY Ferenc, Ballasi Ferenc, Bal\u00e1si Ferenc, v\u00e9ckei"},"content":{"rendered":"<p>Szentdemeter, ? \u2020\u00a01621. jan. 4.: sz\u00e9kely primor, portai k\u00f6vet, f\u0151lov\u00e1szmester. \u2013 B. Mih\u00e1ly marossz\u00e9ki \u00e9s udvarhelysz\u00e9ki f\u0151kapit\u00e1ny fia. Feles\u00e9ge: Harinai Farkas Krisztina. Gyermekeik: Ferenc, L\u00e1szl\u00f3, Erzs\u00e9bet Gyulaffi L\u00e1szl\u00f3n\u00e9 \u00e9s Mikl\u00f3s. \u2013 Udvarhelysz\u00e9ken volt kir\u00e1lyb\u00edr\u00f3, sz\u00e9kkapit\u00e1ny, fejedelmi f\u0151tized\u00e1rend\u00e1tor, az orsz\u00e1gos tan\u00e1cs tagja, \u00e1lland\u00f3 portai k\u00f6vet. B\u00e1thori G\u00e1bor portai k\u00f6vete (1607), szolg\u00e1latai\u00e9rt fejedelemt\u0151l kapta a ludasi birtokot (Brass\u00f3, 1602), ami P\u00e9csi Simon birtoka lett (1617\u2013), majd \u00faj adom\u00e1nylevelet nyert fiaival egy\u00fctt a szov\u00e1tai \u0151si sz\u00e9kely \u00f6r\u00f6ks\u00e9geikre B\u00e1thori G\u00e1bort\u00f3l (1609. j\u00fal. 20.), Szentdemeterre (1609. j\u00fal. 20.). B\u00e1thori G\u00e1bor uralkod\u00e1s\u00e1nak utols\u00f3 napjaiban \u00fajb\u00f3l f\u0151k\u00f6vet a Port\u00e1n Borsos Tam\u00e1ssal egy\u00fctt (1613). \u00daj adom\u00e1nylevelet nyert fiaival egy\u00fctt a szov\u00e1tai \u0151si sz\u00e9kely \u00f6r\u00f6ks\u00e9geikre B\u00e1thori G\u00e1bort\u00f3l (1609. j\u00fal. 20.; okt. 17.). Marossz\u00e9k f\u0151kapit\u00e1nya (1615). Bethlen G\u00e1bor f\u0151lov\u00e1szmestere, t\u00f6bbsz\u00f6r volt fejedelmi k\u00f6vet a port\u00e1n (1613\u201329), a fejedelemt\u0151l kapta adom\u00e1nyba Kelementelk\u00e9t (1628). A r\u00e9gi udvarh\u00e1zat (1532-ben \u00e9p\u00fclt) \u00e1t\u00e9p\u00edtette renesz\u00e1nsz st\u00edlusban, \u00faj \u00e9p\u00fcletsz\u00e1rnyat, falakat, b\u00e1sty\u00e1kat, felvon\u00f3h\u00eddas kapu\u00e9p\u00fcletet emeltetett (1617\u2013). Hal\u00e1la ut\u00e1n a fia, ifj. B. F. \u00e9p\u00edtette tov\u00e1bb \u00e9s fejezte be a kast\u00e9ly \u00e9p\u00edt\u00e9s\u00e9t (1635). A k\u00e9s\u0151bbi tulajdonosok a Hallerek, Eszterh\u00e1ziak, R\u00e9vaiak, gr. Traunn\u00e9 \u00e9s gr. Toldalagi Ferenc. A legend\u00e1s Bal\u00e1ssi-Gyulaffy-kast\u00e9lynak ma m\u00e1r csak a helye van meg Szentdemeteren. <br \/><strong>Irod.:<\/strong> B. Nagy Margit 1973; Bir\u00f3 Vencel: Erd\u00e9ly k\u00f6vetei a Port\u00e1n (Kv., 1921); D\u00e1vid L\u00e1szl\u00f3; Fekete; Id\u0151t\u00e1r 1.; Keresztes 1995; Keresztes Gyula: \u00d6r\u00f6ks\u00e9g\u00fcnk 41.: A szentdemeteri kast\u00e9ly (N\u00fa., 1993. j\u00fal. 2.); Keresztes Gyula: \u00d6r\u00f6ks\u00e9g\u00fcnk 64.: Udvarh\u00e1zak Kisk\u00fck\u00fcll\u0151 v\u00f6lgy\u00e9ben (N\u00fa., 1994. okt. 1.); K\u0151v\u00e1ry; M. Nemzet t\u00f6rt.; Nagy-Bod\u00f3 Tibor: Az erd\u00e9lyi \u00e9p\u00edt\u00e9szett\u00f6rt\u00e9net\u00fcnk egyik nagy vesztess\u00e9ge (K\u00f6zpont, 2016. \u00e1pr. 14\u201320.); Orb\u00e1n Bal\u00e1zs; P\u00e1lmay; Sepsisz\u00e9ki; Szekeres Ad\u00e9l: Ludas a XV \u2013 XVIII. sz\u00e1zad k\u00f6z\u00f6tt (N\u00fa., 1996. m\u00e1rc. 13.); Szekeres Ad\u00e9l: A marosludasi Bels\u0151-telep r\u00f6vid t\u00f6rt\u00e9nete (N\u00fa., 1997. m\u00e1rc. 11.); Szov\u00e1ta<\/br><\/p>\n","protected":false},"excerpt":{"rendered":"<p>Szentdemeter, ? \u2020\u00a01621. jan. 4.: sz\u00e9kely primor, portai k\u00f6vet, f\u0151lov\u00e1szmester. \u2013 B. Mih\u00e1ly marossz\u00e9ki \u00e9s udvarhelysz\u00e9ki f\u0151kapit\u00e1ny fia. Feles\u00e9ge: Harinai Farkas Krisztina. Gyermekeik: Ferenc, L\u00e1szl\u00f3, Erzs\u00e9bet Gyulaffi L\u00e1szl\u00f3n\u00e9 \u00e9s Mikl\u00f3s. \u2013 Udvarhelysz\u00e9ken volt kir\u00e1lyb\u00edr\u00f3, sz\u00e9kkapit\u00e1ny, fejedelmi f\u0151tized\u00e1rend\u00e1tor, az orsz\u00e1gos tan\u00e1cs tagja, \u00e1lland\u00f3 portai k\u00f6vet. B\u00e1thori G\u00e1bor portai k\u00f6vete (1607), szolg\u00e1latai\u00e9rt fejedelemt\u0151l kapta a ludasi birtokot [&hellip;]<\/p>\n","protected":false},"featured_media":0,"comment_status":"open","ping_status":"closed","template":"","meta":[],"product_brand":[],"product_cat":[137],"product_tag":[],"class_list":{"0":"post-1944","1":"product","2":"type-product","3":"status-publish","5":"product_cat-maros-megyei-eletrajzi-lexikon","7":"first","8":"instock","9":"shipping-taxable","10":"product-type-simple"},"_links":{"self":[{"href":"https:\/\/uj.adatbank.ro\/lexikon\/wp-json\/wp\/v2\/product\/1944","targetHints":{"allow":["GET"]}}],"collection":[{"href":"https:\/\/uj.adatbank.ro\/lexikon\/wp-json\/wp\/v2\/product"}],"about":[{"href":"https:\/\/uj.adatbank.ro\/lexikon\/wp-json\/wp\/v2\/types\/product"}],"replies":[{"embeddable":true,"href":"https:\/\/uj.adatbank.ro\/lexikon\/wp-json\/wp\/v2\/comments?post=1944"}],"wp:attachment":[{"href":"https:\/\/uj.adatbank.ro\/lexikon\/wp-json\/wp\/v2\/media?parent=1944"}],"wp:term":[{"taxonomy":"product_brand","embeddable":true,"href":"https:\/\/uj.adatbank.ro\/lexikon\/wp-json\/wp\/v2\/product_brand?post=1944"},{"taxonomy":"product_cat","embeddable":true,"href":"https:\/\/uj.adatbank.ro\/lexikon\/wp-json\/wp\/v2\/product_cat?post=1944"},{"taxonomy":"product_tag","embeddable":true,"href":"https:\/\/uj.adatbank.ro\/lexikon\/wp-json\/wp\/v2\/product_tag?post=1944"}],"curies":[{"name":"wp","href":"https:\/\/api.w.org\/{rel}","templated":true}]}}

BALASSY Ferenc, Ballasi Ferenc, Balási Ferenc, véckei

<p>Szentdemeter, ? † 1621. jan. 4.: székely primor, portai követ, főlovászmester. – B. Mihály marosszéki és udvarhelyszéki főkapitány fia. Felesége: Harinai Farkas Krisztina. Gyermekeik: Ferenc, László, Erzsébet Gyulaffi Lászlóné és Miklós. – Udvarhelyszéken volt királybíró, székkapitány, fejedelmi főtizedárendátor, az országos tanács tagja, állandó portai követ. Báthori Gábor portai követe (1607), szolgálataiért fejedelemtől kapta a ludasi birtokot (Brassó, 1602), ami Pécsi Simon birtoka lett (1617–), majd új adománylevelet nyert fiaival együtt a szovátai ősi székely örökségeikre Báthori Gábortól (1609. júl. 20.), Szentdemeterre (1609. júl. 20.). Báthori Gábor uralkodásának utolsó napjaiban újból főkövet a Portán Borsos Tamással együtt (1613). Új adománylevelet nyert fiaival együtt a szovátai ősi székely örökségeikre Báthori Gábortól (1609. júl. 20.; okt. 17.). Marosszék főkapitánya (1615). Bethlen Gábor főlovászmestere, többször volt fejedelmi követ a portán (1613–29), a fejedelemtől kapta adományba Kelementelkét (1628). A régi udvarházat (1532-ben épült) átépítette reneszánsz stílusban, új épületszárnyat, falakat, bástyákat, felvonóhídas kapuépületet emeltetett (1617–). Halála után a fia, ifj. B. F. építette tovább és fejezte be a kastély építését (1635). A későbbi tulajdonosok a Hallerek, Eszterháziak, Révaiak, gr. Traunné és gr. Toldalagi Ferenc. A legendás Balássi-Gyulaffy-kastélynak ma már csak a helye van meg Szentdemeteren. <br /><strong>Irod.:</strong> B. Nagy Margit 1973; Biró Vencel: Erdély követei a Portán (Kv., 1921); Dávid László; Fekete; Időtár 1.; Keresztes 1995; Keresztes Gyula: Örökségünk 41.: A szentdemeteri kastély (Nú., 1993. júl. 2.); Keresztes Gyula: Örökségünk 64.: Udvarházak Kisküküllő völgyében (Nú., 1994. okt. 1.); Kőváry; M. Nemzet tört.; Nagy-Bodó Tibor: Az erdélyi építészettörténetünk egyik nagy vesztessége (Központ, 2016. ápr. 14–20.); Orbán Balázs; Pálmay; Sepsiszéki; Szekeres Adél: Ludas a XV – XVIII. század között (Nú., 1996. márc. 13.); Szekeres Adél: A marosludasi Belső-telep rövid története (Nú., 1997. márc. 11.); Szováta</br></p>

<p>Szentdemeter, ? † 1621. jan. 4.: székely primor, portai követ, főlovászmester. – B. Mihály marosszéki és udvarhelyszéki főkapitány fia. Felesége: Harinai Farkas Krisztina. Gyermekeik: Ferenc, László, Erzsébet Gyulaffi Lászlóné és Miklós. – Udvarhelyszéken volt királybíró, székkapitány, fejedelmi főtizedárendátor, az országos tanács tagja, állandó portai követ. Báthori Gábor portai követe (1607), szolgálataiért fejedelemtől kapta a ludasi birtokot [&hellip;]</p>
