{"id":1953,"date":"2025-06-28T11:59:04","date_gmt":"2025-06-28T09:59:04","guid":{"rendered":"https:\/\/uj.adatbank.ro\/lexikon\/termek\/balassy-rezso-balazsy-rezso-2\/"},"modified":"2025-06-28T11:59:04","modified_gmt":"2025-06-28T09:59:04","slug":"balassy-rezso-balazsy-rezso-2","status":"publish","type":"product","link":"https:\/\/uj.adatbank.ro\/lexikon\/termek\/balassy-rezso-balazsy-rezso-2\/","title":{"rendered":"BAL\u00c1SSY Rezs\u0151, Bal\u00e1zsy Rezs\u0151"},"content":{"rendered":"<p>Mv., 1911. aug. 29., \u2020\u00a0Mv., 1985. febr. 4.: jog\u00e1sz, dr. \u2013 B. Rezs\u0151 \u00e9s Pepelovics Erzs\u00e9bet fia. Feles\u00e9ge: Orb\u00e1n \u00c9va Julianna (Mv., 1913. \u00e1pr. 14. \u2013Mv., 1998. j\u00fan. 30.). Esk\u00fcv\u0151 (1939. jan. 3.). Gyermekeik: B. P\u00e9ter (Bp., 1944. okt. 23. \u2013); B. \u00c9va Erika (Mv., 1947. j\u00fal. 13.-Cuneo (Olaszo), 1989. aug. 26., eltemett\u00e9k Saviglianoban); B. Judit Margit (Mv., 1952. j\u00fal. 24. \u2013). \u2013 A mv.-i Ref. Koll.-ban \u00e9retts\u00e9gizett (1929). A kv.-i Egyetem Jog- \u00e9s \u00c1llamtud. Kar\u00e1ra iratkozott be, al\u00e1\u00edrta azt a beadv\u00e1nyt, amelyben az Egyetem vezet\u0151s\u00e9g\u00e9t\u0151l egy, nemzetis\u00e9gi alapon szervez\u0151d\u0151, m. di\u00e1kegyes\u00fclet l\u00e9trehoz\u00e1s\u00e1t k\u00e9rt\u00e9k (1930. m\u00e1rc. 16.). A 30-as \u00e9vek elej\u00e9n \u00e1tvette a kv.-i Ellenz\u00e9k c. napilap mv.-i Bolyai utc\u00e1ban lev\u0151 kiad\u00f3hivatala vezet\u00e9s\u00e9t. H\u00e1zass\u00e1gk\u00f6t\u00e9se ut\u00e1n Bp.-en egy faipari c\u00e9g tisztvisel\u0151je (1939. jan. \u2013), majd a M. \u00c1ltal\u00e1nos Hitelbank alkalmazta \u00e9s Nagyberezn\u00e1ra (ma Velikij Bereznij, Ukrajna), a bank helyi fi\u00f3kj\u00e1hoz ker\u00fclt. Beh\u00edvt\u00e1k katonai szolg\u00e1latra (1940), \u00e9s a hajm\u00e1sk\u00e9ri kik\u00e9pz\u00e9s ut\u00e1n r\u00e9szt vesz az erd\u00e9lyi bevonul\u00e1sban, leszerel\u00e9se ut\u00e1n hazat\u00e9rtek, befejezte tanulm\u00e1nyait (1943. szept.), a v\u00e1rosh\u00e1z\u00e1n volt tisztvisel\u0151. Mozg\u00f3s\u00edtott\u00e1k m\u00e1sodszor (1944 v\u00e9ge), amikor Gy\u0151rszabadhegyen teljes\u00edt szolg\u00e1latot. Ism\u00e9t Bp.-en \u00e9ltek, a Csall\u00f3k\u00f6zben \u00e9rte a csal\u00e1dot a h\u00e1bor\u00fa v\u00e9ge. Visszat\u00e9rt\u00fck ut\u00e1n Mv.-en h\u00e1zukat kifosztva tal\u00e1l\u00e1lt\u00e1k. A Transsylvania vajgy\u00e1rban, a k\u00e9s\u0151bbi tejbegy\u0171jt\u0151- \u00e9s feldolgoz\u00f3 v\u00e1llalatn\u00e1l kapott \u00e1ll\u00e1st nyugd\u00edjaz\u00e1s\u00e1ig. <br \/><strong>Irod.:<\/strong> csal\u00e1di inf. dr. Bal\u00e1ssy P\u00e9tert\u0151l; [Nekrol\u00f3g] (V. Z., 1985. febr. 6.); Sipos<\/br><\/p>\n","protected":false},"excerpt":{"rendered":"<p>Mv., 1911. aug. 29., \u2020\u00a0Mv., 1985. febr. 4.: jog\u00e1sz, dr. \u2013 B. Rezs\u0151 \u00e9s Pepelovics Erzs\u00e9bet fia. Feles\u00e9ge: Orb\u00e1n \u00c9va Julianna (Mv., 1913. \u00e1pr. 14. \u2013Mv., 1998. j\u00fan. 30.). Esk\u00fcv\u0151 (1939. jan. 3.). Gyermekeik: B. P\u00e9ter (Bp., 1944. okt. 23. \u2013); B. \u00c9va Erika (Mv., 1947. j\u00fal. 13.-Cuneo (Olaszo), 1989. aug. 26., eltemett\u00e9k Saviglianoban); B. [&hellip;]<\/p>\n","protected":false},"featured_media":0,"comment_status":"open","ping_status":"closed","template":"","meta":[],"product_brand":[],"product_cat":[137],"product_tag":[],"class_list":{"0":"post-1953","1":"product","2":"type-product","3":"status-publish","5":"product_cat-maros-megyei-eletrajzi-lexikon","7":"first","8":"instock","9":"shipping-taxable","10":"product-type-simple"},"_links":{"self":[{"href":"https:\/\/uj.adatbank.ro\/lexikon\/wp-json\/wp\/v2\/product\/1953","targetHints":{"allow":["GET"]}}],"collection":[{"href":"https:\/\/uj.adatbank.ro\/lexikon\/wp-json\/wp\/v2\/product"}],"about":[{"href":"https:\/\/uj.adatbank.ro\/lexikon\/wp-json\/wp\/v2\/types\/product"}],"replies":[{"embeddable":true,"href":"https:\/\/uj.adatbank.ro\/lexikon\/wp-json\/wp\/v2\/comments?post=1953"}],"wp:attachment":[{"href":"https:\/\/uj.adatbank.ro\/lexikon\/wp-json\/wp\/v2\/media?parent=1953"}],"wp:term":[{"taxonomy":"product_brand","embeddable":true,"href":"https:\/\/uj.adatbank.ro\/lexikon\/wp-json\/wp\/v2\/product_brand?post=1953"},{"taxonomy":"product_cat","embeddable":true,"href":"https:\/\/uj.adatbank.ro\/lexikon\/wp-json\/wp\/v2\/product_cat?post=1953"},{"taxonomy":"product_tag","embeddable":true,"href":"https:\/\/uj.adatbank.ro\/lexikon\/wp-json\/wp\/v2\/product_tag?post=1953"}],"curies":[{"name":"wp","href":"https:\/\/api.w.org\/{rel}","templated":true}]}}